I/ActivityThread(11046): Pub com.miui.gallery.provider: com.miui.gallery.provider.GalleryProvider
D/ (11046): file: /data/sdcard
I/ActivityManager( 365): Start proc android.process.media for content provider com.android.providers.media/.MediaProvider: pid=11060 uid=10029 gids={1015, 1023, 1024, 2001, 3003, 3007}
I/ActivityThread(11060): Pub downloads: com.android.providers.downloads.DownloadProvider
I/ActivityThread(11060): Pub drm: com.android.providers.drm.DrmProvider
I/DownloadManager(11060): in removeSpuriousFiles
I/ActivityThread(11060): Pub media: com.android.providers.media.MediaProvider
D/dalvikvm(11060): GC_CONCURRENT freed 185K, 4% free 8932K/9223K, paused 1ms+1ms
D/DefaultImages(11046): skip: already init default images
E/PhonePolicy(11046): Could not preload class for phone policy: com.android.internal.policy.impl.PhoneWindow$ContextMenuCallback
D/dalvikvm(11046): GC_CONCURRENT freed 208K, 4% free 9227K/9543K, paused 2ms+1ms
V/com.miui.gallery.ui.GradualTextView(11046): non-support set single line
V/StateManager(11046): startState class com.miui.gallery.app.AlbumSetPage
D/dalvikvm(11046): GC_FOR_ALLOC freed 71K, 3% free 9275K/9543K, paused 7ms
I/dalvikvm-heap(11046): Grow heap (frag case) to 9.687MB for 614416-byte allocation
D/dalvikvm(11046): GC_CONCURRENT freed 1K, 4% free 9873K/10183K, paused 1ms+1ms
D/dalvikvm(11046): GC_FOR_ALLOC freed 27K, 3% free 9891K/10183K, paused 7ms
I/dalvikvm-heap(11046): Grow heap (frag case) to 10.625MB for 967372-byte allocation
D/dalvikvm(11046): GC_CONCURRENT freed <1K, 3% free 10836K/11143K, paused 1ms+1ms
I/textrendering(11046): SK_SCALAR_IS_FLOAT
D/TextLayoutCache(11046): Using debug level: 0 - Debug Enabled: 0
D/Gallery.MultiSetSync(11046): onSyncDone: ************ #pending=0
D/Gallery.MultiSetSync(11046): request sync: ************
V/PhoneStatusBar( 659): setLightsOn(true)
D/libEGL (11046): loaded /system/lib/egl/libGLES_android.so
D/libEGL (11046): loaded /system/lib/egl/libEGL_adreno200.so
D/libEGL (11046): loaded /system/lib/egl/libGLESv1_CM_adreno200.so
D/libEGL (11046): loaded /system/lib/egl/libGLESv2_adreno200.so
D/OpenGLRenderer(11046): Enabling debug mode 0
I/GalleryEGLConfigChooser(11046): Config chosen: R5 G6 B5 A0 D24 S8 ID3 CAVEAT12344
I/GLRootView(11046): onSurfaceChanged: 480x816, gl10: com.google.android.gles_jni.GLImpl@2c00b660
I/GLRootView(11046): layout content pane 480x816
D/dalvikvm(11046): GC_FOR_ALLOC freed 94K, 2% free 11028K/11207K, paused 12ms
I/ActivityManager( 365): Displayed com.miui.gallery/.app.Gallery: +1s553ms
W/IInputConnectionWrapper(10948): showStatusIcon on inactive InputConnection
W/InputManagerService( 365): Starting input on non-focused client com.android.internal.view.IInputMethodClient$Stub$Proxy@2c40efa0 (uid=10008 pid=10948)
D/dalvikvm(11046): GC_CONCURRENT freed 656K, 7% free 11086K/11847K, paused 1ms+1ms
D/dalvikvm(11046): GC_FOR_ALLOC freed 323K, 5% free 11422K/11975K, paused 10ms
D/dalvikvm(11046): GC_FOR_ALLOC freed 446K, 5% free 11762K/12359K, paused 12ms
D/dalvikvm(11046): GC_FOR_ALLOC freed 458K, 6% free 12191K/12871K, paused 10ms
D/dalvikvm(11046): GC_FOR_ALLOC freed 492K, 5% free 12721K/13383K, paused 11ms
D/dalvikvm(11046): GC_CONCURRENT freed 2205K, 17% free 11784K/14151K, paused 1ms+2ms
D/dalvikvm(11046): GC_CONCURRENT freed 805K, 16% free 11919K/14151K, paused 2ms+2ms
D/dalvikvm( 365): GC_EXPLICIT freed 684K, 43% free 19970K/34567K, paused 2ms+8ms
D/dalvikvm(11046): GC_CONCURRENT freed 454K, 13% free 12434K/14151K, paused 9ms+1ms
D/dalvikvm(11046): GC_CONCURRENT freed 588K, 8% free 13103K/14151K, paused 2ms+2ms
D/dalvikvm(11046): GC_FOR_ALLOC freed 463K, 6% free 13761K/14599K, paused 10ms
D/dalvikvm(11046): GC_FOR_ALLOC freed 732K, 9% free 14150K/15495K, paused 10ms
D/dalvikvm(11046): GC_FOR_ALLOC freed 663K, 10% free 14543K/16071K, paused 11ms
D/dalvikvm(11060): GC_EXPLICIT freed 186K, 3% free 9089K/9351K, paused 0ms+2ms
I/dalvikvm(11046): threadid=16: recursive native library load attempt (/system/lib/libmedia_jni.so)
D/MtpDeviceJNI(11046): register_android_mtp_MtpDevice
I/dalvikvm(11046): threadid=16: recursive native library load attempt (/system/lib/libmedia_jni.so)
I/dalvikvm(11046): threadid=16: recursive native library load attempt (/system/lib/libmedia_jni.so)
I/dalvikvm(11046): threadid=16: recursive native library load attempt (/system/lib/libmedia_jni.so)
V/StateManager(11046): startStateForResult class com.miui.gallery.app.AlbumPage, 1
E/MetadataRetrieverClient( 172): failed to extract an album art
E/MediaMetadataRetrieverJNI(11046): getEmbeddedPicture: Call to getEmbeddedPicture failed.
I/OMXCodec( 172): [OMX.google.h264.decoder] AVC profile = 66 (Baseline), level = 31
I/OMXCodec( 172): [OMX.google.h264.decoder] video dimensions are 320 x 240
I/OMXCodec( 172): [OMX.google.h264.decoder] Crop rect is 320 x 240 @ (0, 0)
I/OMXCodec( 172): [OMX.google.h264.decoder] video dimensions are 1280 x 720
I/OMXCodec( 172): [OMX.google.h264.decoder] Crop rect is 1280 x 720 @ (0, 0)
D/AlbumPage(11046): onSyncDone: ****** result=0
I/GLRootView(11046): layout content pane 480x816
D/dalvikvm(11046): GC_FOR_ALLOC freed 3651K, 28% free 11821K/16327K, paused 17ms
D/dalvikvm(11046): GC_CONCURRENT freed 1485K, 31% free 11346K/16327K, paused 2ms+2ms
D/dalvikvm(11046): GC_FOR_ALLOC freed 29K, 31% free 11342K/16327K, paused 12ms
I/dalvikvm-heap(11046): Grow heap (frag case) to 12.876MB for 1843216-byte allocation
D/dalvikvm(11046): GC_FOR_ALLOC freed <1K, 28% free 13141K/18183K, paused 11ms
D/dalvikvm(11046): GC_CONCURRENT freed <1K, 27% free 13321K/18183K, paused 1ms+2ms
D/dalvikvm(11046): GC_CONCURRENT freed 1412K, 26% free 13457K/18183K, paused 2ms+2ms
D/dalvikvm(11046): GC_CONCURRENT freed 2937K, 34% free 12113K/18183K, paused 1ms+2ms
D/dalvikvm(11046): GC_CONCURRENT freed 851K, 32% free 12397K/18183K, paused 1ms+2ms
D/dalvikvm(11046): GC_CONCURRENT freed 1039K, 31% free 12553K/18183K, paused 1ms+2ms
D/dalvikvm( 750): GC_EXPLICIT freed <1K, 3% free 8827K/9095K, paused 2ms+1ms
D/dalvikvm(11046): GC_FOR_ALLOC freed 813K, 30% free 12887K/18183K, paused 11ms
D/dalvikvm(11046): GC_CONCURRENT freed 1191K, 29% free 13052K/18183K, paused 103ms+2ms
D/kernel ( 163): [ 2992.717071] bq27520 0-0055: bq27520_handle_soc_worker() capacity=16 (16) flags=0x129 ctrl_status=0x28b soh_state=0x3, valid=1
I/ActivityManager( 365): START {dat=content://media/external/images/media/600 cmp=com.android.contacts/.activities.CropPhotoAcitvity bnds=[23,274][143,394] (has extras)} from pid 10948
D/OpenGLRenderer(11046): Flushing caches (mode 1)
W/dalvikvm(10948): 55987216 byte allocation exceeds the 50331648 byte maximum heap size
I/dalvikvm-heap(10948): Forcing collection of SoftReferences for 55987216-byte allocation
D/skia (11046): --- gOptions_mCancelID
D/skia (11046): --- gOptions_mCancelID
D/dalvikvm(10948): GC_BEFORE_OOM freed 2033K, 16% free 14470K/17031K, paused 40ms
E/dalvikvm-heap(10948): Out of memory on a 55987216-byte allocation.
I/dalvikvm(10948): "main" prio=5 tid=1 RUNNABLE
I/dalvikvm(10948): | group="main" sCount=0 dsCount=0 obj=0x2b543478 self=0x12b68
I/dalvikvm(10948): | sysTid=10948 nice=0 sched=0/0 cgrp=default handle=716170408
I/dalvikvm(10948): | schedstat=( 0 0 0 ) utm=189 stm=64 core=0
I/dalvikvm(10948): at android.graphics.BitmapFactory.nativeDecodeStream(Native Method)
I/dalvikvm(10948): at android.graphics.BitmapFactory.decodeStream(BitmapFactory.java:500)
I/dalvikvm(10948): at android.graphics.BitmapFactory.decodeFile(BitmapFactory.java:306)
I/dalvikvm(10948): at android.graphics.BitmapFactory.decodeFile(BitmapFactory.java:331)
I/dalvikvm(10948): at com.android.contacts.editor.ImageLoader.getBitmapFromFile(ImageLoader.java:21)
I/dalvikvm(10948): at com.android.contacts.activities.CropPhotoAcitvity.getBitmap(CropPhotoAcitvity.java:105)
I/dalvikvm(10948): at com.android.contacts.activities.CropPhotoAcitvity.onCreate(CropPhotoAcitvity.java:69)
I/dalvikvm(10948): at android.app.Activity.performCreate(Activity.java:4465)
I/dalvikvm(10948): at android.app.Instrumentation.callActivityOnCreate(Instrumentation.java:1049)
I/dalvikvm(10948): at android.app.ActivityThread.performLaunchActivity(ActivityThread.java:1931)
I/dalvikvm(10948): at android.app.ActivityThread.handleLaunchActivity(ActivityThread.java:1992)
I/dalvikvm(10948): at android.app.ActivityThread.access$600(ActivityThread.java:127)
I/dalvikvm(10948): at android.app.ActivityThread$H.handleMessage(ActivityThread.java:1158)
I/dalvikvm(10948): at android.os.Handler.dispatchMessage(Handler.java:99)
I/dalvikvm(10948): at android.os.Looper.loop(Looper.java:137)
I/dalvikvm(10948): at android.app.ActivityThread.main(ActivityThread.java:4441)
I/dalvikvm(10948): at java.lang.reflect.Method.invokeNative(Native Method)
I/dalvikvm(10948): at java.lang.reflect.Method.invoke(Method.java:511)
I/dalvikvm(10948): at com.android.internal.os.ZygoteInit$MethodAndArgsCaller.run(ZygoteInit.java:784)
I/dalvikvm(10948): at com.android.internal.os.ZygoteInit.main(ZygoteInit.java:551)
I/dalvikvm(10948): at dalvik.system.NativeStart.main(Native Method)
I/dalvikvm(10948):
D/skia (10948): --- decoder->decode returned false
D/AndroidRuntime(10948): Shutting down VM
W/dalvikvm(10948): threadid=1: thread exiting with uncaught exception (group=0x2b542210)
E/AndroidRuntime(10948): FATAL EXCEPTION: main
E/AndroidRuntime(10948): java.lang.RuntimeException: Unable to start activity ComponentInfo{com.android.contacts/com.android.contacts.activities.CropPhotoAcitvity}: java.lang.NullPointerException: println needs a message
E/AndroidRuntime(10948): at android.app.ActivityThread.performLaunchActivity(ActivityThread.java:1967)
E/AndroidRuntime(10948): at android.app.ActivityThread.handleLaunchActivity(ActivityThread.java:1992)
E/AndroidRuntime(10948): at android.app.ActivityThread.access$600(ActivityThread.java:127)
E/AndroidRuntime(10948): at android.app.ActivityThread$H.handleMessage(ActivityThread.java:1158)
E/AndroidRuntime(10948): at android.os.Handler.dispatchMessage(Handler.java:99)
E/AndroidRuntime(10948): at android.os.Looper.loop(Looper.java:137)
E/AndroidRuntime(10948): at android.app.ActivityThread.main(ActivityThread.java:4441)
E/AndroidRuntime(10948): at java.lang.reflect.Method.invokeNative(Native Method)
E/AndroidRuntime(10948): at java.lang.reflect.Method.invoke(Method.java:511)
E/AndroidRuntime(10948): at com.android.internal.os.ZygoteInit$MethodAndArgsCaller.run(ZygoteInit.java:784)
E/AndroidRuntime(10948): at com.android.internal.os.ZygoteInit.main(ZygoteInit.java:551)
E/AndroidRuntime(10948): at dalvik.system.NativeStart.main(Native Method)
E/AndroidRuntime(10948): Caused by: java.lang.NullPointerException: println needs a message
E/AndroidRuntime(10948): at android.util.Log.println_native(Native Method)
E/AndroidRuntime(10948): at android.util.Log.e(Log.java:231)
E/AndroidRuntime(10948): at com.android.contacts.editor.ImageLoader.getBitmapFromFile(ImageLoader.java:25)
E/AndroidRuntime(10948): at com.android.contacts.activities.CropPhotoAcitvity.getBitmap(CropPhotoAcitvity.java:105)
E/AndroidRuntime(10948): at com.android.contacts.activities.CropPhotoAcitvity.onCreate(CropPhotoAcitvity.java:69)
E/AndroidRuntime(10948): at android.app.Activity.performCreate(Activity.java:4465)
E/AndroidRuntime(10948): at android.app.Instrumentation.callActivityOnCreate(Instrumentation.java:1049)
E/AndroidRuntime(10948): at android.app.ActivityThread.performLaunchActivity(ActivityThread.java:1931)
E/AndroidRuntime(10948): ... 11 more
V/PhoneStatusBar( 659): setLightsOn(true)
W/ActivityManager( 365): Force finishing activity com.android.contacts/.activities.CropPhotoAcitvity
W/ActivityManager( 365): Force finishing activity com.android.contacts/.activities.ContactEditorActivity
V/PhoneStatusBar( 659): setLightsOn(true)
W/ActivityManager( 365): Activity pause timeout for ActivityRecord{2be57b60 com.android.contacts/.activities.CropPhotoAcitvity}
I/Process (10948): Sending signal. PID: 10948 SIG: 9
V/PhoneStatusBar( 659): setLightsOn(true)
I/WindowManager( 365): WIN DEATH: Window{2c94b9d0 com.android.contacts/com.android.contacts.activities.PeopleActivity paused=false}
I/ActivityManager( 365): Process com.android.contacts (pid 10948) has died.
E/kernel ( 163): [ 2997.219299] binder: release proc 10948, transaction 600599, not freed
I/WindowManager( 365): WIN DEATH: Window{2c96f4c8 com.android.contacts/com.android.contacts.activities.ContactDetailActivity paused=false}
I/WindowManager( 365): WIN DEATH: Window{2c976cd8 com.android.contacts/com.android.contacts.activities.ContactEditorActivity paused=false}
W/ActivityManager( 365): Force removing ActivityRecord{2be8c0b0 com.android.contacts/.activities.ContactDetailActivity}: app died, no saved state
I/ActivityManager( 365): Start proc com.android.contacts for activity com.android.contacts/.activities.PeopleActivity: pid=11092 uid=10008 gids={3003, 1015}
D/OpenGLRenderer(11046): Flushing caches (mode 0)
D/dalvikvm(11092): GC_CONCURRENT freed 177K, 3% free 8939K/9159K, paused 2ms+0ms
D/AccountTypeManager(11092): Registering external account type=ro.weednet.contactssync, packageName=ro.weednet.contactssync
D/AccountTypeManager(11092): Registering external account type=com.miui.auth, packageName=com.miui.cloudservice
D/dalvikvm(11092): GC_CONCURRENT freed 201K, 4% free 9169K/9479K, paused 2ms+1ms
D/AccountTypeManager(11092): Registering 1 extension packages
I/AccountTypeManager(11092): Loaded meta-data for 6 account types, 4 accounts in 182ms(wall) 54ms(cpu)
E/PhonePolicy(11092): Could not preload class for phone policy: com.android.internal.policy.impl.PhoneWindow$ContextMenuCallback
I/ContactsIntentResolver(11092): Called with action: android.intent.action.MAIN
D/dalvikvm(11092): GC_CONCURRENT freed 147K, 3% free 9419K/9671K, paused 2ms+1ms
I/textrendering(11092): SK_SCALAR_IS_FLOAT
D/dalvikvm(11092): GC_CONCURRENT freed 102K, 3% free 9723K/9927K, paused 1ms+2ms
D/TextLayoutCache(11092): Using debug level: 0 - Debug Enabled: 0
V/PhoneStatusBar( 659): setLightsOn(true)
D/libEGL (11092): loaded /system/lib/egl/libGLES_android.so
D/libEGL (11092): loaded /system/lib/egl/libEGL_adreno200.so
D/libEGL (11092): loaded /system/lib/egl/libGLESv1_CM_adreno200.so
D/libEGL (11092): loaded /system/lib/egl/libGLESv2_adreno200.so
D/OpenGLRenderer(11092): Enabling debug mode 0
I/ActivityManager( 365): Displayed com.android.contacts/.activities.PeopleActivity: +1s370ms (total +5s610ms)
D/dalvikvm(11092): GC_CONCURRENT freed 175K, 3% free 10035K/10311K, paused 3ms+5ms
D/dalvikvm(11092): GC_CONCURRENT freed 142K, 3% free 10335K/10567K, paused 1ms+1ms
D/OpenGLRenderer(11046): Flushing caches (mode 2)
D/OpenGLRenderer(11046): Flushing caches (mode 0)
I/ActivityManager( 365): Process android.process.media (pid 11060) has died.
V/StateManager(11046): destroy
I/ActivityManager( 365): START {act=android.intent.action.MAIN cat=[android.intent.category.HOME] flg=0x10200000 cmp=com.miui.home/.launcher.Launcher} from pid 365
D/OpenGLRenderer(11092): Flushing caches (mode 1)
D/PhoneStatusBar( 659): disable: < expand icons alerts ticker system_info back home recent clock > D/OpenGLRenderer(11092): Flushing caches (mode 0)
V/PhoneStatusBar( 659): setLightsOn(true)
W/InputManagerService( 365): Starting input on non-focused client com.android.internal.view.IInputMethodClient$Stub$Proxy@2bf0e960 (uid=10008 pid=11092)
D/OpenGLRenderer(11092): Flushing caches (mode 2)
D/OpenGLRenderer(11092): Flushing caches (mode 0)
V/ContactPhotoManager(11092): Preloaded 25 photos. Cached bytes: 173118