D/alogcat ( 9435): stopping ...
V/alogcat ( 9435): destroyed
D/alogcat ( 9435): stopped
E/DataRouter( 1826): DrReadUsbStatus returns false USB is offline
E/DataRouter( 1826): DrReadUsbStatus returns false USB is offline
D/StatusBar.NetworkController( 2279): updateTelephonySignalStrength: mSignalStrength == 29(GSM) 16(CDMA)
I/ALSAModule( 1831): Terminated ALSA PLAYBACK device hifi
I/InputReader( 2065): dispatchTouch::touch event's action is 0 (deviceType=0) [pCnt=1, pending(waiting finished signal)=0]
D/ConnectivityService( 2065): getMobileDataEnabled returning true
V/yamaha::media::VolumeCtrl( 1831): VolumeCtrl::createVolume()
V/yamaha::media::VolumeCtrl( 1831): VolumeCtrl::setVolume()
D/yamaha::media::VolumeCtrl( 1831): VolumeCtrl::setVolume() FM Playback: Ready
D/yamaha::media::VolumeCtrl( 1831): VolumeCtrl::setVolume() VoiceCall: Ready
I/InputReader( 2065): dispatchTouch::touch event's action is 1 (deviceType=0) [pCnt=1, pending(waiting finished signal)=0]
D/PowerManagerService( 2065): releaseWakeLockLocked flags=0x0 tag=KEEP_SCREEN_ON_FLAG myUID=1000 myPID=2065 myTID=2172
V/WindowOrientationListener( 2065): nearestRotation : 0 Angle: 350 tilt: 32
E/DataRouter( 1826): DrReadUsbStatus returns false USB is offline
E/DataRouter( 1826): DrReadUsbStatus returns false USB is offline
I/InputReader( 2065): dispatchTouch::touch event's action is 0 (deviceType=0) [pCnt=1, pending(waiting finished signal)=0]
I/InputReader( 2065): dispatchTouch::touch event's action is 1 (deviceType=0) [pCnt=1, pending(waiting finished signal)=0]
I/AudioService( 2065): playSoundEffect() type:0 volume:-1
I/AudioPolicyManagerBase( 1831): getSituationVolume: isBTConnected:0 isHeadConnected:0
I/AudioPolicyManager( 1831): getParamFromPolicy deviceInt = 0, situationInt = 1, situationVolume = 0.300000
I/AudioPolicyManager( 1831): startOutput() output 1, stream 1, session 132
I/AudioFlinger( 1831): start output streamType (0, 1) for 1
V/yamaha::media::VolumeCtrl( 1831): VolumeCtrl::createVolume()
V/yamaha::media::VolumeCtrl( 1831): VolumeCtrl::setVolume()
D/yamaha::media::VolumeCtrl( 1831): VolumeCtrl::setVolume() FM Playback: Ready
D/yamaha::media::VolumeCtrl( 1831): VolumeCtrl::setVolume() VoiceCall: Ready
I/power ( 2065): *** acquire_dvfs_lock : lockType : 1 freq : 1200000
D/PowerManagerService( 2065): acquireDVFSLockLocked : type : DVFS_MIN_LIMIT frequency : 1200000 uid : 1000 pid : 2065 tag : ActivityManager
W/ActivityManager( 2065): mDVFSLock.acquire()
V/yamaha::media::VolumeCtrl( 1831): VolumeCtrl::createVolume()
D/yamaha::media::VolumeCtrl( 1831): Dir0 : AP Playback Music SP (0001h)
D/yamaha::media::VolumeCtrl( 1831): Dir0Att : AP Playback Music SP (0001h)
D/yamaha::media::VolumeCtrl( 1831): DacMaster : AP Playback Music SP (0001h)
D/yamaha::media::VolumeCtrl( 1831): Sp : AP Playback Music SP (FD81h)
V/yamaha::media::VolumeCtrl( 1831): VolumeCtrl::setVolume()
D/yamaha::media::VolumeCtrl( 1831): VolumeCtrl::setVolume() FM Playback: Ready
D/yamaha::media::VolumeCtrl( 1831): VolumeCtrl::setVolume() VoiceCall: Ready
W/ResourceType( 2065): Skipping entry 0x7f040018 in package table 0 because it is not complex!
D/KeyguardViewMediator( 2065): verifyUnlock
W/KeyguardViewMediator( 2065): verifyUnlock called when not externally disabled
W/ResourceType( 2065): Skipping entry 0x7f04001b in package table 0 because it is not complex!
I/ALSAModule( 1831): Initialized ALSA PLAYBACK device hifi
E/PhonePolicy( 7018): Could not preload class for phone policy: com.android.internal.policy.impl.PhoneWindow$ContextMenuCallback
D/OpenGLRenderer( 3048): Flushing caches (mode 1)
V/NFC ( 7018): this device does not have NFC support
D/PowerManagerService( 2065): acquireDVFSLockLocked : type : DVFS_MIN_LIMIT frequency : 1200000 uid : 1000 pid : 2065 tag : ActivityManager
W/ActivityManager( 2065): mDVFSLock.acquire()
D/OpenGLRenderer( 3048): Flushing caches (mode 0)
D/TextLayoutCache( 7018): Using debug level: 0 - Debug Enabled: 0
I/AudioPolicyManager( 1831): stopOutput() output 1, stream 1, session 132
I/AudioFlinger( 1831): stop output streamType (0, 1) for 1
D/dalvikvm( 7018): GC_CONCURRENT freed 289K, 4% free 9288K/9607K, paused 1ms+2ms
E/DataRouter( 1826): DrReadUsbStatus returns false USB is offline
E/DataRouter( 1826): DrReadUsbStatus returns false USB is offline
E/AlarmManagerService( 2065): android_server_AlarmManagerService_set to type=3, 2661.893000000
D/KeyguardUpdateMonitor( 2065): received broadcast android.intent.action.TIME_TICK
D/KeyguardUpdateMonitor( 2065): handleTimeUpdate
D/SiMiClock( 3841): onUpdate
D/SiMiClock( 3841): onUpdate - 28
D/dalvikvm( 5071): GC_EXPLICIT freed 207K, 5% free 8720K/9159K, paused 2ms+2ms
D/libEGL ( 7018): loaded /system/lib/egl/libEGL_mali.so
D/libEGL ( 7018): loaded /system/lib/egl/libGLESv1_CM_mali.so
D/libEGL ( 7018): loaded /system/lib/egl/libGLESv2_mali.so
D/ ( 7018): Device driver API match
D/ ( 7018): Device driver API version: 10
D/ ( 7018): User space API version: 10
D/ ( 7018): mali: REVISION=Linux-r2p4-02rel0 BUILD_DATE=Mon Mar 5 09:47:55 KST 2012
D/OpenGLRenderer( 7018): Enabling debug mode 0
D/CLIPBOARD( 3048): Hide Clipboard dialog at Starting input: finished by someone else... !
D/dalvikvm( 7018): GC_CONCURRENT freed 181K, 3% free 9597K/9863K, paused 1ms+2ms
I/power ( 2065): *** release_dvfs_lock : lockType : 1
D/PowerManagerService( 2065): releaseDVFSLockLocked : all DVFS_MIN_LIMIT are released
W/ActivityManager( 2065): mDVFSLock.release()
W/InputMethodManager( 7018): Ignoring onBind: cur seq=116, given seq=115
V/yamaha::media::VolumeCtrl( 1831): VolumeCtrl::createVolume()
D/yamaha::media::VolumeCtrl( 1831): Dir0 : AP Playback Music SP (0001h)
D/yamaha::media::VolumeCtrl( 1831): Dir0Att : AP Playback Music SP (0001h)
D/yamaha::media::VolumeCtrl( 1831): DacMaster : AP Playback Music SP (0001h)
D/yamaha::media::VolumeCtrl( 1831): Sp : AP Playback Music SP (FD81h)
V/yamaha::media::VolumeCtrl( 1831): VolumeCtrl::setVolume()
D/yamaha::media::VolumeCtrl( 1831): VolumeCtrl::setVolume() FM Playback: Ready
D/yamaha::media::VolumeCtrl( 1831): VolumeCtrl::setVolume() VoiceCall: Ready
D/dalvikvm( 7018): GC_CONCURRENT freed 124K, 2% free 10068K/10247K, paused 2ms+3ms
I/Gmail ( 7018): Sending notification intent: Intent { act=android.intent.action.PROVIDER_CHANGED dat=content://gmail-ls/unread/^i (has extras) }
I/ggheart ( 3048): onStop
D/dalvikvm( 2279): GC_CONCURRENT freed 1930K, 42% free 12479K/21319K, paused 1ms+4ms
E/DataRouter( 1826): DrReadUsbStatus returns false USB is offline
E/DataRouter( 1826): DrReadUsbStatus returns false USB is offline
I/InputReader( 2065): dispatchTouch::touch event's action is 0 (deviceType=0) [pCnt=1, pending(waiting finished signal)=0]
E/AlarmManagerService( 2065): android_server_AlarmManagerService_set to type=3, 2700.000000000
E/AlarmManagerService( 2065): android_server_AlarmManagerService_set to type=3, 2669.896000000
I/InputReader( 2065): dispatchTouch::touch event's action is 1 (deviceType=0) [pCnt=1, pending(waiting finished signal)=0]
I/InputReader( 2065): dispatchTouch::touch event's action is 0 (deviceType=0) [pCnt=1, pending(waiting finished signal)=0]
I/InputReader( 2065): dispatchTouch::touch event's action is 1 (deviceType=0) [pCnt=1, pending(waiting finished signal)=0]
I/ALSAModule( 1831): Terminated ALSA PLAYBACK device hifi
V/yamaha::media::VolumeCtrl( 1831): VolumeCtrl::createVolume()
V/yamaha::media::VolumeCtrl( 1831): VolumeCtrl::setVolume()
D/yamaha::media::VolumeCtrl( 1831): VolumeCtrl::setVolume() FM Playback: Ready
D/yamaha::media::VolumeCtrl( 1831): VolumeCtrl::setVolume() VoiceCall: Ready
I/InputReader( 2065): dispatchTouch::touch event's action is 0 (deviceType=0) [pCnt=1, pending(waiting finished signal)=0]
I/InputReader( 2065): dispatchTouch::touch event's action is 1 (deviceType=0) [pCnt=1, pending(waiting finished signal)=0]
I/AudioService( 2065): playSoundEffect() type:0 volume:-1
I/AudioPolicyManagerBase( 1831): getSituationVolume: isBTConnected:0 isHeadConnected:0
I/AudioPolicyManager( 1831): getParamFromPolicy deviceInt = 0, situationInt = 1, situationVolume = 0.300000
I/AudioPolicyManager( 1831): startOutput() output 1, stream 1, session 133
I/AudioFlinger( 1831): start output streamType (0, 1) for 1
V/yamaha::media::VolumeCtrl( 1831): VolumeCtrl::createVolume()
V/yamaha::media::VolumeCtrl( 1831): VolumeCtrl::setVolume()
D/yamaha::media::VolumeCtrl( 1831): VolumeCtrl::setVolume() FM Playback: Ready
D/yamaha::media::VolumeCtrl( 1831): VolumeCtrl::setVolume() VoiceCall: Ready
V/yamaha::media::VolumeCtrl( 1831): VolumeCtrl::createVolume()
D/yamaha::media::VolumeCtrl( 1831): Dir0 : AP Playback Music SP (0001h)
D/yamaha::media::VolumeCtrl( 1831): Dir0Att : AP Playback Music SP (0001h)
D/yamaha::media::VolumeCtrl( 1831): DacMaster : AP Playback Music SP (0001h)
D/yamaha::media::VolumeCtrl( 1831): Sp : AP Playback Music SP (FD81h)
V/yamaha::media::VolumeCtrl( 1831): VolumeCtrl::setVolume()
D/yamaha::media::VolumeCtrl( 1831): VolumeCtrl::setVolume() FM Playback: Ready
D/yamaha::media::VolumeCtrl( 1831): VolumeCtrl::setVolume() VoiceCall: Ready
I/ALSAModule( 1831): Initialized ALSA PLAYBACK device hifi
I/AudioPolicyManager( 1831): stopOutput() output 1, stream 1, session 133
E/DataRouter( 1826): DrReadUsbStatus returns false USB is offline
E/DataRouter( 1826): DrReadUsbStatus returns false USB is offline
I/AudioFlinger( 1831): stop output streamType (0, 1) for 1
I/InputReader( 2065): dispatchTouch::touch event's action is 0 (deviceType=0) [pCnt=1, pending(waiting finished signal)=0]
I/InputReader( 2065): dispatchTouch::touch event's action is 1 (deviceType=0) [pCnt=1, pending(waiting finished signal)=0]
I/AudioService( 2065): playSoundEffect() type:0 volume:-1
I/AudioPolicyManagerBase( 1831): getSituationVolume: isBTConnected:0 isHeadConnected:0
I/AudioPolicyManager( 1831): getParamFromPolicy deviceInt = 0, situationInt = 1, situationVolume = 0.300000
I/AudioPolicyManager( 1831): startOutput() output 1, stream 1, session 134
I/AudioFlinger( 1831): start output streamType (0, 1) for 1
W/InputManagerService( 2065): Window already focused, ignoring focus gain of: com.android.internal.view.IInputMethodClient$Stub$Proxy@4202e2f0
D/dalvikvm( 7018): GC_CONCURRENT freed 546K, 6% free 10310K/10951K, paused 2ms+4ms
I/AudioPolicyManager( 1831): stopOutput() output 1, stream 1, session 134
I/AudioFlinger( 1831): stop output streamType (0, 1) for 1
W/WifiStateTracker( 2065): getNetworkInfo : NetworkInfo: type: WIFI[], state: CONNECTED/CONNECTED, reason: (unspecified), extra: (none), roaming: false, failover: false, isAvailable: true
E/AlarmManagerService( 2065): android_server_AlarmManagerService_set to type=2, 2694.802000000
I/Gmail ( 7018): MainSyncRequestProto: lowestBkwdConvoId: 0, highestHandledServerOp: 3754103, normalSync: true
V/yamaha::media::VolumeCtrl( 1831): VolumeCtrl::createVolume()
D/yamaha::media::VolumeCtrl( 1831): Dir0 : AP Playback Music SP (0001h)
D/yamaha::media::VolumeCtrl( 1831): Dir0Att : AP Playback Music SP (0001h)
D/yamaha::media::VolumeCtrl( 1831): DacMaster : AP Playback Music SP (0001h)
D/yamaha::media::VolumeCtrl( 1831): Sp : AP Playback Music SP (FD81h)
V/yamaha::media::VolumeCtrl( 1831): VolumeCtrl::setVolume()
D/yamaha::media::VolumeCtrl( 1831): VolumeCtrl::setVolume() FM Playback: Ready
D/yamaha::media::VolumeCtrl( 1831): VolumeCtrl::setVolume() VoiceCall: Ready
D/InputReader( 2065): Input event: value=1
E/DataRouter( 1826): DrReadUsbStatus returns false USB is offline
E/DataRouter( 1826): DrReadUsbStatus returns false USB is offline
D/InputReader( 2065): Input event: value=0
I/power ( 2065): *** acquire_dvfs_lock : lockType : 1 freq : 1200000
D/PowerManagerService( 2065): acquireDVFSLockLocked : type : DVFS_MIN_LIMIT frequency : 1200000 uid : 1000 pid : 2065 tag : ActivityManager
W/ActivityManager( 2065): mDVFSLock.acquire()
I/DemoService( 3048): DiyScheduer.onStart
I/ggheart ( 3048): onStart
I/dalvikvm( 7018): Jit: resizing JitTable from 4096 to 8192
V/PhoneStatusBar( 2279): setLightsOn(true)
W/InputManagerService( 2065): Starting input on non-focused client com.android.internal.view.IInputMethodClient$Stub$Proxy@41d32220 (uid=10027 pid=7018)
D/OpenGLRenderer( 7018): Flushing caches (mode 0)
W/WifiStateTracker( 2065): getNetworkInfo : NetworkInfo: type: WIFI[], state: CONNECTED/CONNECTED, reason: (unspecified), extra: (none), roaming: false, failover: false, isAvailable: true
W/WifiStateTracker( 2065): getNetworkInfo : NetworkInfo: type: WIFI[], state: CONNECTED/CONNECTED, reason: (unspecified), extra: (none), roaming: false, failover: false, isAvailable: true
W/WifiStateTracker( 2065): getNetworkInfo : NetworkInfo: type: WIFI[], state: CONNECTED/CONNECTED, reason: (unspecified), extra: (none), roaming: false, failover: false, isAvailable: true
D/dalvikvm( 7018): GC_CONCURRENT freed 770K, 8% free 10385K/11207K, paused 2ms+4ms
I/power ( 2065): *** release_dvfs_lock : lockType : 1
D/PowerManagerService( 2065): releaseDVFSLockLocked : all DVFS_MIN_LIMIT are released
W/ActivityManager( 2065): mDVFSLock.release()
D/OpenGLRenderer( 7018): Flushing caches (mode 1)
D/dalvikvm( 7018): GC_EXPLICIT freed 668K, 10% free 10142K/11207K, paused 2ms+4ms
I/Gmail ( 7018): MainSyncRequestProto: lowestBkwdConvoId: 0, highestHandledServerOp: 3754205, normalSync: true
D/dalvikvm( 7018): GC_EXPLICIT freed 27K, 10% free 10135K/11207K, paused 2ms+3ms
W/Gmail ( 7018): Scheduling index for 300000 ms from now
I/InputReader( 2065): dispatchTouch::touch event's action is 0 (deviceType=0) [pCnt=1, pending(waiting finished signal)=0]
D/ConnectivityService( 2065): getMobileDataEnabled returning true
D/dalvikvm( 2065): GC_EXPLICIT freed 1840K, 26% free 22429K/30151K, paused 3ms+8ms
I/Gmail ( 7018): MainSyncRequestProto: lowestBkwdConvoId: 0, highestHandledServerOp: 3754205, normalSync: true
I/InputReader( 2065): dispatchTouch::touch event's action is 1 (deviceType=0) [pCnt=1, pending(waiting finished signal)=0]
I/ALSAModule( 1831): Terminated ALSA PLAYBACK device hifi
V/WindowOrientationListener( 2065): nearestRotation : 0 Angle: 355 tilt: 23
E/DataRouter( 1826): DrReadUsbStatus returns false USB is offline
E/DataRouter( 1826): DrReadUsbStatus returns false USB is offline
V/yamaha::media::VolumeCtrl( 1831): VolumeCtrl::createVolume()
V/yamaha::media::VolumeCtrl( 1831): VolumeCtrl::setVolume()
D/yamaha::media::VolumeCtrl( 1831): VolumeCtrl::setVolume() FM Playback: Ready
D/yamaha::media::VolumeCtrl( 1831): VolumeCtrl::setVolume() VoiceCall: Ready
D/dalvikvm( 7018): GC_EXPLICIT freed 453K, 9% free 10203K/11207K, paused 9ms+4ms
I/Gmail ( 7018): MainSyncRequestProto: lowestBkwdConvoId: 0, highestHandledServerOp: 3754215, normalSync: true
W/Gmail ( 7018): Scheduling index for 300000 ms from now
I/Gmail ( 7018): Sending notification intent: Intent { act=android.intent.action.PROVIDER_CHANGED dat=content://gmail-ls/unread/^iim (has extras) }
W/WifiStateTracker( 2065): getNetworkInfo : NetworkInfo: type: WIFI[], state: CONNECTED/CONNECTED, reason: (unspecified), extra: (none), roaming: false, failover: false, isAvailable: true
I/InputReader( 2065): dispatchTouch::touch event's action is 0 (deviceType=0) [pCnt=1, pending(waiting finished signal)=0]
I/InputReader( 2065): dispatchTouch::touch event's action is 1 (deviceType=0) [pCnt=1, pending(waiting finished signal)=0]
I/AudioService( 2065): playSoundEffect() type:0 volume:-1
I/AudioPolicyManagerBase( 1831): getSituationVolume: isBTConnected:0 isHeadConnected:0
I/AudioPolicyManager( 1831): getParamFromPolicy deviceInt = 0, situationInt = 1, situationVolume = 0.300000
I/AudioPolicyManager( 1831): startOutput() output 1, stream 1, session 135
I/AudioFlinger( 1831): start output streamType (0, 1) for 1
V/yamaha::media::VolumeCtrl( 1831): VolumeCtrl::createVolume()
V/yamaha::media::VolumeCtrl( 1831): VolumeCtrl::setVolume()
D/yamaha::media::VolumeCtrl( 1831): VolumeCtrl::setVolume() FM Playback: Ready
D/yamaha::media::VolumeCtrl( 1831): VolumeCtrl::setVolume() VoiceCall: Ready
V/yamaha::media::VolumeCtrl( 1831): VolumeCtrl::createVolume()
D/yamaha::media::VolumeCtrl( 1831): Dir0 : AP Playback Music SP (0001h)
D/yamaha::media::VolumeCtrl( 1831): Dir0Att : AP Playback Music SP (0001h)
D/yamaha::media::VolumeCtrl( 1831): DacMaster : AP Playback Music SP (0001h)
D/yamaha::media::VolumeCtrl( 1831): Sp : AP Playback Music SP (FD81h)
V/yamaha::media::VolumeCtrl( 1831): VolumeCtrl::setVolume()
D/yamaha::media::VolumeCtrl( 1831): VolumeCtrl::setVolume() FM Playback: Ready
D/yamaha::media::VolumeCtrl( 1831): VolumeCtrl::setVolume() VoiceCall: Ready
I/ALSAModule( 1831): Initialized ALSA PLAYBACK device hifi
I/AudioPolicyManager( 1831): stopOutput() output 1, stream 1, session 135
I/AudioFlinger( 1831): stop output streamType (0, 1) for 1
W/InputManagerService( 2065): Window already focused, ignoring focus gain of: com.android.internal.view.IInputMethodClient$Stub$Proxy@41a8ec68
V/PhoneStatusBar( 2279): setLightsOn(true)
E/DataRouter( 1826): DrReadUsbStatus returns false USB is offline
E/DataRouter( 1826): DrReadUsbStatus returns false USB is offline
D/dalvikvm( 2279): GC_CONCURRENT freed 1838K, 43% free 12180K/21319K, paused 2ms+5ms
E/AlarmManagerService( 2065): android_server_AlarmManagerService_set to type=3, 2700.000000000
E/AlarmManagerService( 2065): android_server_AlarmManagerService_set to type=3, 2677.898000000
V/yamaha::media::VolumeCtrl( 1831): VolumeCtrl::createVolume()
D/yamaha::media::VolumeCtrl( 1831): Dir0 : AP Playback Music SP (0001h)
D/yamaha::media::VolumeCtrl( 1831): Dir0Att : AP Playback Music SP (0001h)
D/yamaha::media::VolumeCtrl( 1831): DacMaster : AP Playback Music SP (0001h)
D/yamaha::media::VolumeCtrl( 1831): Sp : AP Playback Music SP (FD81h)
V/yamaha::media::VolumeCtrl( 1831): VolumeCtrl::setVolume()
D/yamaha::media::VolumeCtrl( 1831): VolumeCtrl::setVolume() FM Playback: Ready
D/yamaha::media::VolumeCtrl( 1831): VolumeCtrl::setVolume() VoiceCall: Ready
I/wpa_supplicant( 2276): wlan0: WPA: Group reke
I/LlamaDroid( 3569): IntentReceiver.onReceive
I/LlamaDroid( 3569): Service already started
I/LlamaDroid( 3569): Intent Action is android.net.wifi.supplicant.STATE_CHANGE
I/LlamaDroid( 3569): WifiCond: Wifi state is GROUP_HANDSHAKE
I/LlamaDroid( 3569): IntentProfile: android.net.wifi.supplicant.STATE_CHANGE = 1ms
I/LlamaDroid( 3569): SW-RtcWakeLock: RtcWakeLock wakelock not held
I/LlamaDroid( 3569): IntentReceiver.onReceive
I/LlamaDroid( 3569): Service already started
I/LlamaDroid( 3569): Intent Action is android.net.wifi.supplicant.STATE_CHANGE
I/LlamaDroid( 3569): WifiCond: Wifi state is COMPLETED
I/LlamaDroid( 3569): WifiCond: Not triggering wifi connect, it's the same network as last time
I/LlamaDroid( 3569): IntentProfile: android.net.wifi.supplicant.STATE_CHANGE = 3ms
I/LlamaDroid( 3569): SW-RtcWakeLock: RtcWakeLock wakelock not held
D/BatteryService( 2065): update start
D/BatteryService( 2065): level:98 scale:100 status:3 health:2 present:true voltage: 3970 temperature: 310 technology: Li-ion AC powered:false USB powered:false icon:17302806 invalid charger:0
D/KeyguardUpdateMonitor( 2065): received broadcast android.intent.action.BATTERY_CHANGED
D/KeyguardUpdateMonitor( 2065): handleBatteryUpdate
D/UiModeManager( 2065): mLastBroadcastState = 0mCarModeEnabled = falseisDeskDockState(mDockState) = false
V/UiModeManager( 2065): updateLocked: null action, mDockState=0, firing homeIntent: null
D/UiModeManager( 2065): updateConfigurationLocked: mDockState=0; mCarMode=false; mNightMode=0; uiMode=17
I/LlamaDroid( 3569): IntentReceiver.onReceive
I/LlamaDroid( 3569): Service already started
I/LlamaDroid( 3569): Intent Action is android.intent.action.BATTERY_CHANGED
I/LlamaDroid( 3569): Service exists, preparing for OnBatteryEvent
I/LlamaDroid( 3569): BatteryReceiver.onReceive Extra_plugged was 0, extraStatus was 3
I/LlamaDroid( 3569): TestEvent: StateChange triggertype=12 got 0 triggerable events.
I/LlamaDroid( 3569): Events to Enqueue 0
I/LlamaDroid( 3569): IntentProfile: android.intent.action.BATTERY_CHANGED = 21ms
I/LlamaDroid( 3569): SW-RtcWakeLock: RtcWakeLock wakelock not held
D/SyncService( 3358): onReceive: android.intent.action.BATTERY_CHANGED
D/SiMiClock( 3841): onUpdate
D/SiMiClock( 3841): onUpdate - 28
D/dalvikvm( 3358): GC_CONCURRENT freed 384K, 6% free 8925K/9479K, paused 14ms+17ms
D/dalvikvm( 3841): GC_CONCURRENT freed 418K, 7% free 8176K/8775K, paused 0ms+1ms
E/DataRouter( 1826): DrReadUsbStatus returns false USB is offline
E/DataRouter( 1826): DrReadUsbStatus returns false USB is offline
I/ALSAModule( 1831): Terminated ALSA PLAYBACK device hifi
V/yamaha::media::VolumeCtrl( 1831): VolumeCtrl::createVolume()
V/yamaha::media::VolumeCtrl( 1831): VolumeCtrl::setVolume()
D/yamaha::media::VolumeCtrl( 1831): VolumeCtrl::setVolume() FM Playback: Ready
D/yamaha::media::VolumeCtrl( 1831): VolumeCtrl::setVolume() VoiceCall: Ready
E/DataRouter( 1826): DrReadUsbStatus returns false USB is offline
E/DataRouter( 1826): DrReadUsbStatus returns false USB is offline
E/lights ( 2065): write_int: path /sys/devices/virtual/sec/sec_touchkey/brightness, value 2
I/PowerManagerService( 2065): Ulight 7->3|0
D/PowerManagerService( 2065): setLightBrightness : mButtonLight : 0
W/PowerManagerService( 2065): Timer 0x7->0x3|0x0
E/DataRouter( 1826): DrReadUsbStatus returns false USB is offline
E/DataRouter( 1826): DrReadUsbStatus returns false USB is offline
I/InputReader( 2065): dispatchTouch::touch event's action is 0 (deviceType=0) [pCnt=1, pending(waiting finished signal)=0]
I/PowerManagerService( 2065): Ulight 3->7|0
D/PowerManagerService( 2065): setLightBrightness : mButtonLight : 40
E/lights ( 2065): write_int: path /sys/devices/virtual/sec/sec_touchkey/brightness, value 1
I/InputReader( 2065): dispatchTouch::touch event's action is 1 (deviceType=0) [pCnt=1, pending(waiting finished signal)=0]
I/AudioService( 2065): playSoundEffect() type:0 volume:-1
I/AudioPolicyManagerBase( 1831): getSituationVolume: isBTConnected:0 isHeadConnected:0
I/AudioPolicyManager( 1831): getParamFromPolicy deviceInt = 0, situationInt = 1, situationVolume = 0.300000
I/AudioPolicyManager( 1831): startOutput() output 1, stream 1, session 136
I/AudioFlinger( 1831): start output streamType (0, 1) for 1
V/yamaha::media::VolumeCtrl( 1831): VolumeCtrl::createVolume()
V/yamaha::media::VolumeCtrl( 1831): VolumeCtrl::setVolume()
D/yamaha::media::VolumeCtrl( 1831): VolumeCtrl::setVolume() FM Playback: Ready
D/yamaha::media::VolumeCtrl( 1831): VolumeCtrl::setVolume() VoiceCall: Ready
I/power ( 2065): *** acquire_dvfs_lock : lockType : 1 freq : 1200000
D/PowerManagerService( 2065): acquireDVFSLockLocked : type : DVFS_MIN_LIMIT frequency : 1200000 uid : 1000 pid : 2065 tag : ActivityManager
W/ActivityManager( 2065): mDVFSLock.acquire()
V/yamaha::media::VolumeCtrl( 1831): VolumeCtrl::createVolume()
D/yamaha::media::VolumeCtrl( 1831): Dir0 : AP Playback Music SP (0001h)
D/yamaha::media::VolumeCtrl( 1831): Dir0Att : AP Playback Music SP (0001h)
D/yamaha::media::VolumeCtrl( 1831): DacMaster : AP Playback Music SP (0001h)
D/yamaha::media::VolumeCtrl( 1831): Sp : AP Playback Music SP (FD81h)
V/yamaha::media::VolumeCtrl( 1831): VolumeCtrl::setVolume()
D/yamaha::media::VolumeCtrl( 1831): VolumeCtrl::setVolume() FM Playback: Ready
D/yamaha::media::VolumeCtrl( 1831): VolumeCtrl::setVolume() VoiceCall: Ready
I/ALSAModule( 1831): Initialized ALSA PLAYBACK device hifi
I/MmsSmsDatabaseHelper( 2349): Deleted 0 obsolete threads
I/AudioPolicyManager( 1831): stopOutput() output 1, stream 1, session 136
I/AudioFlinger( 1831): stop output streamType (0, 1) for 1
W/ResourceType( 2065): Skipping entry 0x7f040018 in package table 0 because it is not complex!
D/OpenGLRenderer( 3048): Flushing caches (mode 0)
W/ResourceType( 2065): Skipping entry 0x7f04001b in package table 0 because it is not complex!
V/PhoneStatusBar( 2279): setLightsOn(true)
D/CLIPBOARD( 3048): Hide Clipboard dialog at Starting input: finished by someone else... !
D/OpenGLRenderer( 3048): Flushing caches (mode 1)
V/yamaha::media::VolumeCtrl( 1831): VolumeCtrl::createVolume()
D/yamaha::media::VolumeCtrl( 1831): Dir0 : AP Playback Music SP (0001h)
D/yamaha::media::VolumeCtrl( 1831): Dir0Att : AP Playback Music SP (0001h)
D/yamaha::media::VolumeCtrl( 1831): DacMaster : AP Playback Music SP (0001h)
D/yamaha::media::VolumeCtrl( 1831): Sp : AP Playback Music SP (FD81h)
V/yamaha::media::VolumeCtrl( 1831): VolumeCtrl::setVolume()
D/yamaha::media::VolumeCtrl( 1831): VolumeCtrl::setVolume() FM Playback: Ready
D/yamaha::media::VolumeCtrl( 1831): VolumeCtrl::setVolume() VoiceCall: Ready
I/power ( 2065): *** release_dvfs_lock : lockType : 1
D/PowerManagerService( 2065): releaseDVFSLockLocked : all DVFS_MIN_LIMIT are released
W/ActivityManager( 2065): mDVFSLock.release()
I/ggheart ( 3048): onStop
E/DataRouter( 1826): DrReadUsbStatus returns false USB is offline
E/DataRouter( 1826): DrReadUsbStatus returns false USB is offline
V/WindowOrientationListener( 2065): nearestRotation : 0 Angle: 352 tilt: 34
E/AlarmManagerService( 2065): android_server_AlarmManagerService_set to type=3, 2700.000000000
E/AlarmManagerService( 2065): android_server_AlarmManagerService_set to type=3, 2685.904000000
E/DataRouter( 1826): DrReadUsbStatus returns false USB is offline
E/DataRouter( 1826): DrReadUsbStatus returns false USB is offline
I/ALSAModule( 1831): Terminated ALSA PLAYBACK device hifi
V/yamaha::media::VolumeCtrl( 1831): VolumeCtrl::createVolume()
V/yamaha::media::VolumeCtrl( 1831): VolumeCtrl::setVolume()
D/yamaha::media::VolumeCtrl( 1831): VolumeCtrl::setVolume() FM Playback: Ready
D/yamaha::media::VolumeCtrl( 1831): VolumeCtrl::setVolume() VoiceCall: Ready
I/InputReader( 2065): dispatchTouch::touch event's action is 0 (deviceType=0) [pCnt=1, pending(waiting finished signal)=0]
I/InputReader( 2065): dispatchTouch::touch event's action is 1 (deviceType=0) [pCnt=1, pending(waiting finished signal)=0]
I/AudioService( 2065): playSoundEffect() type:0 volume:-1
I/AudioPolicyManagerBase( 1831): getSituationVolume: isBTConnected:0 isHeadConnected:0
I/AudioPolicyManager( 1831): getParamFromPolicy deviceInt = 0, situationInt = 1, situationVolume = 0.300000
I/AudioPolicyManager( 1831): startOutput() output 1, stream 1, session 137
I/AudioFlinger( 1831): start output streamType (0, 1) for 1
V/yamaha::media::VolumeCtrl( 1831): VolumeCtrl::createVolume()
V/yamaha::media::VolumeCtrl( 1831): VolumeCtrl::setVolume()
D/yamaha::media::VolumeCtrl( 1831): VolumeCtrl::setVolume() FM Playback: Ready
D/yamaha::media::VolumeCtrl( 1831): VolumeCtrl::setVolume() VoiceCall: Ready
I/power ( 2065): *** acquire_dvfs_lock : lockType : 1 freq : 1200000
D/PowerManagerService( 2065): acquireDVFSLockLocked : type : DVFS_MIN_LIMIT frequency : 1200000 uid : 1000 pid : 2065 tag : ActivityManager
W/ActivityManager( 2065): mDVFSLock.acquire()
V/yamaha::media::VolumeCtrl( 1831): VolumeCtrl::createVolume()
D/yamaha::media::VolumeCtrl( 1831): Dir0 : AP Playback Music SP (0001h)
D/yamaha::media::VolumeCtrl( 1831): Dir0Att : AP Playback Music SP (0001h)
D/yamaha::media::VolumeCtrl( 1831): DacMaster : AP Playback Music SP (0001h)
D/yamaha::media::VolumeCtrl( 1831): Sp : AP Playback Music SP (FD81h)
V/yamaha::media::VolumeCtrl( 1831): VolumeCtrl::setVolume()
D/yamaha::media::VolumeCtrl( 1831): VolumeCtrl::setVolume() FM Playback: Ready
D/yamaha::media::VolumeCtrl( 1831): VolumeCtrl::setVolume() VoiceCall: Ready
I/ALSAModule( 1831): Initialized ALSA PLAYBACK device hifi
D/dalvikvm( 7813): GC_CONCURRENT freed 537K, 7% free 11340K/12167K, paused 2ms+8ms
V/PhoneStatusBar( 2279): setLightsOn(true)
I/AudioPolicyManager( 1831): stopOutput() output 1, stream 1, session 137
I/AudioFlinger( 1831): stop output streamType (0, 1) for 1
D/OpenGLRenderer( 7813): Flushing caches (mode 0)
E/DataRouter( 1826): DrReadUsbStatus returns false USB is offline
E/DataRouter( 1826): DrReadUsbStatus returns false USB is offline
I/power ( 2065): *** release_dvfs_lock : lockType : 1
D/PowerManagerService( 2065): releaseDVFSLockLocked : all DVFS_MIN_LIMIT are released
W/ActivityManager( 2065): mDVFSLock.release()
V/yamaha::media::VolumeCtrl( 1831): VolumeCtrl::createVolume()
D/yamaha::media::VolumeCtrl( 1831): Dir0 : AP Playback Music SP (0001h)
D/yamaha::media::VolumeCtrl( 1831): Dir0Att : AP Playback Music SP (0001h)
D/yamaha::media::VolumeCtrl( 1831): DacMaster : AP Playback Music SP (0001h)
D/yamaha::media::VolumeCtrl( 1831): Sp : AP Playback Music SP (FD81h)
V/yamaha::media::VolumeCtrl( 1831): VolumeCtrl::setVolume()
D/yamaha::media::VolumeCtrl( 1831): VolumeCtrl::setVolume() FM Playback: Ready
D/yamaha::media::VolumeCtrl( 1831): VolumeCtrl::setVolume() VoiceCall: Ready
I/InputReader( 2065): dispatchTouch::touch event's action is 0 (deviceType=0) [pCnt=1, pending(waiting finished signal)=0]
I/InputReader( 2065): dispatchTouch::touch event's action is 1 (deviceType=0) [pCnt=1, pending(waiting finished signal)=0]
I/power ( 2065): *** acquire_dvfs_lock : lockType : 2 freq : 800000
D/PowerManagerService( 2065): acquireDVFSLockLocked : type : DVFS_MAX_LIMIT frequency : 800000 uid : 1000 pid : 2065 tag : InputManagerService
D/dalvikvm( 2331): GC_CONCURRENT freed 1296K, 20% free 9361K/11591K, paused 2ms+4ms
D/PowerManagerService( 2065): mIsSipVisible : true
D/dalvikvm( 2331): GC_FOR_ALLOC freed 163K, 20% free 9355K/11591K, paused 74ms
I/dalvikvm-heap( 2331): Grow heap (frag case) to 9.755MB for 622096-byte allocation
D/dalvikvm( 2279): GC_CONCURRENT freed 1564K, 44% free 12104K/21319K, paused 1ms+13ms
D/dalvikvm( 2331): GC_CONCURRENT freed 83K, 15% free 9879K/11591K, paused 2ms+2ms
I/InputReader( 2065): dispatchTouch::touch event's action is 0 (deviceType=0) [pCnt=1, pending(waiting finished signal)=0]
I/InputReader( 2065): dispatchTouch::touch event's action is 1 (deviceType=0) [pCnt=1, pending(waiting finished signal)=0]
E/DataRouter( 1826): DrReadUsbStatus returns false USB is offline
E/DataRouter( 1826): DrReadUsbStatus returns false USB is offline
I/InputReader( 2065): dispatchTouch::touch event's action is 0 (deviceType=0) [pCnt=1, pending(waiting finished signal)=0]
I/InputReader( 2065): dispatchTouch::touch event's action is 1 (deviceType=0) [pCnt=1, pending(waiting finished signal)=0]
I/InputReader( 2065): dispatchTouch::touch event's action is 0 (deviceType=0) [pCnt=1, pending(waiting finished signal)=0]
I/InputReader( 2065): dispatchTouch::touch event's action is 1 (deviceType=0) [pCnt=1, pending(waiting finished signal)=0]
I/InputReader( 2065): dispatchTouch::touch event's action is 0 (deviceType=0) [pCnt=1, pending(waiting finished signal)=0]
D/StatusBar.NetworkController( 2279): updateTelephonySignalStrength: mSignalStrength == 30(GSM) 16(CDMA)
I/InputReader( 2065): dispatchTouch::touch event's action is 1 (deviceType=0) [pCnt=1, pending(waiting finished signal)=0]
I/InputReader( 2065): dispatchTouch::touch event's action is 0 (deviceType=0) [pCnt=1, pending(waiting finished signal)=0]
I/InputReader( 2065): dispatchTouch::touch event's action is 1 (deviceType=0) [pCnt=1, pending(waiting finished signal)=0]
I/ALSAModule( 1831): Terminated ALSA PLAYBACK device hifi
V/yamaha::media::VolumeCtrl( 1831): VolumeCtrl::createVolume()
V/yamaha::media::VolumeCtrl( 1831): VolumeCtrl::setVolume()
D/yamaha::media::VolumeCtrl( 1831): VolumeCtrl::setVolume() FM Playback: Ready
D/yamaha::media::VolumeCtrl( 1831): VolumeCtrl::setVolume() VoiceCall: Ready
I/InputReader( 2065): dispatchTouch::touch event's action is 0 (deviceType=0) [pCnt=1, pending(waiting finished signal)=0]
I/InputReader( 2065): dispatchTouch::touch event's action is 1 (deviceType=0) [pCnt=1, pending(waiting finished signal)=0]
I/InputReader( 2065): dispatchTouch::touch event's action is 0 (deviceType=0) [pCnt=1, pending(waiting finished signal)=0]
I/InputReader( 2065): dispatchTouch::touch event's action is 1 (deviceType=0) [pCnt=1, pending(waiting finished signal)=0]
E/DataRouter( 1826): DrReadUsbStatus returns false USB is offline
E/DataRouter( 1826): DrReadUsbStatus returns false USB is offline
E/AlarmManagerService( 2065): android_server_AlarmManagerService_set to type=3, 2700.000000000
E/AlarmManagerService( 2065): android_server_AlarmManagerService_set to type=3, 2693.911000000
I/InputReader( 2065): dispatchTouch::touch event's action is 0 (deviceType=0) [pCnt=1, pending(waiting finished signal)=0]
I/InputReader( 2065): dispatchTouch::touch event's action is 1 (deviceType=0) [pCnt=1, pending(waiting finished signal)=0]
I/InputReader( 2065): dispatchTouch::touch event's action is 0 (deviceType=0) [pCnt=1, pending(waiting finished signal)=1]
I/InputReader( 2065): dispatchTouch::touch event's action is 1 (deviceType=0) [pCnt=1, pending(waiting finished signal)=0]
I/InputReader( 2065): dispatchTouch::touch event's action is 0 (deviceType=0) [pCnt=1, pending(waiting finished signal)=0]
I/InputReader( 2065): dispatchTouch::touch event's action is 1 (deviceType=0) [pCnt=1, pending(waiting finished signal)=0]
I/InputReader( 2065): dispatchTouch::touch event's action is 0 (deviceType=0) [pCnt=1, pending(waiting finished signal)=0]
I/InputReader( 2065): dispatchTouch::touch event's action is 1 (deviceType=0) [pCnt=1, pending(waiting finished signal)=0]
E/DataRouter( 1826): DrReadUsbStatus returns false USB is offline
E/DataRouter( 1826): DrReadUsbStatus returns false USB is offline
V/WindowOrientationListener( 2065): nearestRotation : 0 Angle: 358 tilt: 27
I/InputReader( 2065): dispatchTouch::touch event's action is 0 (deviceType=0) [pCnt=1, pending(waiting finished signal)=0]
I/InputReader( 2065): dispatchTouch::touch event's action is 1 (deviceType=0) [pCnt=1, pending(waiting finished signal)=0]
E/DataRouter( 1826): DrReadUsbStatus returns false USB is offline
E/DataRouter( 1826): DrReadUsbStatus returns false USB is offline
D/StatusBar.NetworkController( 2279): updateTelephonySignalStrength: mSignalStrength == 31(GSM) 16(CDMA)
I/InputReader( 2065): dispatchTouch::touch event's action is 0 (deviceType=0) [pCnt=1, pending(waiting finished signal)=0]
I/InputReader( 2065): dispatchTouch::touch event's action is 1 (deviceType=0) [pCnt=1, pending(waiting finished signal)=0]
I/InputReader( 2065): dispatchTouch::touch event's action is 0 (deviceType=0) [pCnt=1, pending(waiting finished signal)=0]
I/InputReader( 2065): dispatchTouch::touch event's action is 1 (deviceType=0) [pCnt=1, pending(waiting finished signal)=0]
I/InputReader( 2065): dispatchTouch::touch event's action is 0 (deviceType=0) [pCnt=1, pending(waiting finished signal)=0]
I/InputReader( 2065): dispatchTouch::touch event's action is 1 (deviceType=0) [pCnt=1, pending(waiting finished signal)=0]
I/InputReader( 2065): dispatchTouch::touch event's action is 0 (deviceType=0) [pCnt=1, pending(waiting finished signal)=0]
I/InputReader( 2065): dispatchTouch::touch event's action is 1 (deviceType=0) [pCnt=1, pending(waiting finished signal)=0]
I/InputReader( 2065): dispatchTouch::touch event's action is 0 (deviceType=0) [pCnt=1, pending(waiting finished signal)=0]
I/InputReader( 2065): dispatchTouch::touch event's action is 1 (deviceType=0) [pCnt=1, pending(waiting finished signal)=0]
I/InputReader( 2065): dispatchTouch::touch event's action is 0 (deviceType=0) [pCnt=1, pending(waiting finished signal)=0]
I/InputReader( 2065): dispatchTouch::touch event's action is 1 (deviceType=0) [pCnt=1, pending(waiting finished signal)=0]
I/InputReader( 2065): dispatchTouch::touch event's action is 0 (deviceType=0) [pCnt=1, pending(waiting finished signal)=0]
E/DataRouter( 1826): DrReadUsbStatus returns false USB is offline
E/DataRouter( 1826): DrReadUsbStatus returns false USB is offline
I/InputReader( 2065): dispatchTouch::touch event's action is 1 (deviceType=0) [pCnt=1, pending(waiting finished signal)=0]
I/InputReader( 2065): dispatchTouch::touch event's action is 0 (deviceType=0) [pCnt=1, pending(waiting finished signal)=0]
I/InputReader( 2065): dispatchTouch::touch event's action is 1 (deviceType=0) [pCnt=1, pending(waiting finished signal)=0]
I/InputReader( 2065): dispatchTouch::touch event's action is 0 (deviceType=0) [pCnt=1, pending(waiting finished signal)=0]
I/InputReader( 2065): dispatchTouch::touch event's action is 1 (deviceType=0) [pCnt=1, pending(waiting finished signal)=0]
I/AudioService( 2065): playSoundEffect() type:0 volume:-1
I/AudioPolicyManagerBase( 1831): getSituationVolume: isBTConnected:0 isHeadConnected:0
I/AudioPolicyManager( 1831): getParamFromPolicy deviceInt = 0, situationInt = 1, situationVolume = 0.300000
I/AudioPolicyManager( 1831): startOutput() output 1, stream 1, session 138
I/AudioFlinger( 1831): start output streamType (0, 1) for 1
V/yamaha::media::VolumeCtrl( 1831): VolumeCtrl::createVolume()
V/yamaha::media::VolumeCtrl( 1831): VolumeCtrl::setVolume()
D/yamaha::media::VolumeCtrl( 1831): VolumeCtrl::setVolume() FM Playback: Ready
D/yamaha::media::VolumeCtrl( 1831): VolumeCtrl::setVolume() VoiceCall: Ready
I/power ( 2065): *** release_dvfs_lock : lockType : 2
D/PowerManagerService( 2065): releaseDVFSLockLocked : all DVFS_MAX_LIMIT are released
V/yamaha::media::VolumeCtrl( 1831): VolumeCtrl::createVolume()
D/yamaha::media::VolumeCtrl( 1831): Dir0 : AP Playback Music SP (0001h)
D/yamaha::media::VolumeCtrl( 1831): Dir0Att : AP Playback Music SP (0001h)
D/yamaha::media::VolumeCtrl( 1831): DacMaster : AP Playback Music SP (0001h)
D/yamaha::media::VolumeCtrl( 1831): Sp : AP Playback Music SP (FD81h)
V/yamaha::media::VolumeCtrl( 1831): VolumeCtrl::setVolume()
D/yamaha::media::VolumeCtrl( 1831): VolumeCtrl::setVolume() FM Playback: Ready
D/yamaha::media::VolumeCtrl( 1831): VolumeCtrl::setVolume() VoiceCall: Ready
E/DataRouter( 1826): DrReadUsbStatus returns false USB is offline
E/DataRouter( 1826): DrReadUsbStatus returns false USB is offline
I/ALSAModule( 1831): Initialized ALSA PLAYBACK device hifi
D/PowerManagerService( 2065): mIsSipVisible : false
E/AlarmManagerService( 2065): android_server_AlarmManagerService_set to type=3, 2700.000000000
I/AudioPolicyManager( 1831): stopOutput() output 1, stream 1, session 138
I/AudioFlinger( 1831): stop output streamType (0, 1) for 1
D/dalvikvm( 7907): GC_CONCURRENT freed 417K, 7% free 7934K/8519K, paused 0ms+0ms
D/PhoneRestrictionPolicy( 2065): SmsRestrictionPolicy.canOutgoingSms >>>>
D/SmsStorageMonitor( 2349): SMS send size=2 time=1332599074684
D/PhoneRestrictionPolicy( 2065): SmsRestrictionPolicy.canOutgoingSms >>>>
D/SmsStorageMonitor( 2349): SMS send size=3 time=1332599074716
V/yamaha::media::VolumeCtrl( 1831): VolumeCtrl::createVolume()
D/yamaha::media::VolumeCtrl( 1831): Dir0 : AP Playback Music SP (0001h)
D/yamaha::media::VolumeCtrl( 1831): Dir0Att : AP Playback Music SP (0001h)
D/yamaha::media::VolumeCtrl( 1831): DacMaster : AP Playback Music SP (0001h)
D/yamaha::media::VolumeCtrl( 1831): Sp : AP Playback Music SP (FD81h)
V/yamaha::media::VolumeCtrl( 1831): VolumeCtrl::setVolume()
D/yamaha::media::VolumeCtrl( 1831): VolumeCtrl::setVolume() FM Playback: Ready
D/yamaha::media::VolumeCtrl( 1831): VolumeCtrl::setVolume() VoiceCall: Ready
D/dalvikvm( 2349): GC_CONCURRENT freed 406K, 6% free 9041K/9543K, paused 1ms+4ms
E/AlarmManagerService( 2065): android_server_AlarmManagerService_set to type=2, 2700.000000000
V/AlarmManager( 2065): trigger WAKEUP Alarm{4154f430 type 2 android}
W/WifiStateTracker( 2065): getNetworkInfo : NetworkInfo: type: WIFI[], state: CONNECTED/CONNECTED, reason: (unspecified), extra: (none), roaming: false, failover: false, isAvailable: true
W/WifiStateTracker( 2065): getNetworkInfo : NetworkInfo: type: WIFI[], state: CONNECTED/CONNECTED, reason: (unspecified), extra: (none), roaming: false, failover: false, isAvailable: true
W/WifiStateTracker( 2065): getNetworkInfo : NetworkInfo: type: WIFI[], state: CONNECTED/CONNECTED, reason: (unspecified), extra: (none), roaming: false, failover: false, isAvailable: true
I/Gmail ( 7018): MainSyncRequestProto: lowestBkwdConvoId: 0, highestHandledServerOp: 3754215, normalSync: true
W/Gmail ( 7018): Scheduling index for 300000 ms from now
W/WifiStateTracker( 2065): getNetworkInfo : NetworkInfo: type: WIFI[], state: CONNECTED/CONNECTED, reason: (unspecified), extra: (none), roaming: false, failover: false, isAvailable: true
D/dalvikvm( 7907): GC_CONCURRENT freed 355K, 7% free 7962K/8519K, paused 1ms+1ms
E/DataRouter( 1826): DrReadUsbStatus returns false USB is offline
E/DataRouter( 1826): DrReadUsbStatus returns false USB is offline
I/ALSAModule( 1831): Terminated ALSA PLAYBACK device hifi
D/CAT ( 2349): CatService: handleMsg : MSG_ID_SEND_SMS_RESULT
V/yamaha::media::VolumeCtrl( 1831): VolumeCtrl::createVolume()
V/yamaha::media::VolumeCtrl( 1831): VolumeCtrl::setVolume()
D/yamaha::media::VolumeCtrl( 1831): VolumeCtrl::setVolume() FM Playback: Ready
D/yamaha::media::VolumeCtrl( 1831): VolumeCtrl::setVolume() VoiceCall: Ready
E/DataRouter( 1826): DrReadUsbStatus returns false USB is offline
E/DataRouter( 1826): DrReadUsbStatus returns false USB is offline
V/WindowOrientationListener( 2065): nearestRotation : 0 Angle: 355 tilt: 35
D/dalvikvm( 7907): GC_CONCURRENT freed 426K, 8% free 7921K/8519K, paused 1ms+1ms
E/lights ( 2065): write_int: path /sys/devices/virtual/sec/sec_touchkey/brightness, value 2
W/PowerManagerService( 2065): Timer 0x7->0x3|0x0
I/PowerManagerService( 2065): Ulight 7->3|0
D/PowerManagerService( 2065): setLightBrightness : mButtonLight : 0
E/DataRouter( 1826): DrReadUsbStatus returns false USB is offline
E/DataRouter( 1826): DrReadUsbStatus returns false USB is offline
E/AlarmManagerService( 2065): android_server_AlarmManagerService_set to type=2, 2724.842000000
E/AlarmManagerService( 2065): android_server_AlarmManagerService_set to type=3, 2701.913000000
V/AlarmManager( 2065): trigger WAKEUP Alarm{41e39c28 type 2 android}
V/AlarmManager( 2065): trigger WAKEUP Alarm{41d8a830 type 2 android}
D/dalvikvm( 9279): GC_CONCURRENT freed 621K, 8% free 8082K/8775K, paused 1ms+1ms
I/System.out( 9279): Not a DRM File, opening notmally
I/System.out( 9279): buffer returned
D/dalvikvm( 2065): GC_CONCURRENT freed 1998K, 26% free 22404K/30151K, paused 3ms+7ms
D/CAT ( 2349): CatService: handleMsg : MSG_ID_SEND_SMS_RESULT
D/dalvikvm( 2349): GC_CONCURRENT freed 457K, 6% free 9010K/9543K, paused 2ms+3ms
D/dalvikvm( 7813): GC_CONCURRENT freed 1271K, 11% free 11256K/12615K, paused 2ms+5ms
D/dalvikvm( 7907): GC_CONCURRENT freed 360K, 7% free 7947K/8519K, paused 1ms+1ms
I/wpa_supplicant( 2276): wlan0: WPA: Group reke
I/LlamaDroid( 3569): IntentReceiver.onReceive
I/LlamaDroid( 3569): Service already started
I/LlamaDroid( 3569): Intent Action is android.net.wifi.supplicant.STATE_CHANGE
I/LlamaDroid( 3569): WifiCond: Wifi state is GROUP_HANDSHAKE
I/LlamaDroid( 3569): IntentProfile: android.net.wifi.supplicant.STATE_CHANGE = 2ms
I/LlamaDroid( 3569): SW-RtcWakeLock: RtcWakeLock wakelock not held
I/LlamaDroid( 3569): IntentReceiver.onReceive
I/LlamaDroid( 3569): Service already started
I/LlamaDroid( 3569): Intent Action is android.net.wifi.supplicant.STATE_CHANGE
I/LlamaDroid( 3569): WifiCond: Wifi state is COMPLETED
I/LlamaDroid( 3569): WifiCond: Not triggering wifi connect, it's the same network as last time
I/LlamaDroid( 3569): IntentProfile: android.net.wifi.supplicant.STATE_CHANGE = 1ms
I/LlamaDroid( 3569): SW-RtcWakeLock: RtcWakeLock wakelock not held
E/DataRouter( 1826): DrReadUsbStatus returns false USB is offline
E/DataRouter( 1826): DrReadUsbStatus returns false USB is offline
E/AlarmManagerService( 2065): android_server_AlarmManagerService_set to type=3, 2719.777000000
E/AlarmManagerService( 2065): android_server_AlarmManagerService_set to type=3, 2709.915000000
D/dalvikvm( 7813): GC_EXPLICIT freed 196K, 13% free 11084K/12615K, paused 2ms+6ms
E/DataRouter( 1826): DrReadUsbStatus returns false USB is offline
E/DataRouter( 1826): DrReadUsbStatus returns false USB is offline
D/PowerManagerService( 2065): acquireWakeLock flags=0xa tag=KEEP_SCREEN_ON_FLAG uid=1000 pid=2065 myUID=1000 myPID=2065 myTID=2535
E/DataRouter( 1826): DrReadUsbStatus returns false USB is offline
E/DataRouter( 1826): DrReadUsbStatus returns false USB is offline
D/PowerManagerService( 2065): releaseWakeLockLocked flags=0x0 tag=KEEP_SCREEN_ON_FLAG myUID=1000 myPID=2065 myTID=2172
E/DataRouter( 1826): DrReadUsbStatus returns false USB is offline
E/DataRouter( 1826): DrReadUsbStatus returns false USB is offline
V/WindowOrientationListener( 2065): nearestRotation : 0 Angle: 357 tilt: 30
D/PowerManagerService( 2065): acquireWakeLock flags=0xa tag=KEEP_SCREEN_ON_FLAG uid=1000 pid=2065 myUID=1000 myPID=2065 myTID=3028
D/dalvikvm( 7907): GC_CONCURRENT freed 420K, 8% free 7910K/8519K, paused 1ms+0ms
D/dalvikvm( 2349): GC_CONCURRENT freed 429K, 6% free 9018K/9543K, paused 1ms+3ms
E/DataRouter( 1826): DrReadUsbStatus returns false USB is offline
E/DataRouter( 1826): DrReadUsbStatus returns false USB is offline
E/AlarmManagerService( 2065): android_server_AlarmManagerService_set to type=3, 2719.777000000
E/AlarmManagerService( 2065): android_server_AlarmManagerService_set to type=3, 2717.922000000
D/BatteryService( 2065): update start
D/BatteryService( 2065): level:97 scale:100 status:3 health:2 present:true voltage: 4058 temperature: 310 technology: Li-ion AC powered:false USB powered:false icon:17302806 invalid charger:0
W/ProcessStats( 2065): Skipping unknown process pid 9683
W/ProcessStats( 2065): Skipping unknown process pid 9685
W/ProcessStats( 2065): Skipping unknown process pid 9686
W/ProcessStats( 2065): Skipping unknown process pid 9688
D/KeyguardUpdateMonitor( 2065): received broadcast android.intent.action.BATTERY_CHANGED
D/KeyguardUpdateMonitor( 2065): handleBatteryUpdate
D/UiModeManager( 2065): mLastBroadcastState = 0mCarModeEnabled = falseisDeskDockState(mDockState) = false
V/UiModeManager( 2065): updateLocked: null action, mDockState=0, firing homeIntent: null
D/UiModeManager( 2065): updateConfigurationLocked: mDockState=0; mCarMode=false; mNightMode=0; uiMode=17
I/LlamaDroid( 3569): IntentReceiver.onReceive
I/LlamaDroid( 3569): Service already started
I/LlamaDroid( 3569): Intent Action is android.intent.action.BATTERY_CHANGED
I/LlamaDroid( 3569): Service exists, preparing for OnBatteryEvent
I/LlamaDroid( 3569): BatteryReceiver.onReceive Extra_plugged was 0, extraStatus was 3
I/LlamaDroid( 3569): TestEvent: StateChange triggertype=12 got 0 triggerable events.
I/LlamaDroid( 3569): Events to Enqueue 0
I/LlamaDroid( 3569): IntentProfile: android.intent.action.BATTERY_CHANGED = 17ms
I/LlamaDroid( 3569): SW-RtcWakeLock: RtcWakeLock wakelock not held
D/SyncService( 3358): onReceive: android.intent.action.BATTERY_CHANGED
D/PowerManagerService( 2065): releaseWakeLockLocked flags=0x0 tag=KEEP_SCREEN_ON_FLAG myUID=1000 myPID=2065 myTID=2172
D/SiMiClock( 3841): onUpdate
D/SiMiClock( 3841): onUpdate - 28
E/DataRouter( 1826): DrReadUsbStatus returns false USB is offline
E/DataRouter( 1826): DrReadUsbStatus returns false USB is offline
E/AlarmManagerService( 2065): android_server_AlarmManagerService_set to type=1, 1332599674.896000000
I/goggles ( 3454): AuthenticatedService: Allowing authenticated operation for account rendezvous911@gmail.com
W/WifiStateTracker( 2065): getNetworkInfo : NetworkInfo: type: WIFI[], state: CONNECTED/CONNECTED, reason: (unspecified), extra: (none), roaming: false, failover: false, isAvailable: true
D/dalvikvm( 3454): GC_CONCURRENT freed 626K, 9% free 8583K/9351K, paused 1ms+2ms
W/goggles ( 3454): MediaStoreMerger: skipping invalid MediaStore row=content://media/external/images/media/1653
W/goggles ( 3454): MediaStoreMerger: skipping invalid MediaStore row=content://media/external/images/media/12524
D/dalvikvm( 3454): GC_CONCURRENT freed 314K, 7% free 8764K/9351K, paused 1ms+2ms
W/goggles ( 3454): MediaStoreMerger: skipping invalid MediaStore row=content://media/external/images/media/21252
I/goggles ( 3454): FreshnessHelper: Checking for images newer than 1332348837736
E/AlarmManagerService( 2065): android_server_AlarmManagerService_set to type=1, 1332599153.111000000
D/InputReader( 2065): Input event: value=1
E/lights ( 2065): write_int: path /sys/devices/virtual/sec/sec_touchkey/brightness, value 1
I/PowerManagerService( 2065): Ulight 3->7|0
D/PowerManagerService( 2065): setLightBrightness : mButtonLight : 40
D/InputReader( 2065): Input event: value=0
I/power ( 2065): *** acquire_dvfs_lock : lockType : 1 freq : 1200000
D/PowerManagerService( 2065): acquireDVFSLockLocked : type : DVFS_MIN_LIMIT frequency : 1200000 uid : 1000 pid : 2065 tag : ActivityManager
W/ActivityManager( 2065): mDVFSLock.acquire()
V/PhoneStatusBar( 2279): setLightsOn(true)
D/dalvikvm( 2349): GC_EXPLICIT freed 209K, 6% free 8993K/9543K, paused 1ms+1ms
D/OpenGLRenderer( 7813): Flushing caches (mode 0)
I/MmsSmsDatabaseHelper( 2349): Deleted 0 obsolete threads
I/power ( 2065): *** release_dvfs_lock : lockType : 1
D/PowerManagerService( 2065): releaseDVFSLockLocked : all DVFS_MIN_LIMIT are released
W/ActivityManager( 2065): mDVFSLock.release()
D/dalvikvm( 7813): GC_EXPLICIT freed 677K, 12% free 11157K/12615K, paused 1ms+5ms
E/DataRouter( 1826): DrReadUsbStatus returns false USB is offline
E/DataRouter( 1826): DrReadUsbStatus returns false USB is offline
D/InputReader( 2065): Input event: value=1
I/ActivityManager( 2065): moveTaskToBack: 13
D/InputReader( 2065): Input event: value=0
I/power ( 2065): *** acquire_dvfs_lock : lockType : 1 freq : 1200000
D/PowerManagerService( 2065): acquireDVFSLockLocked : type : DVFS_MIN_LIMIT frequency : 1200000 uid : 1000 pid : 2065 tag : ActivityManager
W/ActivityManager( 2065): mDVFSLock.acquire()
I/DemoService( 3048): DiyScheduer.onStart
I/ggheart ( 3048): onStart
W/ResourceType( 2065): Skipping entry 0x7f04001a in package table 0 because it is not complex!
W/ResourceType( 2065): Skipping entry 0x7f040019 in package table 0 because it is not complex!
D/OpenGLRenderer( 7813): Flushing caches (mode 0)
V/PhoneStatusBar( 2279): setLightsOn(true)
W/InputManagerService( 2065): Starting input on non-focused client com.android.internal.view.IInputMethodClient$Stub$Proxy@4209f748 (uid=10015 pid=7813)
