D/OpenGLRenderer( 7813): Flushing caches (mode 1)
I/power ( 2065): *** release_dvfs_lock : lockType : 1
D/PowerManagerService( 2065): releaseDVFSLockLocked : all DVFS_MIN_LIMIT are released
W/ActivityManager( 2065): mDVFSLock.release()
I/InputReader( 2065): dispatchTouch::touch event's action is 0 (deviceType=0) [pCnt=1, pending(waiting finished signal)=0]
I/InputReader( 2065): dispatchTouch::touch event's action is 1 (deviceType=0) [pCnt=1, pending(waiting finished signal)=0]
I/AudioService( 2065): playSoundEffect() type:0 volume:-1
I/AudioPolicyManagerBase( 1831): getSituationVolume: isBTConnected:0 isHeadConnected:0
I/AudioPolicyManager( 1831): getParamFromPolicy deviceInt = 0, situationInt = 1, situationVolume = 0.300000
I/AudioPolicyManager( 1831): startOutput() output 1, stream 1, session 139
I/AudioFlinger( 1831): start output streamType (0, 1) for 1
V/yamaha::media::VolumeCtrl( 1831): VolumeCtrl::createVolume()
V/yamaha::media::VolumeCtrl( 1831): VolumeCtrl::setVolume()
D/yamaha::media::VolumeCtrl( 1831): VolumeCtrl::setVolume() FM Playback: Ready
D/yamaha::media::VolumeCtrl( 1831): VolumeCtrl::setVolume() VoiceCall: Ready
V/yamaha::media::VolumeCtrl( 1831): VolumeCtrl::createVolume()
D/yamaha::media::VolumeCtrl( 1831): Dir0 : AP Playback Music SP (0001h)
D/yamaha::media::VolumeCtrl( 1831): Dir0Att : AP Playback Music SP (0001h)
D/yamaha::media::VolumeCtrl( 1831): DacMaster : AP Playback Music SP (0001h)
D/yamaha::media::VolumeCtrl( 1831): Sp : AP Playback Music SP (FD81h)
V/yamaha::media::VolumeCtrl( 1831): VolumeCtrl::setVolume()
D/yamaha::media::VolumeCtrl( 1831): VolumeCtrl::setVolume() FM Playback: Ready
D/yamaha::media::VolumeCtrl( 1831): VolumeCtrl::setVolume() VoiceCall: Ready
I/ALSAModule( 1831): Initialized ALSA PLAYBACK device hifi
D/dalvikvm( 3048): GC_CONCURRENT freed 1602K, 13% free 25866K/29703K, paused 2ms+17ms
I/AudioPolicyManager( 1831): stopOutput() output 1, stream 1, session 139
I/AudioFlinger( 1831): stop output streamType (0, 1) for 1
E/DataRouter( 1826): DrReadUsbStatus returns false USB is offline
E/DataRouter( 1826): DrReadUsbStatus returns false USB is offline
D/dalvikvm( 3048): GC_FOR_ALLOC freed 1329K, 15% free 25363K/29703K, paused 50ms
V/yamaha::media::VolumeCtrl( 1831): VolumeCtrl::createVolume()
D/yamaha::media::VolumeCtrl( 1831): Dir0 : AP Playback Music SP (0001h)
D/yamaha::media::VolumeCtrl( 1831): Dir0Att : AP Playback Music SP (0001h)
D/yamaha::media::VolumeCtrl( 1831): DacMaster : AP Playback Music SP (0001h)
D/yamaha::media::VolumeCtrl( 1831): Sp : AP Playback Music SP (FD81h)
V/yamaha::media::VolumeCtrl( 1831): VolumeCtrl::setVolume()
D/yamaha::media::VolumeCtrl( 1831): VolumeCtrl::setVolume() FM Playback: Ready
D/yamaha::media::VolumeCtrl( 1831): VolumeCtrl::setVolume() VoiceCall: Ready
I/InputReader( 2065): dispatchTouch::touch event's action is 0 (deviceType=0) [pCnt=1, pending(waiting finished signal)=0]
I/InputReader( 2065): dispatchTouch::touch event's action is 1 (deviceType=0) [pCnt=1, pending(waiting finished signal)=0]
D/dalvikvm( 3048): GC_CONCURRENT freed 1888K, 15% free 25517K/29703K, paused 2ms+3ms
E/DataRouter( 1826): DrReadUsbStatus returns false USB is offline
E/DataRouter( 1826): DrReadUsbStatus returns false USB is offline
V/WindowOrientationListener( 2065): nearestRotation : 0 Angle: 356 tilt: 29
E/AlarmManagerService( 2065): android_server_AlarmManagerService_set to type=3, 2719.777000000
I/ALSAModule( 1831): Terminated ALSA PLAYBACK device hifi
V/yamaha::media::VolumeCtrl( 1831): VolumeCtrl::createVolume()
V/yamaha::media::VolumeCtrl( 1831): VolumeCtrl::setVolume()
D/yamaha::media::VolumeCtrl( 1831): VolumeCtrl::setVolume() FM Playback: Ready
D/yamaha::media::VolumeCtrl( 1831): VolumeCtrl::setVolume() VoiceCall: Ready
E/DataRouter( 1826): DrReadUsbStatus returns false USB is offline
E/DataRouter( 1826): DrReadUsbStatus returns false USB is offline
I/InputReader( 2065): dispatchTouch::touch event's action is 0 (deviceType=0) [pCnt=1, pending(waiting finished signal)=0]
E/AlarmManagerService( 2065): android_server_AlarmManagerService_set to type=3, 2725.923000000
D/KeyguardUpdateMonitor( 2065): received broadcast android.intent.action.TIME_TICK
D/KeyguardUpdateMonitor( 2065): handleTimeUpdate
I/InputReader( 2065): dispatchTouch::touch event's action is 1 (deviceType=0) [pCnt=1, pending(waiting finished signal)=0]
I/power ( 2065): *** acquire_dvfs_lock : lockType : 1 freq : 1200000
D/PowerManagerService( 2065): acquireDVFSLockLocked : type : DVFS_MIN_LIMIT frequency : 1200000 uid : 1000 pid : 2065 tag : ActivityManager
W/ActivityManager( 2065): mDVFSLock.acquire()
D/SiMiClock( 3841): onUpdate
D/SiMiClock( 3841): onUpdate - 28
W/ResourceType( 2065): Skipping entry 0x7f040018 in package table 0 because it is not complex!
W/ResourceType( 2065): Skipping entry 0x7f04001b in package table 0 because it is not complex!
V/alogcat ( 9435): created
V/alogcat ( 9435): started
I/alogcat ( 9435): new intent: android.intent.action.MAIN
D/dalvikvm( 9435): GC_CONCURRENT freed 390K, 10% free 8491K/9415K, paused 0ms+3ms
D/alogcat ( 9435): canceling periodic saves
D/alogcat ( 9435): starting ...
V/alogcat ( 9435): resumed
V/PhoneStatusBar( 2279): setLightsOn(true)
D/PowerManagerService( 2065): acquireWakeLock flags=0xa tag=KEEP_SCREEN_ON_FLAG uid=1000 pid=2065 myUID=1000 myPID=2065 myTID=2503
D/dalvikvm( 2065): JIT code cache reset in 4 ms (1048564 bytes 3/0)
D/dalvikvm( 2065): GC_CONCURRENT freed 1958K, 26% free 22400K/30151K, paused 3ms+14ms
D/OpenGLRenderer( 3048): Flushing caches (mode 1)
W/InputManagerService( 2065): Starting input on non-focused client com.android.internal.view.IInputMethodClient$Stub$Proxy@41bae368 (uid=10167 pid=3048)
D/OpenGLRenderer( 3048): Flushing caches (mode 0)
D/dalvikvm( 9435): GC_CONCURRENT freed 225K, 9% free 8653K/9415K, paused 1ms+5ms
I/power ( 2065): *** release_dvfs_lock : lockType : 1
D/PowerManagerService( 2065): releaseDVFSLockLocked : all DVFS_MIN_LIMIT are released
W/ActivityManager( 2065): mDVFSLock.release()
I/ggheart ( 3048): onStop
E/DataRouter( 1826): DrReadUsbStatus returns false USB is offline
E/DataRouter( 1826): DrReadUsbStatus returns false USB is offline
E/DataRouter( 1826): DrReadUsbStatus returns false USB is offline
E/DataRouter( 1826): DrReadUsbStatus returns false USB is offline
D/PowerManagerService( 2065): releaseWakeLockLocked flags=0x0 tag=KEEP_SCREEN_ON_FLAG myUID=1000 myPID=2065 myTID=2172
E/AlarmManagerService( 2065): android_server_AlarmManagerService_set to type=2, 2913.541000000
V/AlarmManager( 2065): trigger WAKEUP Alarm{41ed7848 type 2 android}
W/WifiStateTracker( 2065): getNetworkInfo : NetworkInfo: type: WIFI[], state: CONNECTED/CONNECTED, reason: (unspecified), extra: (none), roaming: false, failover: false, isAvailable: true
D/InputReader( 2065): Input event: value=1
D/InputReader( 2065): Input event: value=0
I/AudioService( 2065): playSoundEffect() type:0 volume:-1
I/AudioPolicyManagerBase( 1831): getSituationVolume: isBTConnected:0 isHeadConnected:0
I/AudioPolicyManager( 1831): getParamFromPolicy deviceInt = 0, situationInt = 1, situationVolume = 0.300000
I/AudioPolicyManager( 1831): startOutput() output 1, stream 1, session 140
I/AudioFlinger( 1831): start output streamType (0, 1) for 1
V/yamaha::media::VolumeCtrl( 1831): VolumeCtrl::createVolume()
V/yamaha::media::VolumeCtrl( 1831): VolumeCtrl::setVolume()
D/yamaha::media::VolumeCtrl( 1831): VolumeCtrl::setVolume() FM Playback: Ready
D/yamaha::media::VolumeCtrl( 1831): VolumeCtrl::setVolume() VoiceCall: Ready
V/yamaha::media::VolumeCtrl( 1831): VolumeCtrl::createVolume()
D/yamaha::media::VolumeCtrl( 1831): Dir0 : AP Playback Music SP (0001h)
D/yamaha::media::VolumeCtrl( 1831): Dir0Att : AP Playback Music SP (0001h)
D/yamaha::media::VolumeCtrl( 1831): DacMaster : AP Playback Music SP (0001h)
D/yamaha::media::VolumeCtrl( 1831): Sp : AP Playback Music SP (FD81h)
V/yamaha::media::VolumeCtrl( 1831): VolumeCtrl::setVolume()
D/yamaha::media::VolumeCtrl( 1831): VolumeCtrl::setVolume() FM Playback: Ready
D/yamaha::media::VolumeCtrl( 1831): VolumeCtrl::setVolume() VoiceCall: Ready
I/ALSAModule( 1831): Initialized ALSA PLAYBACK device hifi
I/AudioPolicyManager( 1831): stopOutput() output 1, stream 1, session 140
I/AudioFlinger( 1831): stop output streamType (0, 1) for 1
D/StatusBar.NetworkController( 2279): updateTelephonySignalStrength: mSignalStrength == 30(GSM) 16(CDMA)
E/DataRouter( 1826): DrReadUsbStatus returns false USB is offline
E/DataRouter( 1826): DrReadUsbStatus returns false USB is offline
E/AlarmManagerService( 2065): android_server_AlarmManagerService_set to type=3, 2779.777000000
E/AlarmManagerService( 2065): android_server_AlarmManagerService_set to type=3, 2733.928000000
V/yamaha::media::VolumeCtrl( 1831): VolumeCtrl::createVolume()
D/yamaha::media::VolumeCtrl( 1831): Dir0 : AP Playback Music SP (0001h)
D/yamaha::media::VolumeCtrl( 1831): Dir0Att : AP Playback Music SP (0001h)
D/yamaha::media::VolumeCtrl( 1831): DacMaster : AP Playback Music SP (0001h)
D/yamaha::media::VolumeCtrl( 1831): Sp : AP Playback Music SP (FD81h)
V/yamaha::media::VolumeCtrl( 1831): VolumeCtrl::setVolume()
D/yamaha::media::VolumeCtrl( 1831): VolumeCtrl::setVolume() FM Playback: Ready
D/yamaha::media::VolumeCtrl( 1831): VolumeCtrl::setVolume() VoiceCall: Ready
E/DataRouter( 1826): DrReadUsbStatus returns false USB is offline
E/DataRouter( 1826): DrReadUsbStatus returns false USB is offline
V/WindowOrientationListener( 2065): nearestRotation : 0 Angle: 357 tilt: 31
D/dalvikvm( 9435): GC_CONCURRENT freed 397K, 9% free 8646K/9415K, paused 4ms+4ms
I/ALSAModule( 1831): Terminated ALSA PLAYBACK device hifi
V/yamaha::media::VolumeCtrl( 1831): VolumeCtrl::createVolume()
V/yamaha::media::VolumeCtrl( 1831): VolumeCtrl::setVolume()
D/yamaha::media::VolumeCtrl( 1831): VolumeCtrl::setVolume() FM Playback: Ready
D/yamaha::media::VolumeCtrl( 1831): VolumeCtrl::setVolume() VoiceCall: Ready
I/InputReader( 2065): dispatchTouch::touch event's action is 0 (deviceType=0) [pCnt=1, pending(waiting finished signal)=0]
I/InputReader( 2065): dispatchTouch::touch event's action is 1 (deviceType=0) [pCnt=1, pending(waiting finished signal)=0]
D/alogcat ( 9435): saving log to: /sdcard/alogcat/alogcat.2012-03-24-19-25-09+0500.txt
D/dalvikvm( 9435): GC_FOR_ALLOC freed 253K, 9% free 8619K/9415K, paused 31ms
D/dalvikvm( 9435): GC_FOR_ALLOC freed 70K, 9% free 8631K/9415K, paused 24ms
I/dalvikvm-heap( 9435): Grow heap (frag case) to 8.579MB for 126224-byte allocation
D/dalvikvm( 9435): GC_FOR_ALLOC freed 82K, 10% free 8672K/9543K, paused 24ms
D/dalvikvm( 9435): GC_FOR_ALLOC freed 0K, 10% free 8672K/9543K, paused 12ms
I/dalvikvm-heap( 9435): Grow heap (frag case) to 8.679MB for 189332-byte allocation
D/dalvikvm( 9435): GC_FOR_ALLOC freed 123K, 11% free 8734K/9735K, paused 21ms
D/dalvikvm( 9435): GC_FOR_ALLOC freed 0K, 11% free 8734K/9735K, paused 21ms
I/dalvikvm-heap( 9435): Grow heap (frag case) to 8.682MB for 128720-byte allocation
E/DataRouter( 1826): DrReadUsbStatus returns false USB is offline
E/DataRouter( 1826): DrReadUsbStatus returns false USB is offline
D/dalvikvm( 9435): GC_FOR_ALLOC freed <1K, 11% free 8859K/9863K, paused 9ms
D/dalvikvm( 2065): GC_EXPLICIT freed 103K, 26% free 22353K/30151K, paused 5ms+13ms
I/AudioService( 2065): playSoundEffect() type:0 volume:-1
I/AudioPolicyManagerBase( 1831): getSituationVolume: isBTConnected:0 isHeadConnected:0
I/AudioPolicyManager( 1831): getParamFromPolicy deviceInt = 0, situationInt = 1, situationVolume = 0.300000
I/AudioPolicyManager( 1831): startOutput() output 1, stream 1, session 141
I/AudioFlinger( 1831): start output streamType (0, 1) for 1
V/yamaha::media::VolumeCtrl( 1831): VolumeCtrl::createVolume()
V/yamaha::media::VolumeCtrl( 1831): VolumeCtrl::setVolume()
D/yamaha::media::VolumeCtrl( 1831): VolumeCtrl::setVolume() FM Playback: Ready
D/yamaha::media::VolumeCtrl( 1831): VolumeCtrl::setVolume() VoiceCall: Ready
V/yamaha::media::VolumeCtrl( 1831): VolumeCtrl::createVolume()
D/yamaha::media::VolumeCtrl( 1831): Dir0 : AP Playback Music SP (0001h)
D/yamaha::media::VolumeCtrl( 1831): Dir0Att : AP Playback Music SP (0001h)
D/yamaha::media::VolumeCtrl( 1831): DacMaster : AP Playback Music SP (0001h)
D/yamaha::media::VolumeCtrl( 1831): Sp : AP Playback Music SP (FD81h)
V/yamaha::media::VolumeCtrl( 1831): VolumeCtrl::setVolume()
D/yamaha::media::VolumeCtrl( 1831): VolumeCtrl::setVolume() FM Playback: Ready
D/yamaha::media::VolumeCtrl( 1831): VolumeCtrl::setVolume() VoiceCall: Ready
D/dalvikvm( 9435): GC_FOR_ALLOC freed 194K, 12% free 8697K/9863K, paused 22ms
D/PowerManagerService( 2065): acquireWakeLock flags=0xa tag=KEEP_SCREEN_ON_FLAG uid=1000 pid=2065 myUID=1000 myPID=2065 myTID=2539
W/InputManagerService( 2065): Window already focused, ignoring focus gain of: com.android.internal.view.IInputMethodClient$Stub$Proxy@41e55e58
I/ALSAModule( 1831): Initialized ALSA PLAYBACK device hifi
I/AudioPolicyManager( 1831): stopOutput() output 1, stream 1, session 141
I/AudioFlinger( 1831): stop output streamType (0, 1) for 1
D/Gsm/SmsMessage( 2349): SMS SC timestamp: 1332599106000
D/Gsm/SmsMessage( 7813): SMS SC timestamp: 1332599106000
D/Gsm/SmsMessage( 3329): SMS SC timestamp: 1332599106000
D/Gsm/SmsMessage( 3329): SMS SC timestamp: 1332599106000
D/PhoneNumberUtils( 3329): ril.ecclist0 112,911
D/Gsm/SmsMessage( 8806): SMS SC timestamp: 1332599106000
D/Gsm/SmsMessage( 7813): SMS SC timestamp: 1332599106000
V/SmsReceiverService( 8227): onStart: #1 mResultCode: -1 = Activity.RESULT_OK
D/Gsm/SmsMessage( 7813): SMS SC timestamp: 1332599106000
D/Gsm/SmsMessage( 8227): SMS SC timestamp: 1332599106000
V/Telephony( 8227): getOrCreateThreadId cursor cnt: 1
D/dalvikvm( 2560): GC_EXPLICIT freed 368K, 15% free 9332K/10887K, paused 1ms+1ms
V/yamaha::media::VolumeCtrl( 1831): VolumeCtrl::createVolume()
D/yamaha::media::VolumeCtrl( 1831): Dir0 : AP Playback Music SP (0001h)
D/yamaha::media::VolumeCtrl( 1831): Dir0Att : AP Playback Music SP (0001h)
D/yamaha::media::VolumeCtrl( 1831): DacMaster : AP Playback Music SP (0001h)
D/yamaha::media::VolumeCtrl( 1831): Sp : AP Playback Music SP (FD81h)
V/yamaha::media::VolumeCtrl( 1831): VolumeCtrl::setVolume()
D/yamaha::media::VolumeCtrl( 1831): VolumeCtrl::setVolume() FM Playback: Ready
D/yamaha::media::VolumeCtrl( 1831): VolumeCtrl::setVolume() VoiceCall: Ready
D/dalvikvm( 7907): GC_CONCURRENT freed 361K, 7% free 7935K/8519K, paused 0ms+1ms
E/DataRouter( 1826): DrReadUsbStatus returns false USB is offline
E/DataRouter( 1826): DrReadUsbStatus returns false USB is offline
D/AudioService( 2065): getStreamVolume(5)
I/MediaPlayer( 2065): it is a Ringtone type is : 2
I/MediaPlayer( 2065): It is a Not a DRM RingTone: return NULl
I/MediaPlayer( 2065): path is null
I/AwesomePlayer( 1831): reset
I/AwesomePlayer( 1831): cancel player events
I/AwesomePlayer( 1831): cancel player events
I/MediaExtractor( 1831): Autodetected media content as 'application/ogg' with confidence 0.20
I/AudioService( 2065): AudioFocus requestAudioFocus() from android.media.AudioManager#41b34650
I/StagefrightPlayer( 1831): isUlpAudio
I/AwesomePlayer( 1831): Not a drm file dude!!!
I/AudioPolicyManager( 1831): startOutput() output 1, stream 5, session 142
I/AudioFlinger( 1831): start output streamType (0, 5) for 1
V/yamaha::media::VolumeCtrl( 1831): VolumeCtrl::createVolume()
D/yamaha::media::VolumeCtrl( 1831): Dir0 : AP Playback Ring SP (0001h)
D/yamaha::media::VolumeCtrl( 1831): Dir0Att : AP Playback Ring SP (0001h)
D/yamaha::media::VolumeCtrl( 1831): DacMaster : AP Playback Ring SP (0001h)
D/yamaha::media::VolumeCtrl( 1831): Sp : AP Playback Ring SP (FE01h)
V/yamaha::media::VolumeCtrl( 1831): VolumeCtrl::setVolume()
D/yamaha::media::VolumeCtrl( 1831): VolumeCtrl::setVolume() FM Playback: Ready
D/yamaha::media::VolumeCtrl( 1831): VolumeCtrl::setVolume() VoiceCall: Ready
I/power ( 2065): *** acquire_dvfs_lock : lockType : 1 freq : 1200000
D/PowerManagerService( 2065): acquireDVFSLockLocked : type : DVFS_MIN_LIMIT frequency : 1200000 uid : 1000 pid : 2065 tag : ActivityManager
W/ActivityManager( 2065): mDVFSLock.acquire()
D/dalvikvm( 2279): GC_CONCURRENT freed 1312K, 43% free 12230K/21319K, paused 2ms+3ms
V/alogcat ( 9435): save instance
V/alogcat ( 9435): paused
D/PowerManagerService( 2065): acquireWakeLock flags=0x1000000a tag=zyp.full uid=10015 pid=7813 myUID=1000 myPID=2065 myTID=2065
W/WifiStateTracker( 2065): getNetworkInfo : NetworkInfo: type: WIFI[], state: CONNECTED/CONNECTED, reason: (unspecified), extra: (none), roaming: false, failover: false, isAvailable: true
V/PhoneStatusBar( 2279): setLightsOn(true)
W/InputManagerService( 2065): Starting input on non-focused client com.android.internal.view.IInputMethodClient$Stub$Proxy@41d2b0b0 (uid=10092 pid=9435)
I/power ( 2065): *** release_dvfs_lock : lockType : 1
D/PowerManagerService( 2065): releaseDVFSLockLocked : all DVFS_MIN_LIMIT are released
W/ActivityManager( 2065): mDVFSLock.release()
I/wpa_supplicant( 2276): wlan0: WPA: Group reke
I/LlamaDroid( 3569): IntentReceiver.onReceive
I/LlamaDroid( 3569): Service already started
I/LlamaDroid( 3569): Intent Action is android.net.wifi.supplicant.STATE_CHANGE
I/LlamaDroid( 3569): WifiCond: Wifi state is GROUP_HANDSHAKE
I/LlamaDroid( 3569): IntentProfile: android.net.wifi.supplicant.STATE_CHANGE = 0ms
I/LlamaDroid( 3569): SW-RtcWakeLock: RtcWakeLock wakelock not held
E/AlarmManagerService( 2065): android_server_AlarmManagerService_set to type=0, 1332599352.880000000
I/LlamaDroid( 3569): IntentReceiver.onReceive
I/LlamaDroid( 3569): Service already started
I/LlamaDroid( 3569): Intent Action is android.net.wifi.supplicant.STATE_CHANGE
I/LlamaDroid( 3569): WifiCond: Wifi state is COMPLETED
I/LlamaDroid( 3569): WifiCond: Not triggering wifi connect, it's the same network as last time
I/LlamaDroid( 3569): IntentProfile: android.net.wifi.supplicant.STATE_CHANGE = 0ms
I/LlamaDroid( 3569): SW-RtcWakeLock: RtcWakeLock wakelock not held
I/AudioPolicyManager( 1831): stopOutput() output 1, stream 5, session 142
I/AudioService( 2065): AudioFocus abandonAudioFocus() from android.media.AudioManager#41b34650
I/AudioFlinger( 1831): stop output streamType (0, 5) for 1
E/DataRouter( 1826): DrReadUsbStatus returns false USB is offline
E/DataRouter( 1826): DrReadUsbStatus returns false USB is offline
D/dalvikvm( 9435): GC_CONCURRENT freed 415K, 13% free 8667K/9863K, paused 1ms+7ms
D/PowerManagerService( 2065): releaseWakeLockLocked flags=0x0 tag=KEEP_SCREEN_ON_FLAG myUID=1000 myPID=2065 myTID=2172
E/AlarmManagerService( 2065): android_server_AlarmManagerService_set to type=3, 2779.777000000
E/AlarmManagerService( 2065): android_server_AlarmManagerService_set to type=3, 2741.931000000
V/yamaha::media::VolumeCtrl( 1831): VolumeCtrl::createVolume()
D/yamaha::media::VolumeCtrl( 1831): Dir0 : AP Playback Music SP (0001h)
D/yamaha::media::VolumeCtrl( 1831): Dir0Att : AP Playback Music SP (0001h)
D/yamaha::media::VolumeCtrl( 1831): DacMaster : AP Playback Music SP (0001h)
D/yamaha::media::VolumeCtrl( 1831): Sp : AP Playback Music SP (FD81h)
V/yamaha::media::VolumeCtrl( 1831): VolumeCtrl::setVolume()
D/yamaha::media::VolumeCtrl( 1831): VolumeCtrl::setVolume() FM Playback: Ready
D/yamaha::media::VolumeCtrl( 1831): VolumeCtrl::setVolume() VoiceCall: Ready
E/DataRouter( 1826): DrReadUsbStatus returns false USB is offline
E/DataRouter( 1826): DrReadUsbStatus returns false USB is offline
I/InputReader( 2065): dispatchTouch::touch event's action is 0 (deviceType=0) [pCnt=1, pending(waiting finished signal)=0]
I/InputReader( 2065): dispatchTouch::touch event's action is 1 (deviceType=0) [pCnt=1, pending(waiting finished signal)=0]
I/AudioService( 2065): playSoundEffect() type:0 volume:-1
I/AudioPolicyManagerBase( 1831): getSituationVolume: isBTConnected:0 isHeadConnected:0
I/AudioPolicyManager( 1831): getParamFromPolicy deviceInt = 0, situationInt = 1, situationVolume = 0.300000
I/AudioPolicyManager( 1831): startOutput() output 1, stream 1, session 143
I/AudioFlinger( 1831): start output streamType (0, 1) for 1
V/yamaha::media::VolumeCtrl( 1831): VolumeCtrl::createVolume()
D/yamaha::media::VolumeCtrl( 1831): Dir0 : AP Playback Music SP (0001h)
D/yamaha::media::VolumeCtrl( 1831): Dir0Att : AP Playback Music SP (0001h)
D/yamaha::media::VolumeCtrl( 1831): DacMaster : AP Playback Music SP (0001h)
D/yamaha::media::VolumeCtrl( 1831): Sp : AP Playback Music SP (FD81h)
V/yamaha::media::VolumeCtrl( 1831): VolumeCtrl::setVolume()
D/yamaha::media::VolumeCtrl( 1831): VolumeCtrl::setVolume() FM Playback: Ready
D/yamaha::media::VolumeCtrl( 1831): VolumeCtrl::setVolume() VoiceCall: Ready
I/power ( 2065): *** acquire_dvfs_lock : lockType : 1 freq : 1200000
D/PowerManagerService( 2065): acquireDVFSLockLocked : type : DVFS_MIN_LIMIT frequency : 1200000 uid : 1000 pid : 2065 tag : ActivityManager
W/ActivityManager( 2065): mDVFSLock.acquire()
V/PhoneStatusBar( 2279): setLightsOn(true)
D/OpenGLRenderer( 7813): Flushing caches (mode 0)
I/alogcat ( 9435): new intent: android.intent.action.MAIN
D/alogcat ( 9435): stopping ...
D/alogcat ( 9435): canceling periodic saves
D/alogcat ( 9435): stopped
V/alogcat ( 9435): resumed
W/IInputConnectionWrapper( 7813): showStatusIcon on inactive InputConnection
W/InputManagerService( 2065): Starting input on non-focused client com.android.internal.view.IInputMethodClient$Stub$Proxy@4209f748 (uid=10015 pid=7813)
D/alogcat ( 9435): starting ...
D/PowerManagerService( 2065): acquireWakeLock flags=0xa tag=KEEP_SCREEN_ON_FLAG uid=1000 pid=2065 myUID=1000 myPID=2065 myTID=2077
D/dalvikvm( 9435): GC_CONCURRENT freed 395K, 12% free 8737K/9863K, paused 1ms+3ms
I/AudioPolicyManager( 1831): stopOutput() output 1, stream 1, session 143
I/AudioFlinger( 1831): stop output streamType (0, 1) for 1
D/dalvikvm( 7813): GC_EXPLICIT freed 750K, 14% free 10953K/12615K, paused 1ms+5ms
D/OpenGLRenderer( 7813): Flushing caches (mode 1)
I/AwesomePlayer( 1831): reset
I/AwesomePlayer( 1831): cancel player events
I/AwesomePlayer( 1831): reset
I/AwesomePlayer( 1831): cancel player events
I/AwesomePlayer( 1831): reset
I/AwesomePlayer( 1831): cancel player events
I/AudioService( 2065): AudioFocus abandonAudioFocus() from android.media.AudioManager#41b34650
D/dalvikvm( 2279): GC_CONCURRENT freed 1618K, 44% free 12076K/21319K, paused 1ms+2ms
V/yamaha::media::VolumeCtrl( 1831): VolumeCtrl::createVolume()
D/yamaha::media::VolumeCtrl( 1831): Dir0 : AP Playback Music SP (0001h)
D/yamaha::media::VolumeCtrl( 1831): Dir0Att : AP Playback Music SP (0001h)
D/yamaha::media::VolumeCtrl( 1831): DacMaster : AP Playback Music SP (0001h)
D/yamaha::media::VolumeCtrl( 1831): Sp : AP Playback Music SP (FD81h)
V/yamaha::media::VolumeCtrl( 1831): VolumeCtrl::setVolume()
D/yamaha::media::VolumeCtrl( 1831): VolumeCtrl::setVolume() FM Playback: Ready
D/yamaha::media::VolumeCtrl( 1831): VolumeCtrl::setVolume() VoiceCall: Ready
D/dalvikvm( 2349): GC_CONCURRENT freed 353K, 6% free 9026K/9543K, paused 1ms+2ms
D/dalvikvm( 7907): GC_CONCURRENT freed 349K, 7% free 7972K/8519K, paused 1ms+1ms
E/DataRouter( 1826): DrReadUsbStatus returns false USB is offline
E/DataRouter( 1826): DrReadUsbStatus returns false USB is offline
V/WindowOrientationListener( 2065): nearestRotation : 0 Angle: 357 tilt: 30
I/power ( 2065): *** release_dvfs_lock : lockType : 1
D/PowerManagerService( 2065): releaseDVFSLockLocked : all DVFS_MIN_LIMIT are released
W/ActivityManager( 2065): mDVFSLock.release()
E/DataRouter( 1826): DrReadUsbStatus returns false USB is offline
E/DataRouter( 1826): DrReadUsbStatus returns false USB is offline
I/ALSAModule( 1831): Terminated ALSA PLAYBACK device hifi
V/yamaha::media::VolumeCtrl( 1831): VolumeCtrl::createVolume()
V/yamaha::media::VolumeCtrl( 1831): VolumeCtrl::setVolume()
D/yamaha::media::VolumeCtrl( 1831): VolumeCtrl::setVolume() FM Playback: Ready
D/yamaha::media::VolumeCtrl( 1831): VolumeCtrl::setVolume() VoiceCall: Ready
D/PowerManagerService( 2065): releaseWakeLockLocked flags=0x0 tag=KEEP_SCREEN_ON_FLAG myUID=1000 myPID=2065 myTID=2172
D/InputReader( 2065): Input event: value=1
D/InputReader( 2065): Input event: value=0
I/AudioService( 2065): playSoundEffect() type:0 volume:-1
I/AudioPolicyManagerBase( 1831): getSituationVolume: isBTConnected:0 isHeadConnected:0
I/AudioPolicyManager( 1831): getParamFromPolicy deviceInt = 0, situationInt = 1, situationVolume = 0.300000
I/AudioPolicyManager( 1831): startOutput() output 1, stream 1, session 144
I/AudioFlinger( 1831): start output streamType (0, 1) for 1
V/yamaha::media::VolumeCtrl( 1831): VolumeCtrl::createVolume()
V/yamaha::media::VolumeCtrl( 1831): VolumeCtrl::setVolume()
D/yamaha::media::VolumeCtrl( 1831): VolumeCtrl::setVolume() FM Playback: Ready
D/yamaha::media::VolumeCtrl( 1831): VolumeCtrl::setVolume() VoiceCall: Ready
V/yamaha::media::VolumeCtrl( 1831): VolumeCtrl::createVolume()
D/yamaha::media::VolumeCtrl( 1831): Dir0 : AP Playback Music SP (0001h)
D/yamaha::media::VolumeCtrl( 1831): Dir0Att : AP Playback Music SP (0001h)
D/yamaha::media::VolumeCtrl( 1831): DacMaster : AP Playback Music SP (0001h)
D/yamaha::media::VolumeCtrl( 1831): Sp : AP Playback Music SP (FD81h)
V/yamaha::media::VolumeCtrl( 1831): VolumeCtrl::setVolume()
D/yamaha::media::VolumeCtrl( 1831): VolumeCtrl::setVolume() FM Playback: Ready
D/yamaha::media::VolumeCtrl( 1831): VolumeCtrl::setVolume() VoiceCall: Ready
I/ALSAModule( 1831): Initialized ALSA PLAYBACK device hifi
D/dalvikvm( 9435): GC_CONCURRENT freed 385K, 12% free 8738K/9863K, paused 1ms+4ms
I/AudioPolicyManager( 1831): stopOutput() output 1, stream 1, session 144
I/AudioFlinger( 1831): stop output streamType (0, 1) for 1
E/DataRouter( 1826): DrReadUsbStatus returns false USB is offline
E/DataRouter( 1826): DrReadUsbStatus returns false USB is offline
V/yamaha::media::VolumeCtrl( 1831): VolumeCtrl::createVolume()
D/yamaha::media::VolumeCtrl( 1831): Dir0 : AP Playback Music SP (0001h)
D/yamaha::media::VolumeCtrl( 1831): Dir0Att : AP Playback Music SP (0001h)
D/yamaha::media::VolumeCtrl( 1831): DacMaster : AP Playback Music SP (0001h)
D/yamaha::media::VolumeCtrl( 1831): Sp : AP Playback Music SP (FD81h)
V/yamaha::media::VolumeCtrl( 1831): VolumeCtrl::setVolume()
D/yamaha::media::VolumeCtrl( 1831): VolumeCtrl::setVolume() FM Playback: Ready
D/yamaha::media::VolumeCtrl( 1831): VolumeCtrl::setVolume() VoiceCall: Ready
E/AlarmManagerService( 2065): android_server_AlarmManagerService_set to type=3, 2779.777000000
E/AlarmManagerService( 2065): android_server_AlarmManagerService_set to type=3, 2749.933000000
D/PowerManagerService( 2065): releaseWakeLockLocked flags=0x0 tag=zyp.full myUID=1000 myPID=2065 myTID=2407
I/InputReader( 2065): dispatchTouch::touch event's action is 0 (deviceType=0) [pCnt=1, pending(waiting finished signal)=0]
I/InputReader( 2065): dispatchTouch::touch event's action is 1 (deviceType=0) [pCnt=1, pending(waiting finished signal)=0]
D/alogcat ( 9435): saving log to: /sdcard/alogcat/alogcat.2012-03-24-19-25-22+0500.txt