V/AudioHardwareMSM8660( 138): AudioStreamOutMSM72xx::write(0x1393918, 4800) dev = headset_stereo_rx
V/AudioHardwareMSM8660( 138): AudioStreamOutMSM72xx::write(0x1393918, 4800) dev = headset_stereo_rx
V/AudioHardwareMSM8660( 138): AudioStreamOutMSM72xx::write(0x1393918, 4800) dev = headset_stereo_rx
V/AudioHardwareMSM8660( 138): AudioStreamOutMSM72xx::write(0x1393918, 4800) dev = headset_stereo_rx
V/AudioHardwareMSM8660( 138): AudioStreamOutMSM72xx::write(0x1393918, 4800) dev = headset_stereo_rx
V/AudioHardwareMSM8660( 138): AudioStreamOutMSM72xx::write(0x1393918, 4800) dev = headset_stereo_rx
V/AudioHardwareMSM8660( 138): AudioStreamOutMSM72xx::write(0x1393918, 4800) dev = headset_stereo_rx
V/AudioHardwareMSM8660( 138): AudioStreamOutMSM72xx::write(0x1393918, 4800) dev = headset_stereo_rx
V/AudioHardwareMSM8660( 138): AudioStreamOutMSM72xx::write(0x1393918, 4800) dev = headset_stereo_rx
V/AudioHardwareMSM8660( 138): AudioStreamOutMSM72xx::write(0x1393918, 4800) dev = headset_stereo_rx
V/AudioHardwareMSM8660( 138): AudioStreamOutMSM72xx::write(0x1393918, 4800) dev = headset_stereo_rx
V/AudioHardwareMSM8660( 138): AudioStreamOutMSM72xx::write(0x1393918, 4800) dev = headset_stereo_rx
V/AudioHardwareMSM8660( 138): AudioStreamOutMSM72xx::write(0x1393918, 4800) dev = headset_stereo_rx
V/AudioHardwareMSM8660( 138): AudioStreamOutMSM72xx::write(0x1393918, 4800) dev = headset_stereo_rx
V/AudioHardwareMSM8660( 138): AudioStreamOutMSM72xx::write(0x1393918, 4800) dev = headset_stereo_rx
V/AudioHardwareMSM8660( 138): AudioStreamOutMSM72xx::write(0x1393918, 4800) dev = headset_stereo_rx
V/AudioHardwareMSM8660( 138): AudioStreamOutMSM72xx::write(0x1393918, 4800) dev = headset_stereo_rx
V/AudioHardwareMSM8660( 138): AudioStreamOutMSM72xx::write(0x1393918, 4800) dev = headset_stereo_rx
W/AudioTrack( 138): obtainBuffer() track 0x13bb320 disabled, restarting
E/AwesomePlayer( 138): MEDIA_ERROR -1004
E/MediaPlayer( 9492): error (1, -1004)
E/MediaPlayer( 9492): Error (1,-1004)
V/AudioPolicyManager( 138): stopOutput() output 1, stream 3
V/AudioPolicyManagerBase( 138): changeRefCount() stream 3, count 0
V/AudioPolicyManagerBase( 138): getNewDevice() selected device 0
V/AudioPolicyManager( 138): setOutputDevice() output 1 device 0 delayMs 0
V/AudioPolicyManager( 138): setOutputDevice() setting same device 0 or null device for output 1
V/AudioHardwareMSM8660( 138): AudioStreamOutMSM72xx::write(0x1393918, 4800) dev = headset_stereo_rx
V/AudioHardwareMSM8660( 138): AudioStreamOutMSM72xx::write(0x1393918, 4800) dev = headset_stereo_rx
I/WindowManager( 312): SCREENLAYOUT_SIZE (1:small, 2:normal, 3:large, 4:xlarge) 2
I/CpuGovernorService( 312): intent action: android.intent.action.SCREEN_ON
D/WifiStateMachine( 312): ConnectedState{ what=131154 when=-2ms arg1=1 }
V/AudioHardwareMSM8660( 138): setParameters() screen_state=on
D/AccelerometerListener( 600): enable(false)
D/WifiStateMachine( 312): ConnectedState{ what=131163 when=-18ms }
D/WifiStateMachine( 312): ConnectModeState{ what=131163 when=-19ms }
D/WifiStateMachine( 312): DriverStartedState{ what=131163 when=-19ms }
D/WifiStateMachine( 312): SupplicantStartedState{ what=131163 when=-19ms }
D/WifiStateMachine( 312): DefaultState{ what=131163 when=-19ms }
D/WifiStateMachine( 312): ConnectedState{ what=131127 when=-19ms }
D/WifiStateMachine( 312): ConnectModeState{ what=131127 when=-19ms }
D/WifiStateMachine( 312): DriverStartedState{ what=131127 when=-19ms }
D/WifiStateMachine( 312): SupplicantStartedState{ what=131127 when=-19ms }
D/WifiStateMachine( 312): ConnectedState{ what=131073 when=-20ms arg1=2 }
D/WifiStateMachine( 312): ConnectModeState{ what=131073 when=-20ms arg1=2 }
D/WifiStateMachine( 312): DriverStartedState{ what=131073 when=-20ms arg1=2 }
D/WifiStateMachine( 312): SupplicantStartedState{ what=131073 when=-20ms arg1=2 }
D/WifiStateMachine( 312): DefaultState{ what=131073 when=-20ms arg1=2 }
D/WifiStateMachine( 312): ConnectedState{ what=131083 when=-20ms }
D/WifiStateMachine( 312): ConnectModeState{ what=131083 when=-20ms }
D/WifiStateMachine( 312): DriverStartedState{ what=131083 when=-20ms }
D/WifiStateMachine( 312): SupplicantStartedState{ what=131083 when=-20ms }
D/WifiStateMachine( 312): DefaultState{ what=131083 when=-20ms }
D/WifiStateMachine( 312): ConnectedState{ what=131144 when=-20ms arg1=1 }
D/WifiStateMachine( 312): ConnectedState{ what=131085 when=-29ms }
D/WifiStateMachine( 312): ConnectModeState{ what=131085 when=-29ms }
D/WifiStateMachine( 312): DriverStartedState{ what=131085 when=-30ms }
D/WifiStateMachine( 312): ConnectedState{ what=131149 when=-30ms }
D/WifiStateMachine( 312): ConnectModeState{ what=131149 when=-30ms }
D/WifiStateMachine( 312): DriverStartedState{ what=131149 when=-30ms }
W/SignalStrength( 312): getGsmLevel=4
W/SignalStrength( 312): getLevel=4
W/SignalStrength( 440): getGsmAsuLevel=16
W/SignalStrength( 440): getCdmaAsuLevel=99
W/SignalStrength( 440): getGsmLevel=4
W/SignalStrength( 440): getLevel=4
D/StatusBar.NetworkController( 440): updateTelephonySignalStrength: mSignalStrength == 16(GSM) 99(CDMA)
D/memalloc( 135): ion: Allocated buffer base:0x41ef8000 size:110592 fd:47 1000000 0
D/memalloc( 9788): ion: Mapped buffer base:0x5c12b000 size:110592 offset:0 fd:75
I/Adreno200-EGLSUB( 135): : Android Image
I/Adreno200-EGLSUB( 135): : RGBA_8888
I/MiAdvancedView( 312): RenderThread resumed
I/NotifierManager( 312): onNotify: miui.app.screenelement.NotifierManager$BatteryNotifier@41f97930
I/NotifierManager( 312): onRegister: miui.app.screenelement.NotifierManager$BatteryNotifier@41f97930
D/FramerateTokenList( 312): createToken: miui.app.screenelement.elements.FramerateController@41c34be8
D/FramerateTokenList( 312): requestFramerate: 30 by:miui.app.screenelement.elements.FramerateController@41c34be8
D/FramerateTokenList( 312): createToken: miui.app.screenelement.elements.FramerateController@41f62870
D/FramerateTokenList( 312): requestFramerate: 20 by:miui.app.screenelement.elements.FramerateController@41f62870
D/FramerateTokenList( 312): createToken: miui.app.screenelement.elements.FramerateController@41edbd50
D/FramerateTokenList( 312): requestFramerate: 20 by:miui.app.screenelement.elements.FramerateController@41edbd50
D/MiAdvancedView( 312): framerate changed: 30 at time: 25395838
I/ResourceManager( 312): load image lock_screen_bar_time_4.png
I/WindowManager( 312): Lock screen displayed!
I/Adreno200-EGLSUB( 135): : Android Image
I/Adreno200-EGLSUB( 135): : RGBA_8888
I/ResourceManager( 312): load image phonorecord_source_4.png
I/ResourceManager( 312): load image phonorecord_source_2.png
I/ResourceManager( 312): load image phonorecord_source_5.png
I/ResourceManager( 312): load image phonorecord_source_8.png
I/ResourceManager( 312): load image phonorecord_source_3.png
I/NotifierManager( 312): onNotify: miui.app.screenelement.NotifierManager$BatteryNotifier@41f97930
V/AudioHardwareMSM8660( 138): AudioStreamOutMSM72xx::write(0x1393918, 4800) dev = headset_stereo_rx
I/ResourceManager( 312): load image phonorecord_source_6.png
I/ResourceManager( 312): load image phonorecord_source_7.png
D/FramerateTokenList( 312): requestFramerate: 0 by:miui.app.screenelement.elements.FramerateController@41c34be8
I/TextScreenElement( 312): onVisibilityChange: false
I/TextScreenElement( 312): onVisibilityChange: false
I/TextScreenElement( 312): onVisibilityChange: false
I/TextScreenElement( 312): onVisibilityChange: false
I/TextScreenElement( 312): onVisibilityChange: false
I/TextScreenElement( 312): onVisibilityChange: false
I/TextScreenElement( 312): onVisibilityChange: false
D/FramerateTokenList( 312): requestFramerate: 0 by:miui.app.screenelement.elements.FramerateController@41f62870
D/FramerateTokenList( 312): requestFramerate: 0 by:miui.app.screenelement.elements.FramerateController@41edbd50
D/FramerateTokenList( 312): requestFramerate: 20 by:miui.app.screenelement.elements.FramerateController@41f62870
D/FramerateTokenList( 312): requestFramerate: 20 by:miui.app.screenelement.elements.FramerateController@41edbd50
I/ResourceManager( 312): load image lock_screen_indicator_anim_stroke.png
I/ResourceManager( 312): load image lock_screen_indicator_anim.png
I/ResourceManager( 312): load image lock_screen_indicator_anim_mask.png
I/ResourceManager( 312): load image unlock_home_n_stroke.png
D/FramerateTokenList( 312): requestFramerate: 0 by:miui.app.screenelement.elements.MusicControlScreenElement@433a1e68
D/FramerateTokenList( 312): requestFramerate: 0 by:miui.app.screenelement.elements.FramerateController@41f62870
D/FramerateTokenList( 312): requestFramerate: 0 by:miui.app.screenelement.elements.FramerateController@41edbd50
D/MiAdvancedView( 312): framerate changed: 0 at time: 25396852
V/AudioHardwareMSM8660( 138): AudioStreamOutMSM72xx::write(0x1393918, 4800) dev = headset_stereo_rx
I/ResourceManager( 312): load image unlock_btm_p.png
I/LockScreen_AdvancedSlider( 312): unlock touch up
I/AwesomeLockScreen( 312): lockscreen awake time: [159 sec] in time range: [21770 sec]
D/PhoneStatusBar( 440): disable: < expand* icons alerts ticker* system_info BACK HOME recent* clock > D/memalloc( 312): ion: Unmapping buffer base:0x61f79000 size:1658880
D/memalloc( 312): ion: Unmapping buffer base:0x62c94000 size:1658880
D/memalloc( 312): ion: Unmapping buffer base:0x6375d000 size:1658880
D/memalloc( 135): ion: Freeing buffer base:0x42386000 size:1658880 fd:32
D/memalloc( 135): ion: Unmapping buffer base:0x42386000 size:1658880
D/memalloc( 135): ion: Freeing buffer base:0x42cd0000 size:1658880 fd:44
D/memalloc( 135): ion: Unmapping buffer base:0x42cd0000 size:1658880
W/InputManagerService( 312): Window already focused, ignoring focus gain of: com.android.internal.view.IInputMethodClient$Stub$Proxy@41be3ec0
D/PhoneStatusBar( 440): disable: < expand icons alerts ticker system_info back* home* recent clock > I/ActivityManager( 312): Start proc com.android.calendar for broadcast com.android.calendar/.birthday.BirthdayReceiver: pid=9935 uid=10006 gids={3003}
D/AudioHardwareMSM8660( 138): AudioStreamOutMSM72xx::standby()
D/AudioHardwareMSM8660( 138): Deroute pcm stream
D/AudioHardwareMSM8660( 138): deleteFromTable stream 1
D/AudioHardwareMSM8660( 138): value of device and enable is 0 ALSA dev id:5
I/ActivityThread( 9935): Pub com.android.calendar.CalendarRecentSuggestionsProvider: com.android.calendar.CalendarRecentSuggestionsProvider
I/ActivityManager( 312): Start proc com.android.providers.calendar for content provider com.android.providers.calendar/.CalendarProvider2: pid=9950 uid=10007 gids={3003, 1015}
I/ActivityThread( 9950): Pub com.android.calendar: com.android.providers.calendar.CalendarProvider2
D/RemindReceiver( 5562): 0 days since the last check
D/memalloc( 135): ion: Freeing buffer base:0x42a3b000 size:1658880 fd:38
D/memalloc( 135): ion: Unmapping buffer base:0x42a3b000 size:1658880
I/ActivityManager( 312): Start proc com.android.mms for broadcast com.android.mms/.util.Reminder: pid=9965 uid=10038 gids={3003, 1015}
I/ActivityThread( 9965): Pub com.android.mms.festival: com.android.mms.data.FestivalSmsProvider
I/ActivityThread( 9965): Pub mms_temp_file: com.android.mms.TempFileProvider
I/ActivityThread( 9965): Pub com.android.mms.SuggestionsProvider: com.android.mms.SuggestionsProvider
V/MmsConfig( 9965): mnc/mcc: 20620
V/MmsConfig( 9965): tag: bool value: enabledMMS - true
V/MmsConfig( 9965): tag: int value: maxMessageSize - 307200
V/MmsConfig( 9965): tag: int value: maxImageHeight - 480
V/MmsConfig( 9965): tag: int value: maxImageWidth - 640
V/MmsConfig( 9965): tag: int value: defaultSMSMessagesPerThread - 500
V/MmsConfig( 9965): tag: int value: defaultMMSMessagesPerThread - 50
V/MmsConfig( 9965): tag: int value: minMessageCountPerThread - 10
V/MmsConfig( 9965): tag: int value: maxMessageCountPerThread - 5000
V/MmsConfig( 9965): tag: string value: uaProfUrl - http://www.google.com/oha/rdf/ua-profile-kila.xml
V/MmsConfig( 9965): tag: int value: recipientLimit - -1
V/MmsConfig( 9965): tag: int value: smsToMmsTextThreshold - 9
V/MmsConfig( 9965): tag: bool value: enableMultipartSMS - false
V/MmsConfig( 9965): tag: bool value: enableSlideDuration - true
V/MmsConfig( 9965): tag: int value: maxMessageTextSize - -1
D/Mms ( 9965): [545] RecipientIdCache.java(71): [RecipientIdCache] fill: begin
V/MmsProvider( 600): Start deleting content://mms/drm with selection null and args null
V/MmsProvider( 600): Delete uri=content://mms/drm, match=17
V/MmsProvider( 600): Deleted 0 entries.
D/CountryDetector( 312): The first listener is added
D/Mms ( 9965): [1] SmsMessageSender.java(180): 釨帑SmsReceiverService.ACTION_SEND_MESSAGE
V/SmsProvider( 600): Start query content://sms/sent with selection timed > 0 and args null
V/SmsProvider( 600): Query content://sms/sent with selection (timed > 0) AND (deleted = 0) and args nullreturns 0 results
V/MmsProvider( 600): Start query content://mms/sent with selection timed > 0 and args null
V/MmsProvider( 600): Query content://mms/sent with selection (timed > 0) AND (deleted = 0) and args nullreturns 0 results
V/Mms ( 9965): [1] MmsSystemEventReceiver.java(130): Intent received: Intent { act=android.intent.action.SERVICE_STATE flg=0x10 (has extras) }
V/Mms ( 9965): [1] MmsSystemEventReceiver.java(139): ACTION_SERVICE_STATE_CHANGED: 0
D/Mms ( 9965): [1] TransactionService.java(270): Creating TransactionService...
V/MmsProvider( 600): Start query content://mms/inbox with selection m_type=130 and args null
V/MmsProvider( 600): Query content://mms/inbox with selection (m_type=130) AND (deleted = 0) and args nullreturns 0 results
D/Mms ( 9965): [1] TransactionService.java(341): onStartService: startId=1
V/Mms ( 9965): [1] TransactionService.java(363): Posting enqueueAllMessages
V/Mms ( 9965): [549] TransactionService.java(586): enqueueAllMessages: Pending transaction count=0
V/Mms ( 9965): [549] TransactionService.java(591): enqueueAllMessages: No pending transaction. Stopping service.
V/Mms ( 9965): [549] TransactionService.java(459): endMmsConnectivity
D/ConnectivityService( 312): stopUsingNetworkFeature - not a live request, ignoring
D/Mms ( 9965): [549] TransactionService.java(598): TrasctionService stopped.
V/SmsReceiverService( 9965): onStart: #1 mResultCode: -1 = Activity.RESULT_OK
D/Mms ( 9965): [1] TransactionService.java(317): Destroying TransactionService
V/Mms ( 9965): [1] TransactionService.java(326): Requested killing handler thread.
I/NotifierManager( 312): onUnregister: miui.app.screenelement.NotifierManager$BatteryNotifier@41f97930
I/MiAdvancedView( 312): RenderThread stopped
V/SmsProvider( 600): Start query content://sms/queued with selection null and args null
V/SmsProvider( 600): Query content://sms/queued with selection deleted = 0 and args nullreturns 0 results
I/ActivityManager( 312): No longer want com.ijinshan.mguard.provider (pid 9691): hidden #16
D/memalloc( 9788): ion: Unmapping buffer base:0x5c12b000 size:110592
D/memalloc( 135): ion: Freeing buffer base:0x41ef8000 size:110592 fd:47
D/memalloc( 135): ion: Unmapping buffer base:0x41ef8000 size:110592
I/CalendarProvider2( 9950): Sending notification intent: Intent { act=android.intent.action.PROVIDER_CHANGED dat=content://com.android.calendar }
W/ContentResolver( 9950): Failed to get type for: content://com.android.calendar (Unknown URL content://com.android.calendar)
I/ActivityManager( 312): No longer want com.google.android.partnersetup (pid 9721): hidden #16
W/SignalStrength( 312): getGsmLevel=4
W/SignalStrength( 312): getLevel=4
W/SignalStrength( 440): getGsmAsuLevel=18
W/SignalStrength( 440): getCdmaAsuLevel=99
W/SignalStrength( 440): getGsmLevel=4
W/SignalStrength( 440): getLevel=4
D/StatusBar.NetworkController( 440): updateTelephonySignalStrength: mSignalStrength == 18(GSM) 99(CDMA)
D/WifiStateMachine( 312): ConnectedState{ what=131155 when=-3ms arg1=59 }
D/WifiStateMachine( 312): ConnectedState{ what=131155 when=-4ms arg1=59 }
D/WifiStateMachine( 312): ConnectedState{ what=131155 when=-4ms arg1=59 }
D/WifiStateMachine( 312): ConnectedState{ what=131155 when=-4ms arg1=59 }
W/SignalStrength( 312): getGsmLevel=4
W/SignalStrength( 312): getLevel=4
W/SignalStrength( 440): getGsmAsuLevel=17
W/SignalStrength( 440): getCdmaAsuLevel=99
W/SignalStrength( 440): getGsmLevel=4
W/SignalStrength( 440): getLevel=4
D/StatusBar.NetworkController( 440): updateTelephonySignalStrength: mSignalStrength == 17(GSM) 99(CDMA)
D/WifiStateMachine( 312): ConnectedState{ what=131155 when=-3ms arg1=59 }
D/WifiStateMachine( 312): ConnectedState{ what=131155 when=-3ms arg1=59 }
D/memalloc( 135): ion: Allocated buffer base:0x41ef8000 size:614400 fd:32 1000000 0
D/memalloc( 9788): ion: Mapped buffer base:0x5c2db000 size:614400 offset:0 fd:60
I/Adreno200-EGLSUB( 135): : Android Image
I/Adreno200-EGLSUB( 135): : RGBA_8888