--------- beginning of /dev/log/main
D/memalloc( 9788): ion: Unmapping buffer base:0x5c2db000 size:614400
D/memalloc( 135): ion: Freeing buffer base:0x41ef8000 size:614400 fd:32
D/memalloc( 135): ion: Unmapping buffer base:0x41ef8000 size:614400
D/memalloc( 9788): ion: Unmapping buffer base:0x5c371000 size:614400 --------- beginning of /dev/log/system
W/InputManagerService( 312): Window already focused, ignoring focus gain of: com.android.internal.view.IInputMethodClient$Stub$Proxy@42952318
D/memalloc( 135): ion: Allocated buffer base:0x41ef8000 size:110592 fd:32 1000000 0
D/memalloc( 9788): ion: Mapped buffer base:0x5bb50000 size:110592 offset:0 fd:73
I/Adreno200-EGLSUB( 135): : Android Image
I/Adreno200-EGLSUB( 135): : RGBA_8888
W/SignalStrength( 312): getGsmLevel=4
W/SignalStrength( 312): getLevel=4
W/SignalStrength( 440): getGsmAsuLevel=14
W/SignalStrength( 440): getCdmaAsuLevel=99
W/SignalStrength( 440): getGsmLevel=4
W/SignalStrength( 440): getLevel=4
D/StatusBar.NetworkController( 440): updateTelephonySignalStrength: mSignalStrength == 14(GSM) 99(CDMA)
D/memalloc( 135): ion: Freeing buffer base:0x42386000 size:614400 fd:38
D/memalloc( 135): ion: Unmapping buffer base:0x42386000 size:614400
V/AudioHardwareMSM8660( 138): AudioStreamOutMSM72xx::write(0x1393918, 4800) dev = headset_stereo_rx
V/AudioHardwareMSM8660( 138): AudioStreamOutMSM72xx::write(0x1393918, 4800) dev = headset_stereo_rx
D/WifiStateMachine( 312): ConnectedState{ what=131155 when=-4ms arg1=57 }
D/memalloc( 9788): ion: Unmapping buffer base:0x5bb50000 size:110592
V/AudioHardwareMSM8660( 138): AudioStreamOutMSM72xx::write(0x1393918, 4800) dev = headset_stereo_rx
D/memalloc( 135): ion: Freeing buffer base:0x41ef8000 size:110592 fd:32
D/memalloc( 135): ion: Unmapping buffer base:0x41ef8000 size:110592
V/AudioHardwareMSM8660( 138): AudioStreamOutMSM72xx::write(0x1393918, 4800) dev = headset_stereo_rx
V/AudioHardwareMSM8660( 138): AudioStreamOutMSM72xx::write(0x1393918, 4800) dev = headset_stereo_rx
W/SignalStrength( 312): getGsmLevel=4
W/SignalStrength( 312): getLevel=4
W/SignalStrength( 440): getGsmAsuLevel=15
W/SignalStrength( 440): getCdmaAsuLevel=99
W/SignalStrength( 440): getGsmLevel=4
W/SignalStrength( 440): getLevel=4
D/StatusBar.NetworkController( 440): updateTelephonySignalStrength: mSignalStrength == 15(GSM) 99(CDMA)
D/WifiStateMachine( 312): ConnectedState{ what=131155 when=-4ms arg1=57 }
V/AudioHardwareMSM8660( 138): AudioStreamOutMSM72xx::write(0x1393918, 4800) dev = headset_stereo_rx
V/AudioHardwareMSM8660( 138): AudioStreamOutMSM72xx::write(0x1393918, 4800) dev = headset_stereo_rx
V/AudioHardwareMSM8660( 138): AudioStreamOutMSM72xx::write(0x1393918, 4800) dev = headset_stereo_rx
V/AudioHardwareMSM8660( 138): AudioStreamOutMSM72xx::write(0x1393918, 4800) dev = headset_stereo_rx
D/WifiStateMachine( 312): ConnectedState{ what=131155 when=-1ms arg1=57 }
V/AudioHardwareMSM8660( 138): AudioStreamOutMSM72xx::write(0x1393918, 4800) dev = headset_stereo_rx
V/AudioHardwareMSM8660( 138): AudioStreamOutMSM72xx::write(0x1393918, 4800) dev = headset_stereo_rx
V/AudioHardwareMSM8660( 138): AudioStreamOutMSM72xx::write(0x1393918, 4800) dev = headset_stereo_rx
V/AudioHardwareMSM8660( 138): AudioStreamOutMSM72xx::write(0x1393918, 4800) dev = headset_stereo_rx
D/WifiStateMachine( 312): ConnectedState{ what=131155 when=-4ms arg1=57 }
V/AudioHardwareMSM8660( 138): AudioStreamOutMSM72xx::write(0x1393918, 4800) dev = headset_stereo_rx
V/AudioHardwareMSM8660( 138): AudioStreamOutMSM72xx::write(0x1393918, 4800) dev = headset_stereo_rx
V/AudioHardwareMSM8660( 138): AudioStreamOutMSM72xx::write(0x1393918, 4800) dev = headset_stereo_rx
D/WifiStateMachine( 312): ConnectedState{ what=131155 when=-3ms arg1=57 }
V/AudioHardwareMSM8660( 138): AudioStreamOutMSM72xx::write(0x1393918, 4800) dev = headset_stereo_rx
V/AudioHardwareMSM8660( 138): AudioStreamOutMSM72xx::write(0x1393918, 4800) dev = headset_stereo_rx
V/AudioHardwareMSM8660( 138): AudioStreamOutMSM72xx::write(0x1393918, 4800) dev = headset_stereo_rx
W/SignalStrength( 312): getGsmLevel=4
W/SignalStrength( 312): getLevel=4
W/SignalStrength( 440): getGsmAsuLevel=16
W/SignalStrength( 440): getCdmaAsuLevel=99
W/SignalStrength( 440): getGsmLevel=4
W/SignalStrength( 440): getLevel=4
D/StatusBar.NetworkController( 440): updateTelephonySignalStrength: mSignalStrength == 16(GSM) 99(CDMA)
V/AudioHardwareMSM8660( 138): AudioStreamOutMSM72xx::write(0x1393918, 4800) dev = headset_stereo_rx
D/WifiStateMachine( 312): ConnectedState{ what=131155 when=-3ms arg1=57 }
V/AudioHardwareMSM8660( 138): AudioStreamOutMSM72xx::write(0x1393918, 4800) dev = headset_stereo_rx
V/AudioHardwareMSM8660( 138): AudioStreamOutMSM72xx::write(0x1393918, 4800) dev = headset_stereo_rx
V/AudioHardwareMSM8660( 138): AudioStreamOutMSM72xx::write(0x1393918, 4800) dev = headset_stereo_rx
V/AudioHardwareMSM8660( 138): AudioStreamOutMSM72xx::write(0x1393918, 4800) dev = headset_stereo_rx
W/SignalStrength( 312): getGsmLevel=4
W/SignalStrength( 312): getLevel=4
W/SignalStrength( 440): getGsmAsuLevel=15
W/SignalStrength( 440): getCdmaAsuLevel=99
W/SignalStrength( 440): getGsmLevel=4
W/SignalStrength( 440): getLevel=4
D/StatusBar.NetworkController( 440): updateTelephonySignalStrength: mSignalStrength == 15(GSM) 99(CDMA)
D/WifiStateMachine( 312): ConnectedState{ what=131155 when=-3ms arg1=57 }
V/AudioHardwareMSM8660( 138): AudioStreamOutMSM72xx::write(0x1393918, 4800) dev = headset_stereo_rx
V/AudioHardwareMSM8660( 138): AudioStreamOutMSM72xx::write(0x1393918, 4800) dev = headset_stereo_rx
V/AudioHardwareMSM8660( 138): AudioStreamOutMSM72xx::write(0x1393918, 4800) dev = headset_stereo_rx
V/AudioHardwareMSM8660( 138): AudioStreamOutMSM72xx::write(0x1393918, 4800) dev = headset_stereo_rx
D/WifiStateMachine( 312): ConnectedState{ what=131155 when=-3ms arg1=57 }
W/SignalStrength( 312): getGsmLevel=4
W/SignalStrength( 312): getLevel=4
W/SignalStrength( 440): getGsmAsuLevel=16
W/SignalStrength( 440): getCdmaAsuLevel=99
W/SignalStrength( 440): getGsmLevel=4
W/SignalStrength( 440): getLevel=4
D/StatusBar.NetworkController( 440): updateTelephonySignalStrength: mSignalStrength == 16(GSM) 99(CDMA)
V/AudioHardwareMSM8660( 138): AudioStreamOutMSM72xx::write(0x1393918, 4800) dev = headset_stereo_rx
V/AudioHardwareMSM8660( 138): AudioStreamOutMSM72xx::write(0x1393918, 4800) dev = headset_stereo_rx
V/AudioHardwareMSM8660( 138): AudioStreamOutMSM72xx::write(0x1393918, 4800) dev = headset_stereo_rx
D/WifiStateMachine( 312): ConnectedState{ what=131155 when=-3ms arg1=57 }
V/AudioHardwareMSM8660( 138): AudioStreamOutMSM72xx::write(0x1393918, 4800) dev = headset_stereo_rx
V/AudioHardwareMSM8660( 138): AudioStreamOutMSM72xx::write(0x1393918, 4800) dev = headset_stereo_rx
W/SignalStrength( 312): getGsmLevel=4
W/SignalStrength( 312): getLevel=4
W/SignalStrength( 440): getGsmAsuLevel=17
W/SignalStrength( 440): getCdmaAsuLevel=99
W/SignalStrength( 440): getGsmLevel=4
W/SignalStrength( 440): getLevel=4
D/StatusBar.NetworkController( 440): updateTelephonySignalStrength: mSignalStrength == 17(GSM) 99(CDMA)
V/AudioHardwareMSM8660( 138): AudioStreamOutMSM72xx::write(0x1393918, 4800) dev = headset_stereo_rx
V/AudioHardwareMSM8660( 138): AudioStreamOutMSM72xx::write(0x1393918, 4800) dev = headset_stereo_rx
D/WifiStateMachine( 312): ConnectedState{ what=131155 when=-3ms arg1=57 }
V/AudioHardwareMSM8660( 138): AudioStreamOutMSM72xx::write(0x1393918, 4800) dev = headset_stereo_rx
V/AudioHardwareMSM8660( 138): AudioStreamOutMSM72xx::write(0x1393918, 4800) dev = headset_stereo_rx
V/AudioHardwareMSM8660( 138): AudioStreamOutMSM72xx::write(0x1393918, 4800) dev = headset_stereo_rx
V/AudioHardwareMSM8660( 138): AudioStreamOutMSM72xx::write(0x1393918, 4800) dev = headset_stereo_rx
D/WifiStateMachine( 312): ConnectedState{ what=131155 when=-4ms arg1=57 }
V/AudioHardwareMSM8660( 138): AudioStreamOutMSM72xx::write(0x1393918, 4800) dev = headset_stereo_rx
V/AudioHardwareMSM8660( 138): AudioStreamOutMSM72xx::write(0x1393918, 4800) dev = headset_stereo_rx
V/AudioHardwareMSM8660( 138): AudioStreamOutMSM72xx::write(0x1393918, 4800) dev = headset_stereo_rx
D/WifiStateMachine( 312): ConnectedState{ what=131155 when=-4ms arg1=57 }
W/SignalStrength( 312): getGsmLevel=4
W/SignalStrength( 312): getLevel=4
W/SignalStrength( 440): getGsmAsuLevel=18
W/SignalStrength( 440): getCdmaAsuLevel=99
W/SignalStrength( 440): getGsmLevel=4
W/SignalStrength( 440): getLevel=4
D/StatusBar.NetworkController( 440): updateTelephonySignalStrength: mSignalStrength == 18(GSM) 99(CDMA)
V/AudioHardwareMSM8660( 138): AudioStreamOutMSM72xx::write(0x1393918, 4800) dev = headset_stereo_rx
V/AudioHardwareMSM8660( 138): AudioStreamOutMSM72xx::write(0x1393918, 4800) dev = headset_stereo_rx
V/AudioHardwareMSM8660( 138): AudioStreamOutMSM72xx::write(0x1393918, 4800) dev = headset_stereo_rx
V/AudioHardwareMSM8660( 138): AudioStreamOutMSM72xx::write(0x1393918, 4800) dev = headset_stereo_rx
D/WifiStateMachine( 312): ConnectedState{ what=131155 when=-4ms arg1=57 }
V/AudioHardwareMSM8660( 138): AudioStreamOutMSM72xx::write(0x1393918, 4800) dev = headset_stereo_rx
W/SignalStrength( 312): getGsmLevel=4
W/SignalStrength( 312): getLevel=4
W/SignalStrength( 440): getGsmAsuLevel=17
W/SignalStrength( 440): getCdmaAsuLevel=99
W/SignalStrength( 440): getGsmLevel=4
W/SignalStrength( 440): getLevel=4
D/StatusBar.NetworkController( 440): updateTelephonySignalStrength: mSignalStrength == 17(GSM) 99(CDMA)
V/AudioHardwareMSM8660( 138): AudioStreamOutMSM72xx::write(0x1393918, 4800) dev = headset_stereo_rx
V/AudioHardwareMSM8660( 138): AudioStreamOutMSM72xx::write(0x1393918, 4800) dev = headset_stereo_rx
V/AudioHardwareMSM8660( 138): AudioStreamOutMSM72xx::write(0x1393918, 4800) dev = headset_stereo_rx
D/WifiStateMachine( 312): ConnectedState{ what=131155 when=-5ms arg1=57 }
V/AudioHardwareMSM8660( 138): AudioStreamOutMSM72xx::write(0x1393918, 4800) dev = headset_stereo_rx
V/AudioHardwareMSM8660( 138): AudioStreamOutMSM72xx::write(0x1393918, 4800) dev = headset_stereo_rx
V/AudioHardwareMSM8660( 138): AudioStreamOutMSM72xx::write(0x1393918, 4800) dev = headset_stereo_rx
D/WifiStateMachine( 312): ConnectedState{ what=131155 when=-4ms arg1=57 }
V/AudioHardwareMSM8660( 138): AudioStreamOutMSM72xx::write(0x1393918, 4800) dev = headset_stereo_rx
V/AudioHardwareMSM8660( 138): AudioStreamOutMSM72xx::write(0x1393918, 4800) dev = headset_stereo_rx
V/AudioHardwareMSM8660( 138): AudioStreamOutMSM72xx::write(0x1393918, 4800) dev = headset_stereo_rx
V/AudioHardwareMSM8660( 138): AudioStreamOutMSM72xx::write(0x1393918, 4800) dev = headset_stereo_rx
W/SignalStrength( 312): getGsmLevel=4
W/SignalStrength( 312): getLevel=4
W/SignalStrength( 440): getGsmAsuLevel=18
W/SignalStrength( 440): getCdmaAsuLevel=99
D/StatusBar.NetworkController( 440): updateTelephonySignalStrength: mSignalStrength == 18(GSM) 99(CDMA)
W/SignalStrength( 440): getGsmLevel=4
W/SignalStrength( 440): getLevel=4
D/WifiStateMachine( 312): ConnectedState{ what=131155 when=-5ms arg1=57 }
V/AudioHardwareMSM8660( 138): AudioStreamOutMSM72xx::write(0x1393918, 4800) dev = headset_stereo_rx
V/AudioHardwareMSM8660( 138): AudioStreamOutMSM72xx::write(0x1393918, 4800) dev = headset_stereo_rx
V/AudioHardwareMSM8660( 138): AudioStreamOutMSM72xx::write(0x1393918, 4800) dev = headset_stereo_rx
V/AudioHardwareMSM8660( 138): AudioStreamOutMSM72xx::write(0x1393918, 4800) dev = headset_stereo_rx
D/WifiStateMachine( 312): ConnectedState{ what=131155 when=-5ms arg1=57 }
V/AudioHardwareMSM8660( 138): AudioStreamOutMSM72xx::write(0x1393918, 4800) dev = headset_stereo_rx
V/AudioHardwareMSM8660( 138): AudioStreamOutMSM72xx::write(0x1393918, 4800) dev = headset_stereo_rx
V/AudioHardwareMSM8660( 138): AudioStreamOutMSM72xx::write(0x1393918, 4800) dev = headset_stereo_rx
V/AudioHardwareMSM8660( 138): AudioStreamOutMSM72xx::write(0x1393918, 4800) dev = headset_stereo_rx
D/WifiStateMachine( 312): ConnectedState{ what=131155 when=-5ms arg1=57 }
V/AudioHardwareMSM8660( 138): AudioStreamOutMSM72xx::write(0x1393918, 4800) dev = headset_stereo_rx
V/AudioHardwareMSM8660( 138): AudioStreamOutMSM72xx::write(0x1393918, 4800) dev = headset_stereo_rx
V/AudioHardwareMSM8660( 138): AudioStreamOutMSM72xx::write(0x1393918, 4800) dev = headset_stereo_rx
D/WifiStateMachine( 312): ConnectedState{ what=131155 when=-4ms arg1=57 }
V/AudioHardwareMSM8660( 138): AudioStreamOutMSM72xx::write(0x1393918, 4800) dev = headset_stereo_rx
V/AudioHardwareMSM8660( 138): AudioStreamOutMSM72xx::write(0x1393918, 4800) dev = headset_stereo_rx
V/AudioHardwareMSM8660( 138): AudioStreamOutMSM72xx::write(0x1393918, 4800) dev = headset_stereo_rx
W/SignalStrength( 312): getGsmLevel=4
W/SignalStrength( 312): getLevel=4
W/SignalStrength( 440): getGsmAsuLevel=16
W/SignalStrength( 440): getCdmaAsuLevel=99
W/SignalStrength( 440): getGsmLevel=4
W/SignalStrength( 440): getLevel=4
D/StatusBar.NetworkController( 440): updateTelephonySignalStrength: mSignalStrength == 16(GSM) 99(CDMA)
V/AudioHardwareMSM8660( 138): AudioStreamOutMSM72xx::write(0x1393918, 4800) dev = headset_stereo_rx
D/WifiStateMachine( 312): ConnectedState{ what=131155 when=-2ms arg1=57 }
V/AudioHardwareMSM8660( 138): AudioStreamOutMSM72xx::write(0x1393918, 4800) dev = headset_stereo_rx
V/AudioHardwareMSM8660( 138): AudioStreamOutMSM72xx::write(0x1393918, 4800) dev = headset_stereo_rx
V/AudioHardwareMSM8660( 138): AudioStreamOutMSM72xx::write(0x1393918, 4800) dev = headset_stereo_rx
W/SignalStrength( 312): getGsmLevel=4
W/SignalStrength( 312): getLevel=4
W/SignalStrength( 440): getGsmAsuLevel=15
W/SignalStrength( 440): getCdmaAsuLevel=99
W/SignalStrength( 440): getGsmLevel=4
W/SignalStrength( 440): getLevel=4
D/StatusBar.NetworkController( 440): updateTelephonySignalStrength: mSignalStrength == 15(GSM) 99(CDMA)
V/AudioHardwareMSM8660( 138): AudioStreamOutMSM72xx::write(0x1393918, 4800) dev = headset_stereo_rx
D/WifiStateMachine( 312): ConnectedState{ what=131155 when=-3ms arg1=57 }
V/AudioHardwareMSM8660( 138): AudioStreamOutMSM72xx::write(0x1393918, 4800) dev = headset_stereo_rx
I/CpuGovernorService( 312): intent action: android.intent.action.SCREEN_OFF
D/WifiStateMachine( 312): ConnectedState{ what=131154 when=-1ms }
D/WifiStateMachine( 312): ConnectedState{ what=131163 when=-2ms arg1=1 }
D/WifiStateMachine( 312): ConnectModeState{ what=131163 when=-2ms arg1=1 }
D/WifiStateMachine( 312): DriverStartedState{ what=131163 when=-2ms arg1=1 }
D/WifiStateMachine( 312): SupplicantStartedState{ what=131163 when=-2ms arg1=1 }
D/WifiStateMachine( 312): DefaultState{ what=131163 when=-2ms arg1=1 }
V/AudioHardwareMSM8660( 138): setParameters() screen_state=off
D/AccelerometerListener( 600): enable(false)
V/AudioHardwareMSM8660( 138): AudioStreamOutMSM72xx::write(0x1393918, 4800) dev = headset_stereo_rx
V/AudioHardwareMSM8660( 138): AudioStreamOutMSM72xx::write(0x1393918, 4800) dev = headset_stereo_rx
D/WifiStateMachine( 312): ConnectedState{ what=131155 when=-2ms arg1=57 }
V/AudioHardwareMSM8660( 138): AudioStreamOutMSM72xx::write(0x1393918, 4800) dev = headset_stereo_rx
V/AudioHardwareMSM8660( 138): AudioStreamOutMSM72xx::write(0x1393918, 4800) dev = headset_stereo_rx
I/ActivityManager( 312): Start proc com.google.android.gm for service com.google.android.gm/.provider.MailIndexerService: pid=9878 uid=10020 gids={3003, 1015}
I/ActivityThread( 9878): Pub gmail-ls: com.google.android.gm.provider.MailProvider
I/ActivityThread( 9878): Pub com.google.android.gmail.SuggestionProvider: com.google.android.gm.SuggestionsProvider
I/ActivityThread( 9878): Pub com.google.android.gm: com.google.android.gm.provider.PublicContentProvider
V/AudioHardwareMSM8660( 138): AudioStreamOutMSM72xx::write(0x1393918, 4800) dev = headset_stereo_rx
I/Gmail ( 9878): calculateUnknownSyncRationalesAndPurgeInBackground: queueing
I/Gmail ( 9878): calculateUnknownSyncRationalesAndPurgeInBackground: queueing
I/Gmail ( 9878): calculateUnknownSyncRationalesAndPurgeInBackground: running
I/Gmail ( 9878): calculateUnknownSyncRationalesAndPurgeInBackground: running
V/AudioHardwareMSM8660( 138): AudioStreamOutMSM72xx::write(0x1393918, 4800) dev = headset_stereo_rx
I/LockScreenResourceLoader( 312): root:Lockscreen
I/ResourceManager( 312): load image default_album_cover.png
V/AudioHardwareMSM8660( 138): AudioStreamOutMSM72xx::write(0x1393918, 4800) dev = headset_stereo_rx
I/ScreenElementRoot( 312): init target density: 240
I/MiAdvancedView( 312): RenderThread started
D/PhoneStatusBar( 440): disable: < expand icons alerts ticker system_info back home RECENT* clock > D/PhoneStatusBar( 440): disable: < EXPAND* icons alerts TICKER* system_info back home RECENT clock > I/Adreno200-EGLSUB( 312): : Format RGBA_8888.
D/memalloc( 135): ion: Allocated buffer base:0x42386000 size:1658880 fd:32 1000000 0
D/memalloc( 312): ion: Mapped buffer base:0x61f79000 size:1658880 offset:0 fd:319
I/TextScreenElement( 312): onVisibilityChange: true
I/TextScreenElement( 312): onVisibilityChange: false
I/ResourceManager( 312): load image sliding_panel_visualization_bg.png
D/PhoneStatusBar( 440): disable: < EXPAND icons alerts TICKER system_info BACK* HOME* RECENT clock > I/ResourceManager( 312): load image sliding_panel_visualization_dot_bar.png
I/ResourceManager( 312): load image sliding_panel_visualization_dot_bar_shadow.png
I/TextScreenElement( 312): onVisibilityChange: true
W/ApplicationContext( 312): Unable to create files directory files
D/memalloc( 135): ion: Allocated buffer base:0x42a3b000 size:1658880 fd:38 1000000 0
D/memalloc( 312): ion: Mapped buffer base:0x62c94000 size:1658880 offset:0 fd:325
E/AudioHardwareMSM8660( 138): AudioStreamOutMSM72xx : sampleRate
E/AudioHardwareMSM8660( 138): AudioStreamOutMSM72xx: channels
E/AudioHardwareMSM8660( 138): AudioStreamOutMSM72xx: format
I/Adreno200-EGLSUB( 135): : Android Image
I/Adreno200-EGLSUB( 135): : RGBA_8888
I/TextScreenElement( 312): onVisibilityChange: true
D/FramerateTokenList( 312): createToken: miui.app.screenelement.elements.MusicControlScreenElement@433a1e68
D/FramerateTokenList( 312): requestFramerate: 30 by:miui.app.screenelement.elements.MusicControlScreenElement@433a1e68
I/TextScreenElement( 312): onVisibilityChange: true
I/TextScreenElement( 312): onVisibilityChange: true
I/TextScreenElement( 312): onVisibilityChange: true
I/TextScreenElement( 312): onVisibilityChange: true
I/TextScreenElement( 312): onVisibilityChange: true
I/TextScreenElement( 312): onVisibilityChange: true
I/TextScreenElement( 312): onVisibilityChange: true
I/ResourceManager( 312): load image lock_screen_bar_time_0.png
I/ResourceManager( 312): load image lock_screen_bar_time_dot.png
I/ResourceManager( 312): load image lock_screen_bar_time_1.png
I/ResourceManager( 312): load image lock_screen_bar_time_5.png
I/TextScreenElement( 312): onVisibilityChange: true
I/TextScreenElement( 312): onVisibilityChange: true
I/TextScreenElement( 312): onVisibilityChange: true
I/TextScreenElement( 312): onVisibilityChange: true
I/TextScreenElement( 312): onVisibilityChange: true
I/TextScreenElement( 312): onVisibilityChange: true
I/TextScreenElement( 312): onVisibilityChange: false
I/TextScreenElement( 312): onVisibilityChange: false
I/TextScreenElement( 312): onVisibilityChange: true
I/TextScreenElement( 312): onVisibilityChange: true
I/TextScreenElement( 312): onVisibilityChange: true
I/TextScreenElement( 312): onVisibilityChange: false
I/TextScreenElement( 312): onVisibilityChange: false
I/TextScreenElement( 312): onVisibilityChange: false
I/TextScreenElement( 312): onVisibilityChange: true
I/TextScreenElement( 312): onVisibilityChange: true
I/TextScreenElement( 312): onVisibilityChange: true
I/TextScreenElement( 312): onVisibilityChange: true
I/TextScreenElement( 312): onVisibilityChange: true
I/TextScreenElement( 312): onVisibilityChange: true
I/TextScreenElement( 312): onVisibilityChange: true
I/TextScreenElement( 312): onVisibilityChange: true
I/TextScreenElement( 312): onVisibilityChange: true
I/TextScreenElement( 312): onVisibilityChange: true
I/TextScreenElement( 312): onVisibilityChange: true
I/TextScreenElement( 312): onVisibilityChange: true
I/TextScreenElement( 312): onVisibilityChange: true
I/TextScreenElement( 312): onVisibilityChange: false
I/TextScreenElement( 312): onVisibilityChange: false
I/TextScreenElement( 312): onVisibilityChange: true
I/TextScreenElement( 312): onVisibilityChange: true
I/TextScreenElement( 312): onVisibilityChange: true
I/TextScreenElement( 312): onVisibilityChange: false
I/TextScreenElement( 312): onVisibilityChange: false
I/TextScreenElement( 312): onVisibilityChange: false
I/NotifierManager( 312): acquireNotifier:Battery miui.app.screenelement.data.BatteryVariableUpdater@41bac1b0
I/NotifierManager( 312): onRegister: miui.app.screenelement.NotifierManager$BatteryNotifier@41f97930
I/NotifierManager( 312): onNotify: miui.app.screenelement.NotifierManager$BatteryNotifier@41f97930
V/SmsProvider( 600): Start query content://sms/inbox with selection seen=0 and args null
V/SmsProvider( 600): Query content://sms/inbox with selection (seen=0) AND (deleted = 0) and args nullreturns 0 results
I/NotifierManager( 312): onUnregister: miui.app.screenelement.NotifierManager$BatteryNotifier@41f97930
I/MiAdvancedView( 312): RenderThread paused, waiting for signal
I/ResourceManager( 312): load image unlock_mask_bg_top.png
I/ResourceManager( 312): load image unlock_mask_bg_bottom.png
I/ResourceManager( 312): load image music_bg.png
V/SmsProvider( 600): Start query content://sms/inbox with selection seen=0 AND read=0 and args null
V/SmsProvider( 600): Query content://sms/inbox with selection (seen=0 AND read=0) AND (deleted = 0) and args nullreturns 0 results
I/ResourceManager( 312): load image sliding_panel_visualization_bg_2.png
I/ResourceManager( 312): load image phonorecord_5.png
I/ResourceManager( 312): load image phonorecord_rotation.png
I/ResourceManager( 312): load image phonorecord_source_1.png
I/ResourceManager( 312): load image music_album_cover_mask.png
I/ResourceManager( 312): load image unlock_top_p.png
I/ResourceManager( 312): load image music_album_cover.png
I/ResourceManager( 312): load image music_pre_n.png
I/ResourceManager( 312): load image music_next_n.png
I/ResourceManager( 312): load image music_pause_n.png
I/ResourceManager( 312): load image unlock_mask_bg_pressed.png
I/ResourceManager( 312): load image unlock_bg.png
I/ResourceManager( 312): load image unlock_camera_n.png
I/ResourceManager( 312): load image unlock_phone_n.png
I/ResourceManager( 312): load image unlock_home_n.png
I/ResourceManager( 312): load image unlock_sms_n.png
I/ResourceManager( 312): load image lock_button_music.png
I/ResourceManager( 312): load image lock_button_1.png
D/memalloc( 135): ion: Allocated buffer base:0x42cd0000 size:1658880 fd:44 1000000 0
D/memalloc( 312): ion: Mapped buffer base:0x6375d000 size:1658880 offset:0 fd:317
I/ContentProviderBinder( 312): query result count: 0 content://call_log/calls
I/ContentProviderBinder( 312): query result count: 0 content://sms/inbox
I/Adreno200-EGLSUB( 135): : Android Image
I/Adreno200-EGLSUB( 135): : RGBA_8888
I/ContentProviderBinder( 312): query result count: 0 content://call_log/calls
I/ContentProviderBinder( 312): query result count: 0 content://sms/inbox
E/DatabaseUtils( 558): Writing exception to parcel
E/DatabaseUtils( 558): android.database.sqlite.SQLiteException: near ")": syntax error: , while compiling: SELECT DISTINCT display_name FROM view_data data WHERE (1) AND ((PHONE_NUMBERS_EQUAL(data1,)))
E/DatabaseUtils( 558): at android.database.sqlite.SQLiteCompiledSql.native_compile(Native Method)
E/DatabaseUtils( 558): at android.database.sqlite.SQLiteCompiledSql.(SQLiteCompiledSql.java:68)
E/DatabaseUtils( 558): at android.database.sqlite.SQLiteQueryBuilder.validateSql(SQLiteQueryBuilder.java:366)
E/DatabaseUtils( 558): at android.database.sqlite.SQLiteQueryBuilder.query(SQLiteQueryBuilder.java:344)
E/DatabaseUtils( 558): at com.android.providers.contacts.ContactsProvider2.a(ContactsProvider2.java:6450)
E/DatabaseUtils( 558): at com.android.providers.contacts.ContactsProvider2.a(ContactsProvider2.java:6221)
E/DatabaseUtils( 558): at com.android.providers.contacts.ContactsProvider2.query(ContactsProvider2.java:4945)
E/DatabaseUtils( 558): at android.content.ContentProvider$Transport.query(ContentProvider.java:178)
E/DatabaseUtils( 558): at android.content.ContentProviderNative.onTransact(ContentProviderNative.java:112)
E/DatabaseUtils( 558): at android.os.Binder.execTransact(Binder.java:338)
E/DatabaseUtils( 558): at dalvik.system.NativeStart.run(Native Method)
V/AudioHardwareMSM8660( 138): AudioStreamOutMSM72xx::write(0x1393918, 4800) dev = headset_stereo_rx
W/AsyncQuery( 312): Exception thrown during handling EVENT_ARG_QUERY
W/AsyncQuery( 312): android.database.sqlite.SQLiteException: near ")": syntax error: , while compiling: SELECT DISTINCT display_name FROM view_data data WHERE (1) AND ((PHONE_NUMBERS_EQUAL(data1,)))
W/AsyncQuery( 312): at android.database.DatabaseUtils.readExceptionFromParcel(DatabaseUtils.java:180)
W/AsyncQuery( 312): at android.database.DatabaseUtils.readExceptionFromParcel(DatabaseUtils.java:136)
W/AsyncQuery( 312): at android.content.ContentProviderProxy.query(ContentProviderNative.java:358)
W/AsyncQuery( 312): at android.content.ContentResolver.query(ContentResolver.java:311)
W/AsyncQuery( 312): at android.content.AsyncQueryHandler$WorkerHandler.handleMessage(AsyncQueryHandler.java:79)
W/AsyncQuery( 312): at miui.app.screenelement.data.ContentProviderBinder$QueryHandler$CatchingWorkerHandler.handleMessage(ContentProviderBinder.java:346)
W/AsyncQuery( 312): at android.os.Handler.dispatchMessage(Handler.java:99)
W/AsyncQuery( 312): at android.os.Looper.loop(Looper.java:137)
W/AsyncQuery( 312): at android.os.HandlerThread.run(HandlerThread.java:60)
E/DatabaseUtils( 558): Writing exception to parcel
E/DatabaseUtils( 558): android.database.sqlite.SQLiteException: near ")": syntax error: , while compiling: SELECT DISTINCT display_name FROM view_data data WHERE (1) AND ((PHONE_NUMBERS_EQUAL(data1,)))
E/DatabaseUtils( 558): at android.database.sqlite.SQLiteCompiledSql.native_compile(Native Method)
E/DatabaseUtils( 558): at android.database.sqlite.SQLiteCompiledSql.(SQLiteCompiledSql.java:68)
E/DatabaseUtils( 558): at android.database.sqlite.SQLiteQueryBuilder.validateSql(SQLiteQueryBuilder.java:366)
E/DatabaseUtils( 558): at android.database.sqlite.SQLiteQueryBuilder.query(SQLiteQueryBuilder.java:344)
E/DatabaseUtils( 558): at com.android.providers.contacts.ContactsProvider2.a(ContactsProvider2.java:6450)
E/DatabaseUtils( 558): at com.android.providers.contacts.ContactsProvider2.a(ContactsProvider2.java:6221)
E/DatabaseUtils( 558): at com.android.providers.contacts.ContactsProvider2.query(ContactsProvider2.java:4945)
E/DatabaseUtils( 558): at android.content.ContentProvider$Transport.query(ContentProvider.java:178)
E/DatabaseUtils( 558): at android.content.ContentProviderNative.onTransact(ContentProviderNative.java:112)
E/DatabaseUtils( 558): at android.os.Binder.execTransact(Binder.java:338)
E/DatabaseUtils( 558): at dalvik.system.NativeStart.run(Native Method)
W/AsyncQuery( 312): Exception thrown during handling EVENT_ARG_QUERY
W/AsyncQuery( 312): android.database.sqlite.SQLiteException: near ")": syntax error: , while compiling: SELECT DISTINCT display_name FROM view_data data WHERE (1) AND ((PHONE_NUMBERS_EQUAL(data1,)))
W/AsyncQuery( 312): at android.database.DatabaseUtils.readExceptionFromParcel(DatabaseUtils.java:180)
W/AsyncQuery( 312): at android.database.DatabaseUtils.readExceptionFromParcel(DatabaseUtils.java:136)
W/AsyncQuery( 312): at android.content.ContentProviderProxy.query(ContentProviderNative.java:358)
W/AsyncQuery( 312): at android.content.ContentResolver.query(ContentResolver.java:311)
W/AsyncQuery( 312): at android.content.AsyncQueryHandler$WorkerHandler.handleMessage(AsyncQueryHandler.java:79)
W/AsyncQuery( 312): at miui.app.screenelement.data.ContentProviderBinder$QueryHandler$CatchingWorkerHandler.handleMessage(ContentProviderBinder.java:346)
W/AsyncQuery( 312): at android.os.Handler.dispatchMessage(Handler.java:99)
W/AsyncQuery( 312): at android.os.Looper.loop(Looper.java:137)
W/AsyncQuery( 312): at android.os.HandlerThread.run(HandlerThread.java:60)
V/AudioHardwareMSM8660( 138): AudioStreamOutMSM72xx::write(0x1393918, 4800) dev = headset_stereo_rx
V/AudioHardwareMSM8660( 138): AudioStreamOutMSM72xx::write(0x1393918, 4800) dev = headset_stereo_rx
V/AudioHardwareMSM8660( 138): AudioStreamOutMSM72xx::write(0x1393918, 4800) dev = headset_stereo_rx
V/AudioHardwareMSM8660( 138): AudioStreamOutMSM72xx::write(0x1393918, 4800) dev = headset_stereo_rx
V/AudioHardwareMSM8660( 138): AudioStreamOutMSM72xx::write(0x1393918, 4800) dev = headset_stereo_rx
V/AudioHardwareMSM8660( 138): AudioStreamOutMSM72xx::write(0x1393918, 4800) dev = headset_stereo_rx
V/AudioHardwareMSM8660( 138): AudioStreamOutMSM72xx::write(0x1393918, 4800) dev = headset_stereo_rx
V/AudioHardwareMSM8660( 138): AudioStreamOutMSM72xx::write(0x1393918, 4800) dev = headset_stereo_rx
V/AudioHardwareMSM8660( 138): AudioStreamOutMSM72xx::write(0x1393918, 4800) dev = headset_stereo_rx
V/AudioHardwareMSM8660( 138): AudioStreamOutMSM72xx::write(0x1393918, 4800) dev = headset_stereo_rx
V/AudioHardwareMSM8660( 138): AudioStreamOutMSM72xx::write(0x1393918, 4800) dev = headset_stereo_rx
V/AudioHardwareMSM8660( 138): AudioStreamOutMSM72xx::write(0x1393918, 4800) dev = headset_stereo_rx
V/AudioHardwareMSM8660( 138): AudioStreamOutMSM72xx::write(0x1393918, 4800) dev = headset_stereo_rx
V/AudioHardwareMSM8660( 138): AudioStreamOutMSM72xx::write(0x1393918, 4800) dev = headset_stereo_rx
V/AudioHardwareMSM8660( 138): AudioStreamOutMSM72xx::write(0x1393918, 4800) dev = headset_stereo_rx
V/AudioHardwareMSM8660( 138): AudioStreamOutMSM72xx::write(0x1393918, 4800) dev = headset_stereo_rx
V/AudioHardwareMSM8660( 138): AudioStreamOutMSM72xx::write(0x1393918, 4800) dev = headset_stereo_rx
V/AudioHardwareMSM8660( 138): AudioStreamOutMSM72xx::write(0x1393918, 4800) dev = headset_stereo_rx
V/AudioHardwareMSM8660( 138): AudioStreamOutMSM72xx::write(0x1393918, 4800) dev = headset_stereo_rx
V/AudioHardwareMSM8660( 138): AudioStreamOutMSM72xx::write(0x1393918, 4800) dev = headset_stereo_rx
V/AudioHardwareMSM8660( 138): AudioStreamOutMSM72xx::write(0x1393918, 4800) dev = headset_stereo_rx
V/AudioHardwareMSM8660( 138): AudioStreamOutMSM72xx::write(0x1393918, 4800) dev = headset_stereo_rx
V/AudioHardwareMSM8660( 138): AudioStreamOutMSM72xx::write(0x1393918, 4800) dev = headset_stereo_rx
V/AudioHardwareMSM8660( 138): AudioStreamOutMSM72xx::write(0x1393918, 4800) dev = headset_stereo_rx
V/AudioHardwareMSM8660( 138): AudioStreamOutMSM72xx::write(0x1393918, 4800) dev = headset_stereo_rx
V/AudioHardwareMSM8660( 138): AudioStreamOutMSM72xx::write(0x1393918, 4800) dev = headset_stereo_rx
V/AudioHardwareMSM8660( 138): AudioStreamOutMSM72xx::write(0x1393918, 4800) dev = headset_stereo_rx
V/AudioHardwareMSM8660( 138): AudioStreamOutMSM72xx::write(0x1393918, 4800) dev = headset_stereo_rx
V/AudioHardwareMSM8660( 138): AudioStreamOutMSM72xx::write(0x1393918, 4800) dev = headset_stereo_rx
V/AudioHardwareMSM8660( 138): AudioStreamOutMSM72xx::write(0x1393918, 4800) dev = headset_stereo_rx
V/AudioHardwareMSM8660( 138): AudioStreamOutMSM72xx::write(0x1393918, 4800) dev = headset_stereo_rx
V/AudioHardwareMSM8660( 138): AudioStreamOutMSM72xx::write(0x1393918, 4800) dev = headset_stereo_rx
V/AudioHardwareMSM8660( 138): AudioStreamOutMSM72xx::write(0x1393918, 4800) dev = headset_stereo_rx
V/AudioHardwareMSM8660( 138): AudioStreamOutMSM72xx::write(0x1393918, 4800) dev = headset_stereo_rx
V/AudioHardwareMSM8660( 138): AudioStreamOutMSM72xx::write(0x1393918, 4800) dev = headset_stereo_rx
V/AudioHardwareMSM8660( 138): AudioStreamOutMSM72xx::write(0x1393918, 4800) dev = headset_stereo_rx
V/AudioHardwareMSM8660( 138): AudioStreamOutMSM72xx::write(0x1393918, 4800) dev = headset_stereo_rx
V/AudioHardwareMSM8660( 138): AudioStreamOutMSM72xx::write(0x1393918, 4800) dev = headset_stereo_rx
V/AudioHardwareMSM8660( 138): AudioStreamOutMSM72xx::write(0x1393918, 4800) dev = headset_stereo_rx
V/AudioHardwareMSM8660( 138): AudioStreamOutMSM72xx::write(0x1393918, 4800) dev = headset_stereo_rx
V/AudioHardwareMSM8660( 138): AudioStreamOutMSM72xx::write(0x1393918, 4800) dev = headset_stereo_rx
V/AudioHardwareMSM8660( 138): AudioStreamOutMSM72xx::write(0x1393918, 4800) dev = headset_stereo_rx
V/AudioHardwareMSM8660( 138): AudioStreamOutMSM72xx::write(0x1393918, 4800) dev = headset_stereo_rx
V/AudioHardwareMSM8660( 138): AudioStreamOutMSM72xx::write(0x1393918, 4800) dev = headset_stereo_rx
V/AudioHardwareMSM8660( 138): AudioStreamOutMSM72xx::write(0x1393918, 4800) dev = headset_stereo_rx
V/AudioHardwareMSM8660( 138): AudioStreamOutMSM72xx::write(0x1393918, 4800) dev = headset_stereo_rx
V/AudioHardwareMSM8660( 138): AudioStreamOutMSM72xx::write(0x1393918, 4800) dev = headset_stereo_rx
V/AudioHardwareMSM8660( 138): AudioStreamOutMSM72xx::write(0x1393918, 4800) dev = headset_stereo_rx
V/AudioHardwareMSM8660( 138): AudioStreamOutMSM72xx::write(0x1393918, 4800) dev = headset_stereo_rx
V/AudioHardwareMSM8660( 138): AudioStreamOutMSM72xx::write(0x1393918, 4800) dev = headset_stereo_rx
V/AudioHardwareMSM8660( 138): AudioStreamOutMSM72xx::write(0x1393918, 4800) dev = headset_stereo_rx
V/AudioHardwareMSM8660( 138): AudioStreamOutMSM72xx::write(0x1393918, 4800) dev = headset_stereo_rx
V/AudioHardwareMSM8660( 138): AudioStreamOutMSM72xx::write(0x1393918, 4800) dev = headset_stereo_rx
V/AudioHardwareMSM8660( 138): AudioStreamOutMSM72xx::write(0x1393918, 4800) dev = headset_stereo_rx
V/AudioHardwareMSM8660( 138): AudioStreamOutMSM72xx::write(0x1393918, 4800) dev = headset_stereo_rx
V/AudioHardwareMSM8660( 138): AudioStreamOutMSM72xx::write(0x1393918, 4800) dev = headset_stereo_rx
V/AudioHardwareMSM8660( 138): AudioStreamOutMSM72xx::write(0x1393918, 4800) dev = headset_stereo_rx
V/AudioHardwareMSM8660( 138): AudioStreamOutMSM72xx::write(0x1393918, 4800) dev = headset_stereo_rx
V/AudioHardwareMSM8660( 138): AudioStreamOutMSM72xx::write(0x1393918, 4800) dev = headset_stereo_rx
V/AudioHardwareMSM8660( 138): AudioStreamOutMSM72xx::write(0x1393918, 4800) dev = headset_stereo_rx
V/AudioHardwareMSM8660( 138): AudioStreamOutMSM72xx::write(0x1393918, 4800) dev = headset_stereo_rx
V/AudioHardwareMSM8660( 138): AudioStreamOutMSM72xx::write(0x1393918, 4800) dev = headset_stereo_rx
V/AudioHardwareMSM8660( 138): AudioStreamOutMSM72xx::write(0x1393918, 4800) dev = headset_stereo_rx
V/AudioHardwareMSM8660( 138): AudioStreamOutMSM72xx::write(0x1393918, 4800) dev = headset_stereo_rx
V/AudioHardwareMSM8660( 138): AudioStreamOutMSM72xx::write(0x1393918, 4800) dev = headset_stereo_rx
V/AudioHardwareMSM8660( 138): AudioStreamOutMSM72xx::write(0x1393918, 4800) dev = headset_stereo_rx
V/AudioHardwareMSM8660( 138): AudioStreamOutMSM72xx::write(0x1393918, 4800) dev = headset_stereo_rx
V/AudioHardwareMSM8660( 138): AudioStreamOutMSM72xx::write(0x1393918, 4800) dev = headset_stereo_rx
I/EventLogService( 510): Aggregate from 1339417915224 (log), 1339417915224 (data)
V/AudioHardwareMSM8660( 138): AudioStreamOutMSM72xx::write(0x1393918, 4800) dev = headset_stereo_rx
V/AudioHardwareMSM8660( 138): AudioStreamOutMSM72xx::write(0x1393918, 4800) dev = headset_stereo_rx
V/AudioHardwareMSM8660( 138): AudioStreamOutMSM72xx::write(0x1393918, 4800) dev = headset_stereo_rx
W/ThrottleService( 312): unable to find stats for iface rmnet0
V/AudioHardwareMSM8660( 138): AudioStreamOutMSM72xx::write(0x1393918, 4800) dev = headset_stereo_rx
V/AudioHardwareMSM8660( 138): AudioStreamOutMSM72xx::write(0x1393918, 4800) dev = headset_stereo_rx
V/AudioHardwareMSM8660( 138): AudioStreamOutMSM72xx::write(0x1393918, 4800) dev = headset_stereo_rx
V/AudioHardwareMSM8660( 138): AudioStreamOutMSM72xx::write(0x1393918, 4800) dev = headset_stereo_rx
V/AudioHardwareMSM8660( 138): AudioStreamOutMSM72xx::write(0x1393918, 4800) dev = headset_stereo_rx
V/AudioHardwareMSM8660( 138): AudioStreamOutMSM72xx::write(0x1393918, 4800) dev = headset_stereo_rx
V/AudioHardwareMSM8660( 138): AudioStreamOutMSM72xx::write(0x1393918, 4800) dev = headset_stereo_rx
V/AudioHardwareMSM8660( 138): AudioStreamOutMSM72xx::write(0x1393918, 4800) dev = headset_stereo_rx
V/AudioHardwareMSM8660( 138): AudioStreamOutMSM72xx::write(0x1393918, 4800) dev = headset_stereo_rx
V/AudioHardwareMSM8660( 138): AudioStreamOutMSM72xx::write(0x1393918, 4800) dev = headset_stereo_rx
V/AudioHardwareMSM8660( 138): AudioStreamOutMSM72xx::write(0x1393918, 4800) dev = headset_stereo_rx
V/AudioHardwareMSM8660( 138): AudioStreamOutMSM72xx::write(0x1393918, 4800) dev = headset_stereo_rx
V/AudioHardwareMSM8660( 138): AudioStreamOutMSM72xx::write(0x1393918, 4800) dev = headset_stereo_rx
V/AudioHardwareMSM8660( 138): AudioStreamOutMSM72xx::write(0x1393918, 4800) dev = headset_stereo_rx
V/AudioHardwareMSM8660( 138): AudioStreamOutMSM72xx::write(0x1393918, 4800) dev = headset_stereo_rx
V/AudioHardwareMSM8660( 138): AudioStreamOutMSM72xx::write(0x1393918, 4800) dev = headset_stereo_rx
V/AudioHardwareMSM8660( 138): AudioStreamOutMSM72xx::write(0x1393918, 4800) dev = headset_stereo_rx
V/AudioHardwareMSM8660( 138): AudioStreamOutMSM72xx::write(0x1393918, 4800) dev = headset_stereo_rx
V/AudioHardwareMSM8660( 138): AudioStreamOutMSM72xx::write(0x1393918, 4800) dev = headset_stereo_rx
V/AudioHardwareMSM8660( 138): AudioStreamOutMSM72xx::write(0x1393918, 4800) dev = headset_stereo_rx
V/AudioHardwareMSM8660( 138): AudioStreamOutMSM72xx::write(0x1393918, 4800) dev = headset_stereo_rx
V/AudioHardwareMSM8660( 138): AudioStreamOutMSM72xx::write(0x1393918, 4800) dev = headset_stereo_rx
V/AudioHardwareMSM8660( 138): AudioStreamOutMSM72xx::write(0x1393918, 4800) dev = headset_stereo_rx
V/AudioHardwareMSM8660( 138): AudioStreamOutMSM72xx::write(0x1393918, 4800) dev = headset_stereo_rx
V/AudioHardwareMSM8660( 138): AudioStreamOutMSM72xx::write(0x1393918, 4800) dev = headset_stereo_rx
V/AudioHardwareMSM8660( 138): AudioStreamOutMSM72xx::write(0x1393918, 4800) dev = headset_stereo_rx
V/AudioHardwareMSM8660( 138): AudioStreamOutMSM72xx::write(0x1393918, 4800) dev = headset_stereo_rx
V/AudioHardwareMSM8660( 138): AudioStreamOutMSM72xx::write(0x1393918, 4800) dev = headset_stereo_rx
V/AudioHardwareMSM8660( 138): AudioStreamOutMSM72xx::write(0x1393918, 4800) dev = headset_stereo_rx
V/AudioHardwareMSM8660( 138): AudioStreamOutMSM72xx::write(0x1393918, 4800) dev = headset_stereo_rx
V/AudioHardwareMSM8660( 138): AudioStreamOutMSM72xx::write(0x1393918, 4800) dev = headset_stereo_rx
V/AudioHardwareMSM8660( 138): AudioStreamOutMSM72xx::write(0x1393918, 4800) dev = headset_stereo_rx
V/AudioHardwareMSM8660( 138): AudioStreamOutMSM72xx::write(0x1393918, 4800) dev = headset_stereo_rx
V/AudioHardwareMSM8660( 138): AudioStreamOutMSM72xx::write(0x1393918, 4800) dev = headset_stereo_rx
V/AudioHardwareMSM8660( 138): AudioStreamOutMSM72xx::write(0x1393918, 4800) dev = headset_stereo_rx
V/AudioHardwareMSM8660( 138): AudioStreamOutMSM72xx::write(0x1393918, 4800) dev = headset_stereo_rx
V/AudioHardwareMSM8660( 138): AudioStreamOutMSM72xx::write(0x1393918, 4800) dev = headset_stereo_rx
V/AudioHardwareMSM8660( 138): AudioStreamOutMSM72xx::write(0x1393918, 4800) dev = headset_stereo_rx
V/AudioHardwareMSM8660( 138): AudioStreamOutMSM72xx::write(0x1393918, 4800) dev = headset_stereo_rx
V/AudioHardwareMSM8660( 138): AudioStreamOutMSM72xx::write(0x1393918, 4800) dev = headset_stereo_rx
V/AudioHardwareMSM8660( 138): AudioStreamOutMSM72xx::write(0x1393918, 4800) dev = headset_stereo_rx
V/AudioHardwareMSM8660( 138): AudioStreamOutMSM72xx::write(0x1393918, 4800) dev = headset_stereo_rx
V/AudioHardwareMSM8660( 138): AudioStreamOutMSM72xx::write(0x1393918, 4800) dev = headset_stereo_rx
V/AudioHardwareMSM8660( 138): AudioStreamOutMSM72xx::write(0x1393918, 4800) dev = headset_stereo_rx
V/AudioHardwareMSM8660( 138): AudioStreamOutMSM72xx::write(0x1393918, 4800) dev = headset_stereo_rx
V/AudioHardwareMSM8660( 138): AudioStreamOutMSM72xx::write(0x1393918, 4800) dev = headset_stereo_rx
V/AudioHardwareMSM8660( 138): AudioStreamOutMSM72xx::write(0x1393918, 4800) dev = headset_stereo_rx
V/AudioHardwareMSM8660( 138): AudioStreamOutMSM72xx::write(0x1393918, 4800) dev = headset_stereo_rx
V/AudioHardwareMSM8660( 138): AudioStreamOutMSM72xx::write(0x1393918, 4800) dev = headset_stereo_rx
V/AudioHardwareMSM8660( 138): AudioStreamOutMSM72xx::write(0x1393918, 4800) dev = headset_stereo_rx
V/AudioHardwareMSM8660( 138): AudioStreamOutMSM72xx::write(0x1393918, 4800) dev = headset_stereo_rx
V/AudioHardwareMSM8660( 138): AudioStreamOutMSM72xx::write(0x1393918, 4800) dev = headset_stereo_rx
V/AudioHardwareMSM8660( 138): AudioStreamOutMSM72xx::write(0x1393918, 4800) dev = headset_stereo_rx
V/AudioHardwareMSM8660( 138): AudioStreamOutMSM72xx::write(0x1393918, 4800) dev = headset_stereo_rx
V/AudioHardwareMSM8660( 138): AudioStreamOutMSM72xx::write(0x1393918, 4800) dev = headset_stereo_rx
V/AudioHardwareMSM8660( 138): AudioStreamOutMSM72xx::write(0x1393918, 4800) dev = headset_stereo_rx
V/AudioHardwareMSM8660( 138): AudioStreamOutMSM72xx::write(0x1393918, 4800) dev = headset_stereo_rx
V/AudioHardwareMSM8660( 138): AudioStreamOutMSM72xx::write(0x1393918, 4800) dev = headset_stereo_rx
V/AudioHardwareMSM8660( 138): AudioStreamOutMSM72xx::write(0x1393918, 4800) dev = headset_stereo_rx
V/AudioHardwareMSM8660( 138): AudioStreamOutMSM72xx::write(0x1393918, 4800) dev = headset_stereo_rx
V/AudioHardwareMSM8660( 138): AudioStreamOutMSM72xx::write(0x1393918, 4800) dev = headset_stereo_rx
V/AudioHardwareMSM8660( 138): AudioStreamOutMSM72xx::write(0x1393918, 4800) dev = headset_stereo_rx
V/AudioHardwareMSM8660( 138): AudioStreamOutMSM72xx::write(0x1393918, 4800) dev = headset_stereo_rx
V/AudioHardwareMSM8660( 138): AudioStreamOutMSM72xx::write(0x1393918, 4800) dev = headset_stereo_rx
V/AudioHardwareMSM8660( 138): AudioStreamOutMSM72xx::write(0x1393918, 4800) dev = headset_stereo_rx
V/AudioHardwareMSM8660( 138): AudioStreamOutMSM72xx::write(0x1393918, 4800) dev = headset_stereo_rx
V/AudioHardwareMSM8660( 138): AudioStreamOutMSM72xx::write(0x1393918, 4800) dev = headset_stereo_rx
V/AudioHardwareMSM8660( 138): AudioStreamOutMSM72xx::write(0x1393918, 4800) dev = headset_stereo_rx
V/AudioHardwareMSM8660( 138): AudioStreamOutMSM72xx::write(0x1393918, 4800) dev = headset_stereo_rx
V/AudioHardwareMSM8660( 138): AudioStreamOutMSM72xx::write(0x1393918, 4800) dev = headset_stereo_rx
V/AudioHardwareMSM8660( 138): AudioStreamOutMSM72xx::write(0x1393918, 4800) dev = headset_stereo_rx
V/AudioHardwareMSM8660( 138): AudioStreamOutMSM72xx::write(0x1393918, 4800) dev = headset_stereo_rx
V/AudioHardwareMSM8660( 138): AudioStreamOutMSM72xx::write(0x1393918, 4800) dev = headset_stereo_rx
V/AudioHardwareMSM8660( 138): AudioStreamOutMSM72xx::write(0x1393918, 4800) dev = headset_stereo_rx
V/AudioHardwareMSM8660( 138): AudioStreamOutMSM72xx::write(0x1393918, 4800) dev = headset_stereo_rx
V/AudioHardwareMSM8660( 138): AudioStreamOutMSM72xx::write(0x1393918, 4800) dev = headset_stereo_rx
V/AudioHardwareMSM8660( 138): AudioStreamOutMSM72xx::write(0x1393918, 4800) dev = headset_stereo_rx
V/AudioHardwareMSM8660( 138): AudioStreamOutMSM72xx::write(0x1393918, 4800) dev = headset_stereo_rx
V/AudioHardwareMSM8660( 138): AudioStreamOutMSM72xx::write(0x1393918, 4800) dev = headset_stereo_rx
V/AudioHardwareMSM8660( 138): AudioStreamOutMSM72xx::write(0x1393918, 4800) dev = headset_stereo_rx
V/AudioHardwareMSM8660( 138): AudioStreamOutMSM72xx::write(0x1393918, 4800) dev = headset_stereo_rx
V/AudioHardwareMSM8660( 138): AudioStreamOutMSM72xx::write(0x1393918, 4800) dev = headset_stereo_rx
V/AudioHardwareMSM8660( 138): AudioStreamOutMSM72xx::write(0x1393918, 4800) dev = headset_stereo_rx
V/AudioHardwareMSM8660( 138): AudioStreamOutMSM72xx::write(0x1393918, 4800) dev = headset_stereo_rx
V/AudioHardwareMSM8660( 138): AudioStreamOutMSM72xx::write(0x1393918, 4800) dev = headset_stereo_rx
V/AudioHardwareMSM8660( 138): AudioStreamOutMSM72xx::write(0x1393918, 4800) dev = headset_stereo_rx
V/AudioHardwareMSM8660( 138): AudioStreamOutMSM72xx::write(0x1393918, 4800) dev = headset_stereo_rx
V/AudioHardwareMSM8660( 138): AudioStreamOutMSM72xx::write(0x1393918, 4800) dev = headset_stereo_rx
V/AudioHardwareMSM8660( 138): AudioStreamOutMSM72xx::write(0x1393918, 4800) dev = headset_stereo_rx
V/AudioHardwareMSM8660( 138): AudioStreamOutMSM72xx::write(0x1393918, 4800) dev = headset_stereo_rx
V/AudioHardwareMSM8660( 138): AudioStreamOutMSM72xx::write(0x1393918, 4800) dev = headset_stereo_rx
V/AudioHardwareMSM8660( 138): AudioStreamOutMSM72xx::write(0x1393918, 4800) dev = headset_stereo_rx
V/AudioHardwareMSM8660( 138): AudioStreamOutMSM72xx::write(0x1393918, 4800) dev = headset_stereo_rx
V/AudioHardwareMSM8660( 138): AudioStreamOutMSM72xx::write(0x1393918, 4800) dev = headset_stereo_rx
V/AudioHardwareMSM8660( 138): AudioStreamOutMSM72xx::write(0x1393918, 4800) dev = headset_stereo_rx
V/AudioHardwareMSM8660( 138): AudioStreamOutMSM72xx::write(0x1393918, 4800) dev = headset_stereo_rx
V/AudioHardwareMSM8660( 138): AudioStreamOutMSM72xx::write(0x1393918, 4800) dev = headset_stereo_rx
V/AudioHardwareMSM8660( 138): AudioStreamOutMSM72xx::write(0x1393918, 4800) dev = headset_stereo_rx
V/AudioHardwareMSM8660( 138): AudioStreamOutMSM72xx::write(0x1393918, 4800) dev = headset_stereo_rx
V/AudioHardwareMSM8660( 138): AudioStreamOutMSM72xx::write(0x1393918, 4800) dev = headset_stereo_rx
V/AudioHardwareMSM8660( 138): AudioStreamOutMSM72xx::write(0x1393918, 4800) dev = headset_stereo_rx
V/AudioHardwareMSM8660( 138): AudioStreamOutMSM72xx::write(0x1393918, 4800) dev = headset_stereo_rx
V/AudioHardwareMSM8660( 138): AudioStreamOutMSM72xx::write(0x1393918, 4800) dev = headset_stereo_rx
V/AudioHardwareMSM8660( 138): AudioStreamOutMSM72xx::write(0x1393918, 4800) dev = headset_stereo_rx
V/AudioHardwareMSM8660( 138): AudioStreamOutMSM72xx::write(0x1393918, 4800) dev = headset_stereo_rx
V/AudioHardwareMSM8660( 138): AudioStreamOutMSM72xx::write(0x1393918, 4800) dev = headset_stereo_rx
V/AudioHardwareMSM8660( 138): AudioStreamOutMSM72xx::write(0x1393918, 4800) dev = headset_stereo_rx
V/AudioHardwareMSM8660( 138): AudioStreamOutMSM72xx::write(0x1393918, 4800) dev = headset_stereo_rx
V/AudioHardwareMSM8660( 138): AudioStreamOutMSM72xx::write(0x1393918, 4800) dev = headset_stereo_rx
V/AudioHardwareMSM8660( 138): AudioStreamOutMSM72xx::write(0x1393918, 4800) dev = headset_stereo_rx
V/AudioHardwareMSM8660( 138): AudioStreamOutMSM72xx::write(0x1393918, 4800) dev = headset_stereo_rx
V/AudioHardwareMSM8660( 138): AudioStreamOutMSM72xx::write(0x1393918, 4800) dev = headset_stereo_rx
V/AudioHardwareMSM8660( 138): AudioStreamOutMSM72xx::write(0x1393918, 4800) dev = headset_stereo_rx
V/AudioHardwareMSM8660( 138): AudioStreamOutMSM72xx::write(0x1393918, 4800) dev = headset_stereo_rx
V/AudioHardwareMSM8660( 138): AudioStreamOutMSM72xx::write(0x1393918, 4800) dev = headset_stereo_rx
V/AudioHardwareMSM8660( 138): AudioStreamOutMSM72xx::write(0x1393918, 4800) dev = headset_stereo_rx
V/AudioHardwareMSM8660( 138): AudioStreamOutMSM72xx::write(0x1393918, 4800) dev = headset_stereo_rx
V/AudioHardwareMSM8660( 138): AudioStreamOutMSM72xx::write(0x1393918, 4800) dev = headset_stereo_rx
V/AudioHardwareMSM8660( 138): AudioStreamOutMSM72xx::write(0x1393918, 4800) dev = headset_stereo_rx
V/AudioHardwareMSM8660( 138): AudioStreamOutMSM72xx::write(0x1393918, 4800) dev = headset_stereo_rx
V/AudioHardwareMSM8660( 138): AudioStreamOutMSM72xx::write(0x1393918, 4800) dev = headset_stereo_rx
V/AudioHardwareMSM8660( 138): AudioStreamOutMSM72xx::write(0x1393918, 4800) dev = headset_stereo_rx
V/AudioHardwareMSM8660( 138): AudioStreamOutMSM72xx::write(0x1393918, 4800) dev = headset_stereo_rx
V/AudioHardwareMSM8660( 138): AudioStreamOutMSM72xx::write(0x1393918, 4800) dev = headset_stereo_rx
V/AudioHardwareMSM8660( 138): AudioStreamOutMSM72xx::write(0x1393918, 4800) dev = headset_stereo_rx
V/AudioHardwareMSM8660( 138): AudioStreamOutMSM72xx::write(0x1393918, 4800) dev = headset_stereo_rx
V/AudioHardwareMSM8660( 138): AudioStreamOutMSM72xx::write(0x1393918, 4800) dev = headset_stereo_rx
V/AudioHardwareMSM8660( 138): AudioStreamOutMSM72xx::write(0x1393918, 4800) dev = headset_stereo_rx
V/AudioHardwareMSM8660( 138): AudioStreamOutMSM72xx::write(0x1393918, 4800) dev = headset_stereo_rx
V/AudioHardwareMSM8660( 138): AudioStreamOutMSM72xx::write(0x1393918, 4800) dev = headset_stereo_rx
V/AudioHardwareMSM8660( 138): AudioStreamOutMSM72xx::write(0x1393918, 4800) dev = headset_stereo_rx
V/AudioHardwareMSM8660( 138): AudioStreamOutMSM72xx::write(0x1393918, 4800) dev = headset_stereo_rx
V/AudioHardwareMSM8660( 138): AudioStreamOutMSM72xx::write(0x1393918, 4800) dev = headset_stereo_rx
V/AudioHardwareMSM8660( 138): AudioStreamOutMSM72xx::write(0x1393918, 4800) dev = headset_stereo_rx
V/AudioHardwareMSM8660( 138): AudioStreamOutMSM72xx::write(0x1393918, 4800) dev = headset_stereo_rx
V/AudioHardwareMSM8660( 138): AudioStreamOutMSM72xx::write(0x1393918, 4800) dev = headset_stereo_rx
V/AudioHardwareMSM8660( 138): AudioStreamOutMSM72xx::write(0x1393918, 4800) dev = headset_stereo_rx
V/AudioHardwareMSM8660( 138): AudioStreamOutMSM72xx::write(0x1393918, 4800) dev = headset_stereo_rx
V/AudioHardwareMSM8660( 138): AudioStreamOutMSM72xx::write(0x1393918, 4800) dev = headset_stereo_rx
V/AudioHardwareMSM8660( 138): AudioStreamOutMSM72xx::write(0x1393918, 4800) dev = headset_stereo_rx
V/AudioHardwareMSM8660( 138): AudioStreamOutMSM72xx::write(0x1393918, 4800) dev = headset_stereo_rx
V/AudioHardwareMSM8660( 138): AudioStreamOutMSM72xx::write(0x1393918, 4800) dev = headset_stereo_rx
V/AudioHardwareMSM8660( 138): AudioStreamOutMSM72xx::write(0x1393918, 4800) dev = headset_stereo_rx
V/AudioHardwareMSM8660( 138): AudioStreamOutMSM72xx::write(0x1393918, 4800) dev = headset_stereo_rx
V/AudioHardwareMSM8660( 138): AudioStreamOutMSM72xx::write(0x1393918, 4800) dev = headset_stereo_rx
