10-07 19:26:54.750 E/LocSvc_adapter(312): I/<--- int32 loc_event_cb(void*, rpc_loc_client_handle_type, rpc_loc_event_mask_type, const rpc_loc_event_payload_u_type*) line 70 RPC_LOC_EVENT_NMEA_1HZ_REPORT
10-07 19:26:54.750 E/LocSvc_eng(312): I/<=== nmea_cb line 1470 0x2873468
10-07 19:26:54.750 E/LocSvc_adapter(312): I/<--- int32 loc_event_cb(void*, rpc_loc_client_handle_type, rpc_loc_event_mask_type, const rpc_loc_event_payload_u_type*) line 70 RPC_LOC_EVENT_NMEA_1HZ_REPORT
10-07 19:26:54.750 E/LocSvc_eng(312): I/<=== nmea_cb line 1470 0x2873468
10-07 19:26:54.750 E/LocSvc_adapter(312): I/<--- int32 loc_event_cb(void*, rpc_loc_client_handle_type, rpc_loc_event_mask_type, const rpc_loc_event_payload_u_type*) line 70 RPC_LOC_EVENT_NMEA_1HZ_REPORT
10-07 19:26:54.750 E/LocSvc_eng(312): I/<=== nmea_cb line 1470 0x2601650
10-07 19:26:54.760 E/LocSvc_adapter(312): I/<--- int32 loc_event_cb(void*, rpc_loc_client_handle_type, rpc_loc_event_mask_type, const rpc_loc_event_payload_u_type*) line 70 RPC_LOC_EVENT_SATELLITE_REPORT
10-07 19:26:54.760 E/LocSvc_afw(312): I/<=== sv_status_cb - line 869 29
10-07 19:26:55.360 E/LocSvc_adapter(312): I/<--- int32 loc_event_cb(void*, rpc_loc_client_handle_type, rpc_loc_event_mask_type, const rpc_loc_event_payload_u_type*) line 70 RPC_LOC_EVENT_PARSED_POSITION_REPORT
10-07 19:26:55.720 E/LocSvc_adapter(312): I/<--- int32 loc_event_cb(void*, rpc_loc_client_handle_type, rpc_loc_event_mask_type, const rpc_loc_event_payload_u_type*) line 70 RPC_LOC_EVENT_NMEA_1HZ_REPORT
10-07 19:26:55.720 E/LocSvc_eng(312): I/<=== nmea_cb line 1470 0x2163be8
10-07 19:26:55.720 E/LocSvc_adapter(312): I/<--- int32 loc_event_cb(void*, rpc_loc_client_handle_type, rpc_loc_event_mask_type, const rpc_loc_event_payload_u_type*) line 70 RPC_LOC_EVENT_NMEA_1HZ_REPORT
10-07 19:26:55.720 E/LocSvc_eng(312): I/<=== nmea_cb line 1470 0x25d3a78
10-07 19:26:55.730 E/LocSvc_adapter(312): I/<--- int32 loc_event_cb(void*, rpc_loc_client_handle_type, rpc_loc_event_mask_type, const rpc_loc_event_payload_u_type*) line 70 RPC_LOC_EVENT_NMEA_1HZ_REPORT
10-07 19:26:55.730 E/LocSvc_eng(312): I/<=== nmea_cb line 1470 0x25d3a78
10-07 19:26:55.730 E/LocSvc_adapter(312): I/<--- int32 loc_event_cb(void*, rpc_loc_client_handle_type, rpc_loc_event_mask_type, const rpc_loc_event_payload_u_type*) line 70 RPC_LOC_EVENT_NMEA_1HZ_REPORT
10-07 19:26:55.730 E/LocSvc_eng(312): I/<=== nmea_cb line 1470 0x2163be8
10-07 19:26:55.730 E/LocSvc_adapter(312): I/<--- int32 loc_event_cb(void*, rpc_loc_client_handle_type, rpc_loc_event_mask_type, const rpc_loc_event_payload_u_type*) line 70 RPC_LOC_EVENT_NMEA_1HZ_REPORT
10-07 19:26:55.730 E/LocSvc_eng(312): I/<=== nmea_cb line 1470 0x2873468
10-07 19:26:55.740 E/LocSvc_adapter(312): I/<--- int32 loc_event_cb(void*, rpc_loc_client_handle_type, rpc_loc_event_mask_type, const rpc_loc_event_payload_u_type*) line 70 RPC_LOC_EVENT_NMEA_1HZ_REPORT
10-07 19:26:55.740 E/LocSvc_eng(312): I/<=== nmea_cb line 1470 0x2873468
10-07 19:26:55.740 E/LocSvc_adapter(312): I/<--- int32 loc_event_cb(void*, rpc_loc_client_handle_type, rpc_loc_event_mask_type, const rpc_loc_event_payload_u_type*) line 70 RPC_LOC_EVENT_NMEA_1HZ_REPORT
10-07 19:26:55.740 E/LocSvc_eng(312): I/<=== nmea_cb line 1470 0x2873468
10-07 19:26:55.740 E/LocSvc_adapter(312): I/<--- int32 loc_event_cb(void*, rpc_loc_client_handle_type, rpc_loc_event_mask_type, const rpc_loc_event_payload_u_type*) line 70 RPC_LOC_EVENT_NMEA_1HZ_REPORT
10-07 19:26:55.740 E/LocSvc_eng(312): I/<=== nmea_cb line 1470 0x21f74f0
10-07 19:26:55.750 E/LocSvc_adapter(312): I/<--- int32 loc_event_cb(void*, rpc_loc_client_handle_type, rpc_loc_event_mask_type, const rpc_loc_event_payload_u_type*) line 70 RPC_LOC_EVENT_SATELLITE_REPORT
10-07 19:26:55.750 E/LocSvc_afw(312): I/<=== sv_status_cb - line 869 29
10-07 19:26:56.370 E/LocSvc_adapter(312): I/<--- int32 loc_event_cb(void*, rpc_loc_client_handle_type, rpc_loc_event_mask_type, const rpc_loc_event_payload_u_type*) line 70 RPC_LOC_EVENT_PARSED_POSITION_REPORT
10-07 19:26:56.710 E/LocSvc_adapter(312): I/<--- int32 loc_event_cb(void*, rpc_loc_client_handle_type, rpc_loc_event_mask_type, const rpc_loc_event_payload_u_type*) line 70 RPC_LOC_EVENT_NMEA_1HZ_REPORT
10-07 19:26:56.710 E/LocSvc_eng(312): I/<=== nmea_cb line 1470 0x2163be8
10-07 19:26:56.720 E/LocSvc_adapter(312): I/<--- int32 loc_event_cb(void*, rpc_loc_client_handle_type, rpc_loc_event_mask_type, const rpc_loc_event_payload_u_type*) line 70 RPC_LOC_EVENT_NMEA_1HZ_REPORT
10-07 19:26:56.720 E/LocSvc_eng(312): I/<=== nmea_cb line 1470 0x2435968
10-07 19:26:56.720 E/LocSvc_adapter(312): I/<--- int32 loc_event_cb(void*, rpc_loc_client_handle_type, rpc_loc_event_mask_type, const rpc_loc_event_payload_u_type*) line 70 RPC_LOC_EVENT_NMEA_1HZ_REPORT
10-07 19:26:56.720 E/LocSvc_eng(312): I/<=== nmea_cb line 1470 0x2435968
10-07 19:26:56.720 E/LocSvc_adapter(312): I/<--- int32 loc_event_cb(void*, rpc_loc_client_handle_type, rpc_loc_event_mask_type, const rpc_loc_event_payload_u_type*) line 70 RPC_LOC_EVENT_NMEA_1HZ_REPORT
10-07 19:26:56.730 E/LocSvc_eng(312): I/<=== nmea_cb line 1470 0x2163be8
10-07 19:26:56.730 E/LocSvc_adapter(312): I/<--- int32 loc_event_cb(void*, rpc_loc_client_handle_type, rpc_loc_event_mask_type, const rpc_loc_event_payload_u_type*) line 70 RPC_LOC_EVENT_NMEA_1HZ_REPORT
10-07 19:26:56.730 E/LocSvc_eng(312): I/<=== nmea_cb line 1470 0x2873468
10-07 19:26:56.730 E/LocSvc_adapter(312): I/<--- int32 loc_event_cb(void*, rpc_loc_client_handle_type, rpc_loc_event_mask_type, const rpc_loc_event_payload_u_type*) line 70 RPC_LOC_EVENT_NMEA_1HZ_REPORT
10-07 19:26:56.730 E/LocSvc_eng(312): I/<=== nmea_cb line 1470 0x2873468
10-07 19:26:56.740 E/LocSvc_adapter(312): I/<--- int32 loc_event_cb(void*, rpc_loc_client_handle_type, rpc_loc_event_mask_type, const rpc_loc_event_payload_u_type*) line 70 RPC_LOC_EVENT_NMEA_1HZ_REPORT
10-07 19:26:56.740 E/LocSvc_eng(312): I/<=== nmea_cb line 1470 0x2873468
10-07 19:26:56.740 E/LocSvc_adapter(312): I/<--- int32 loc_event_cb(void*, rpc_loc_client_handle_type, rpc_loc_event_mask_type, const rpc_loc_event_payload_u_type*) line 70 RPC_LOC_EVENT_NMEA_1HZ_REPORT
10-07 19:26:56.740 E/LocSvc_eng(312): I/<=== nmea_cb line 1470 0x2473668
10-07 19:26:56.740 E/LocSvc_adapter(312): I/<--- int32 loc_event_cb(void*, rpc_loc_client_handle_type, rpc_loc_event_mask_type, const rpc_loc_event_payload_u_type*) line 70 RPC_LOC_EVENT_SATELLITE_REPORT
10-07 19:26:56.740 E/LocSvc_afw(312): I/<=== sv_status_cb - line 869 29
10-07 19:26:57.370 E/LocSvc_adapter(312): I/<--- int32 loc_event_cb(void*, rpc_loc_client_handle_type, rpc_loc_event_mask_type, const rpc_loc_event_payload_u_type*) line 70 RPC_LOC_EVENT_PARSED_POSITION_REPORT
10-07 19:26:57.710 E/LocSvc_adapter(312): I/<--- int32 loc_event_cb(void*, rpc_loc_client_handle_type, rpc_loc_event_mask_type, const rpc_loc_event_payload_u_type*) line 70 RPC_LOC_EVENT_NMEA_1HZ_REPORT
10-07 19:26:57.710 E/LocSvc_eng(312): I/<=== nmea_cb line 1470 0x2163be8
10-07 19:26:57.710 E/LocSvc_adapter(312): I/<--- int32 loc_event_cb(void*, rpc_loc_client_handle_type, rpc_loc_event_mask_type, const rpc_loc_event_payload_u_type*) line 70 RPC_LOC_EVENT_NMEA_1HZ_REPORT
10-07 19:26:57.720 E/LocSvc_eng(312): I/<=== nmea_cb line 1470 0x22e2320
10-07 19:26:57.720 E/LocSvc_adapter(312): I/<--- int32 loc_event_cb(void*, rpc_loc_client_handle_type, rpc_loc_event_mask_type, const rpc_loc_event_payload_u_type*) line 70 RPC_LOC_EVENT_NMEA_1HZ_REPORT
10-07 19:26:57.720 E/LocSvc_eng(312): I/<=== nmea_cb line 1470 0x22e2320
10-07 19:26:57.720 E/LocSvc_adapter(312): I/<--- int32 loc_event_cb(void*, rpc_loc_client_handle_type, rpc_loc_event_mask_type, const rpc_loc_event_payload_u_type*) line 70 RPC_LOC_EVENT_NMEA_1HZ_REPORT
10-07 19:26:57.720 E/LocSvc_eng(312): I/<=== nmea_cb line 1470 0x2163be8
10-07 19:26:57.730 E/LocSvc_adapter(312): I/<--- int32 loc_event_cb(void*, rpc_loc_client_handle_type, rpc_loc_event_mask_type, const rpc_loc_event_payload_u_type*) line 70 RPC_LOC_EVENT_NMEA_1HZ_REPORT
10-07 19:26:57.730 E/LocSvc_eng(312): I/<=== nmea_cb line 1470 0x2873468
10-07 19:26:57.730 D/memalloc(4091): ion: Unmapping buffer base:0x5e42f000 size:245760
10-07 19:26:57.740 E/LocSvc_adapter(312): I/<--- int32 loc_event_cb(void*, rpc_loc_client_handle_type, rpc_loc_event_mask_type, const rpc_loc_event_payload_u_type*) line 70 RPC_LOC_EVENT_NMEA_1HZ_REPORT
10-07 19:26:57.740 E/LocSvc_eng(312): I/<=== nmea_cb line 1470 0x2873468
10-07 19:26:57.740 E/LocSvc_adapter(312): I/<--- int32 loc_event_cb(void*, rpc_loc_client_handle_type, rpc_loc_event_mask_type, const rpc_loc_event_payload_u_type*) line 70 RPC_LOC_EVENT_NMEA_1HZ_REPORT
10-07 19:26:57.740 E/LocSvc_eng(312): I/<=== nmea_cb line 1470 0x2873468
10-07 19:26:57.750 E/LocSvc_adapter(312): I/<--- int32 loc_event_cb(void*, rpc_loc_client_handle_type, rpc_loc_event_mask_type, const rpc_loc_event_payload_u_type*) line 70 RPC_LOC_EVENT_NMEA_1HZ_REPORT
10-07 19:26:57.750 E/LocSvc_eng(312): I/<=== nmea_cb line 1470 0x2039c98
10-07 19:26:57.750 E/LocSvc_adapter(312): I/<--- int32 loc_event_cb(void*, rpc_loc_client_handle_type, rpc_loc_event_mask_type, const rpc_loc_event_payload_u_type*) line 70 RPC_LOC_EVENT_SATELLITE_REPORT
10-07 19:26:57.760 E/LocSvc_afw(312): I/<=== sv_status_cb - line 869 29
10-07 19:26:58.300 D/memalloc(131): ion: Freeing buffer base:0x4253b000 size:245760 fd:41
10-07 19:26:58.300 D/memalloc(131): ion: Unmapping buffer base:0x4253b000 size:245760
10-07 19:26:58.360 E/LocSvc_adapter(312): I/<--- int32 loc_event_cb(void*, rpc_loc_client_handle_type, rpc_loc_event_mask_type, const rpc_loc_event_payload_u_type*) line 70 RPC_LOC_EVENT_PARSED_POSITION_REPORT
10-07 19:26:58.710 E/LocSvc_adapter(312): I/<--- int32 loc_event_cb(void*, rpc_loc_client_handle_type, rpc_loc_event_mask_type, const rpc_loc_event_payload_u_type*) line 70 RPC_LOC_EVENT_NMEA_1HZ_REPORT
10-07 19:26:58.710 E/LocSvc_eng(312): I/<=== nmea_cb line 1470 0x2163be8
10-07 19:26:58.720 E/LocSvc_adapter(312): I/<--- int32 loc_event_cb(void*, rpc_loc_client_handle_type, rpc_loc_event_mask_type, const rpc_loc_event_payload_u_type*) line 70 RPC_LOC_EVENT_NMEA_1HZ_REPORT
10-07 19:26:58.720 E/LocSvc_eng(312): I/<=== nmea_cb line 1470 0x242d168
10-07 19:26:58.730 E/LocSvc_adapter(312): I/<--- int32 loc_event_cb(void*, rpc_loc_client_handle_type, rpc_loc_event_mask_type, const rpc_loc_event_payload_u_type*) line 70 RPC_LOC_EVENT_NMEA_1HZ_REPORT
10-07 19:26:58.730 E/LocSvc_eng(312): I/<=== nmea_cb line 1470 0x242d168
10-07 19:26:58.740 E/LocSvc_adapter(312): I/<--- int32 loc_event_cb(void*, rpc_loc_client_handle_type, rpc_loc_event_mask_type, const rpc_loc_event_payload_u_type*) line 70 RPC_LOC_EVENT_NMEA_1HZ_REPORT
10-07 19:26:58.740 E/LocSvc_eng(312): I/<=== nmea_cb line 1470 0x2163be8
10-07 19:26:58.740 E/LocSvc_adapter(312): I/<--- int32 loc_event_cb(void*, rpc_loc_client_handle_type, rpc_loc_event_mask_type, const rpc_loc_event_payload_u_type*) line 70 RPC_LOC_EVENT_NMEA_1HZ_REPORT
10-07 19:26:58.750 E/LocSvc_eng(312): I/<=== nmea_cb line 1470 0x2873468
10-07 19:26:58.750 E/LocSvc_adapter(312): I/<--- int32 loc_event_cb(void*, rpc_loc_client_handle_type, rpc_loc_event_mask_type, const rpc_loc_event_payload_u_type*) line 70 RPC_LOC_EVENT_NMEA_1HZ_REPORT
10-07 19:26:58.750 E/LocSvc_eng(312): I/<=== nmea_cb line 1470 0x2873468
10-07 19:26:58.760 E/LocSvc_adapter(312): I/<--- int32 loc_event_cb(void*, rpc_loc_client_handle_type, rpc_loc_event_mask_type, const rpc_loc_event_payload_u_type*) line 70 RPC_LOC_EVENT_NMEA_1HZ_REPORT
10-07 19:26:58.760 E/LocSvc_eng(312): I/<=== nmea_cb line 1470 0x2873468
10-07 19:26:58.760 E/LocSvc_adapter(312): I/<--- int32 loc_event_cb(void*, rpc_loc_client_handle_type, rpc_loc_event_mask_type, const rpc_loc_event_payload_u_type*) line 70 RPC_LOC_EVENT_NMEA_1HZ_REPORT
10-07 19:26:58.760 E/LocSvc_eng(312): I/<=== nmea_cb line 1470 0x2586408
10-07 19:26:58.770 E/LocSvc_adapter(312): I/<--- int32 loc_event_cb(void*, rpc_loc_client_handle_type, rpc_loc_event_mask_type, const rpc_loc_event_payload_u_type*) line 70 RPC_LOC_EVENT_SATELLITE_REPORT
10-07 19:26:58.770 E/LocSvc_afw(312): I/<=== sv_status_cb - line 869 29
10-07 19:26:59.360 E/LocSvc_adapter(312): I/<--- int32 loc_event_cb(void*, rpc_loc_client_handle_type, rpc_loc_event_mask_type, const rpc_loc_event_payload_u_type*) line 70 RPC_LOC_EVENT_PARSED_POSITION_REPORT
10-07 19:26:59.650 I/ActivityManager(312): START {act=android.intent.action.MAIN cat=[android.intent.category.HOME] flg=0x10200000 cmp=com.anddoes.launcher/.Launcher} from pid 312
10-07 19:26:59.680 D/memalloc(4091): ion: Unmapping buffer base:0x5e9b6000 size:798720
10-07 19:26:59.680 D/memalloc(4091): ion: Unmapping buffer base:0x5f586000 size:798720
10-07 19:26:59.680 D/memalloc(4091): ion: Unmapping buffer base:0x5f9e1000 size:798720
10-07 19:26:59.680 D/memalloc(131): ion: Freeing buffer base:0x425fc000 size:798720 fd:37
10-07 19:26:59.680 D/memalloc(131): ion: Unmapping buffer base:0x425fc000 size:798720
10-07 19:26:59.680 D/memalloc(131): ion: Freeing buffer base:0x422e3000 size:798720 fd:59
10-07 19:26:59.680 D/memalloc(131): ion: Unmapping buffer base:0x422e3000 size:798720
10-07 19:26:59.680 I/WindowManager(312): SCREENLAYOUT_SIZE (1:small, 2:normal, 3:large, 4:xlarge) 2
10-07 19:26:59.710 I/Adreno200-EGLSUB(12727): : Format RGBA_8888.
10-07 19:26:59.710 E/LocSvc_adapter(312): I/<--- int32 loc_event_cb(void*, rpc_loc_client_handle_type, rpc_loc_event_mask_type, const rpc_loc_event_payload_u_type*) line 70 RPC_LOC_EVENT_NMEA_1HZ_REPORT
10-07 19:26:59.710 E/LocSvc_eng(312): I/<=== nmea_cb line 1470 0x242d3b0
10-07 19:26:59.710 E/LocSvc_adapter(312): I/<--- int32 loc_event_cb(void*, rpc_loc_client_handle_type, rpc_loc_event_mask_type, const rpc_loc_event_payload_u_type*) line 70 RPC_LOC_EVENT_NMEA_1HZ_REPORT
10-07 19:26:59.710 E/LocSvc_eng(312): I/<=== nmea_cb line 1470 0x254a608
10-07 19:26:59.710 D/memalloc(131): ion: Allocated buffer base:0x431a4000 size:1658880 fd:37 1000000 0
10-07 19:26:59.710 D/memalloc(12727): ion: Mapped buffer base:0x5d188000 size:1658880 offset:0 fd:74
10-07 19:26:59.720 E/LocSvc_adapter(312): I/<--- int32 loc_event_cb(void*, rpc_loc_client_handle_type, rpc_loc_event_mask_type, const rpc_loc_event_payload_u_type*) line 70 RPC_LOC_EVENT_NMEA_1HZ_REPORT
10-07 19:26:59.720 E/LocSvc_eng(312): I/<=== nmea_cb line 1470 0x254a608
10-07 19:26:59.720 D/memalloc(131): ion: Allocated buffer base:0x43349000 size:1658880 fd:44 1000000 0
10-07 19:26:59.720 D/memalloc(12727): ion: Mapped buffer base:0x5d3f2000 size:1658880 offset:0 fd:86
10-07 19:26:59.720 E/LocSvc_adapter(312): I/<--- int32 loc_event_cb(void*, rpc_loc_client_handle_type, rpc_loc_event_mask_type, const rpc_loc_event_payload_u_type*) line 70 RPC_LOC_EVENT_NMEA_1HZ_REPORT
10-07 19:26:59.720 E/LocSvc_eng(312): I/<=== nmea_cb line 1470 0x242d3b0
10-07 19:26:59.730 I/Adreno200-EGLSUB(131): : Android Image
10-07 19:26:59.730 I/Adreno200-EGLSUB(131): : RGBA_8888
10-07 19:26:59.730 E/LocSvc_adapter(312): I/<--- int32 loc_event_cb(void*, rpc_loc_client_handle_type, rpc_loc_event_mask_type, const rpc_loc_event_payload_u_type*) line 70 RPC_LOC_EVENT_NMEA_1HZ_REPORT
10-07 19:26:59.730 E/LocSvc_eng(312): I/<=== nmea_cb line 1470 0x245e430
10-07 19:26:59.740 E/LocSvc_adapter(312): I/<--- int32 loc_event_cb(void*, rpc_loc_client_handle_type, rpc_loc_event_mask_type, const rpc_loc_event_payload_u_type*) line 70 RPC_LOC_EVENT_NMEA_1HZ_REPORT
10-07 19:26:59.750 E/LocSvc_eng(312): I/<=== nmea_cb line 1470 0x245e430
10-07 19:26:59.750 D/memalloc(4091): ion: Unmapping buffer base:0x610cb000 size:1658880
10-07 19:26:59.750 D/memalloc(4091): ion: Unmapping buffer base:0x5ed5c000 size:1658880
10-07 19:26:59.750 D/memalloc(4091): ion: Unmapping buffer base:0x61260000 size:1658880
10-07 19:26:59.750 E/LocSvc_adapter(312): I/<--- int32 loc_event_cb(void*, rpc_loc_client_handle_type, rpc_loc_event_mask_type, const rpc_loc_event_payload_u_type*) line 70 RPC_LOC_EVENT_NMEA_1HZ_REPORT
10-07 19:26:59.750 E/LocSvc_eng(312): I/<=== nmea_cb line 1470 0x245e430
10-07 19:26:59.750 D/memalloc(131): ion: Freeing buffer base:0x428ae000 size:1658880 fd:45
10-07 19:26:59.750 D/memalloc(131): ion: Unmapping buffer base:0x428ae000 size:1658880
10-07 19:26:59.750 D/memalloc(131): ion: Freeing buffer base:0x42d02000 size:1658880 fd:39
10-07 19:26:59.750 D/memalloc(131): ion: Unmapping buffer base:0x42d02000 size:1658880
10-07 19:26:59.760 E/LocSvc_adapter(312): I/<--- int32 loc_event_cb(void*, rpc_loc_client_handle_type, rpc_loc_event_mask_type, const rpc_loc_event_payload_u_type*) line 70 RPC_LOC_EVENT_NMEA_1HZ_REPORT
10-07 19:26:59.760 E/LocSvc_eng(312): I/<=== nmea_cb line 1470 0x21ceec0
10-07 19:26:59.760 E/LocSvc_adapter(312): I/<--- int32 loc_event_cb(void*, rpc_loc_client_handle_type, rpc_loc_event_mask_type, const rpc_loc_event_payload_u_type*) line 70 RPC_LOC_EVENT_SATELLITE_REPORT
10-07 19:26:59.760 E/LocSvc_afw(312): I/<=== sv_status_cb - line 869 29
10-07 19:26:59.760 W/InputManagerService(312): Starting input on non-focused client com.android.internal.view.IInputMethodClient$Stub$Proxy@423fe370 (uid=10075 pid=4091)
10-07 19:27:00.110 D/memalloc(131): ion: Freeing buffer base:0x423a6000 size:1658880 fd:6
10-07 19:27:00.110 E/LocSvc_eng(312): I/===> int loc_eng_update_criteria(loc_eng_data_s_type&, UlpLocationCriteria) line 1752
10-07 19:27:00.110 D/memalloc(131): ion: Unmapping buffer base:0x423a6000 size:1658880
10-07 19:27:00.110 D/GpsLocationProvider(312): Gps MessageHandler. msg.what 9 msg.arg1:10075 msg.arg2: 0
10-07 19:27:00.110 D/GpsLocationProvider(312): Gps MessageHandler. msg.what 3 msg.arg1:0 msg.arg2: 1
10-07 19:27:00.110 D/GpsLocationProvider(312): In handleEnableLocationTrackingGps. enable false
10-07 19:27:00.110 D/memalloc(131): ion: Freeing buffer base:0x42fd3000 size:798720 fd:71
10-07 19:27:00.110 E/LocSvc_eng(312): I/===> int loc_eng_stop(loc_eng_data_s_type&) line 511
10-07 19:27:00.110 D/memalloc(131): ion: Unmapping buffer base:0x42fd3000 size:798720
10-07 19:27:00.110 E/LocSvc_api_rpc_glue(312): I/---> loc_stop_fix line 457 loc stop fix
10-07 19:27:00.120 E/LocSvc_adapter(312): I/<--- int32 loc_event_cb(void*, rpc_loc_client_handle_type, rpc_loc_event_mask_type, const rpc_loc_event_payload_u_type*) line 70 RPC_LOC_EVENT_PARSED_POSITION_REPORT
10-07 19:27:00.130 E/LocSvc_adapter(312): I/<--- int32 loc_event_cb(void*, rpc_loc_client_handle_type, rpc_loc_event_mask_type, const rpc_loc_event_payload_u_type*) line 70 RPC_LOC_EVENT_STATUS_REPORT
10-07 19:27:00.130 E/LocSvc_eng(312): I/<=== status_cb line 743 GPS_STATUS_SESSION_END
10-07 19:27:00.170 E/LocSvc_adapter(312): I/<--- int32 loc_event_cb(void*, rpc_loc_client_handle_type, rpc_loc_event_mask_type, const rpc_loc_event_payload_u_type*) line 70 RPC_LOC_EVENT_STATUS_REPORT
10-07 19:27:00.170 E/LocSvc_eng(312): I/<=== status_cb line 743 GPS_STATUS_ENGINE_OFF
10-07 19:27:00.360 D/memalloc(131): ion: Allocated buffer base:0x422c2000 size:1658880 fd:6 1000000 0
10-07 19:27:00.360 D/memalloc(12727): ion: Mapped buffer base:0x5e793000 size:1658880 offset:0 fd:84
10-07 19:27:00.370 I/Adreno200-EGLSUB(131): : Android Image
10-07 19:27:00.370 I/Adreno200-EGLSUB(131): : RGBA_8888
10-07 19:27:00.380 I/Adreno200-EGLSUB(131): : Android Image
10-07 19:27:00.380 I/Adreno200-EGLSUB(131): : RGBA_8888
10-07 19:27:01.600 I/Adreno200-EGLSUB(439): : Format RGBA_8888.
10-07 19:27:01.600 D/memalloc(131): ion: Allocated buffer base:0x428ae000 size:1658880 fd:39 1000000 0
10-07 19:27:01.610 D/memalloc(439): ion: Mapped buffer base:0x5e758000 size:1658880 offset:0 fd:123
10-07 19:27:01.620 D/memalloc(131): ion: Allocated buffer base:0x42d02000 size:1658880 fd:46 1000000 0
10-07 19:27:01.620 D/memalloc(439): ion: Mapped buffer base:0x5e8ed000 size:1658880 offset:0 fd:126
10-07 19:27:01.620 I/Adreno200-EGLSUB(131): : Android Image
10-07 19:27:01.620 I/Adreno200-EGLSUB(131): : RGBA_8888
10-07 19:27:01.630 D/memalloc(131): ion: Allocated buffer base:0x434de000 size:1658880 fd:59 1000000 0
10-07 19:27:01.630 D/memalloc(439): ion: Mapped buffer base:0x5ea82000 size:1658880 offset:0 fd:129
10-07 19:27:01.630 I/Adreno200-EGLSUB(131): : Android Image
10-07 19:27:01.630 I/Adreno200-EGLSUB(131): : RGBA_8888
10-07 19:27:01.640 I/Adreno200-EGLSUB(131): : Android Image
10-07 19:27:01.640 I/Adreno200-EGLSUB(131): : RGBA_8888
10-07 19:27:02.800 I/WindowManager(312): SCREENLAYOUT_SIZE (1:small, 2:normal, 3:large, 4:xlarge) 2
10-07 19:27:02.990 D/memalloc(131): ion: Allocated buffer base:0x42457000 size:1658880 fd:68 1000000 0
10-07 19:27:02.990 D/memalloc(4169): ion: Mapped buffer base:0x5baa1000 size:1658880 offset:0 fd:57
10-07 19:27:03.020 I/Adreno200-EGLSUB(131): : Android Image
10-07 19:27:03.020 I/Adreno200-EGLSUB(131): : RGBX_8888
10-07 19:27:03.030 D/memalloc(12727): ion: Unmapping buffer base:0x5d188000 size:1658880
10-07 19:27:03.030 D/memalloc(12727): ion: Unmapping buffer base:0x5d3f2000 size:1658880
10-07 19:27:03.030 D/memalloc(12727): ion: Unmapping buffer base:0x5e793000 size:1658880
10-07 19:27:03.030 D/memalloc(131): ion: Freeing buffer base:0x431a4000 size:1658880 fd:37
10-07 19:27:03.030 D/memalloc(131): ion: Unmapping buffer base:0x431a4000 size:1658880
10-07 19:27:03.030 D/memalloc(131): ion: Freeing buffer base:0x43349000 size:1658880 fd:44
10-07 19:27:03.030 D/memalloc(131): ion: Unmapping buffer base:0x43349000 size:1658880
10-07 19:27:03.090 D/memalloc(439): ion: Unmapping buffer base:0x5e758000 size:1658880
10-07 19:27:03.090 D/memalloc(439): ion: Unmapping buffer base:0x5e8ed000 size:1658880
10-07 19:27:03.090 D/memalloc(439): ion: Unmapping buffer base:0x5ea82000 size:1658880
10-07 19:27:03.100 D/memalloc(131): ion: Freeing buffer base:0x42d02000 size:1658880 fd:46
10-07 19:27:03.100 D/memalloc(131): ion: Unmapping buffer base:0x42d02000 size:1658880
10-07 19:27:03.100 D/memalloc(131): ion: Freeing buffer base:0x434de000 size:1658880 fd:59
10-07 19:27:03.100 D/memalloc(131): ion: Unmapping buffer base:0x434de000 size:1658880
10-07 19:27:03.120 V/PhoneStatusBar(439): setLightsOn(true)
10-07 19:27:03.120 D/memalloc(131): ion: Allocated buffer base:0x42d02000 size:1658880 fd:37 1000000 0
10-07 19:27:03.120 D/memalloc(4169): ion: Mapped buffer base:0x5c421000 size:1658880 offset:0 fd:61
10-07 19:27:03.130 D/memalloc(131): ion: Freeing buffer base:0x428ae000 size:1658880 fd:39
10-07 19:27:03.130 D/memalloc(131): ion: Unmapping buffer base:0x428ae000 size:1658880
10-07 19:27:03.150 I/Adreno200-EGLSUB(131): : Android Image
10-07 19:27:03.150 I/Adreno200-EGLSUB(131): : RGBX_8888
10-07 19:27:03.410 D/memalloc(131): ion: Freeing buffer base:0x422c2000 size:1658880 fd:6
10-07 19:27:03.410 D/memalloc(131): ion: Unmapping buffer base:0x422c2000 size:1658880
10-07 19:27:03.740 D/ConnectivityService(312): ConnectivityService FeatureUser expire(0, enableSUPL, android.os.Binder@4233e650), created 60048 mSec ago
10-07 19:27:03.740 D/ConnectivityService(312): stopUsingNetworkFeature: net 0: enableSUPL
10-07 19:27:03.740 D/ConnectivityService(312): stopUsingNetworkFeature: this process has no outstanding requests, ignoring