10-07 19:26:34.220 D/memalloc(131): ion: Allocated buffer base:0x422c2000 size:135168 fd:6 1000000 0
10-07 19:26:34.220 D/memalloc(4169): ion: Mapped buffer base:0x5bc3c000 size:135168 offset:0 fd:90
10-07 19:26:34.220 I/Adreno200-EGLSUB(131): : Android Image
10-07 19:26:34.220 I/Adreno200-EGLSUB(131): : RGBA_8888
10-07 19:26:36.080 I/Adreno200-EGLSUB(439): : Format RGBA_8888.
10-07 19:26:36.080 D/memalloc(131): ion: Allocated buffer base:0x428ae000 size:1658880 fd:37 1000000 0
10-07 19:26:36.080 D/memalloc(439): ion: Mapped buffer base:0x5e758000 size:1658880 offset:0 fd:123
10-07 19:26:36.090 D/memalloc(131): ion: Allocated buffer base:0x42d02000 size:1658880 fd:45 1000000 0
10-07 19:26:36.090 D/memalloc(439): ion: Mapped buffer base:0x5e8ed000 size:1658880 offset:0 fd:126
10-07 19:26:36.100 I/Adreno200-EGLSUB(131): : Android Image
10-07 19:26:36.100 I/Adreno200-EGLSUB(131): : RGBA_8888
10-07 19:26:36.100 D/memalloc(131): ion: Allocated buffer base:0x431a4000 size:1658880 fd:48 1000000 0
10-07 19:26:36.100 D/memalloc(439): ion: Mapped buffer base:0x5ea82000 size:1658880 offset:0 fd:129
10-07 19:26:36.110 I/Adreno200-EGLSUB(131): : Android Image
10-07 19:26:36.110 I/Adreno200-EGLSUB(131): : RGBA_8888
10-07 19:26:36.110 I/Adreno200-EGLSUB(131): : Android Image
10-07 19:26:36.110 I/Adreno200-EGLSUB(131): : RGBA_8888
10-07 19:26:37.310 I/WindowManager(312): SCREENLAYOUT_SIZE (1:small, 2:normal, 3:large, 4:xlarge) 2
10-07 19:26:37.340 E/LocSvc_eng(312): I/===> int loc_eng_update_criteria(loc_eng_data_s_type&, UlpLocationCriteria) line 1752
10-07 19:26:37.340 D/GpsLocationProvider(312): Gps MessageHandler. msg.what 8 msg.arg1:10075 msg.arg2: 0
10-07 19:26:37.340 D/GpsLocationProvider(312): Gps MessageHandler. msg.what 3 msg.arg1:1 msg.arg2: 1
10-07 19:26:37.340 D/GpsLocationProvider(312): In handleEnableLocationTrackingGps. enable true
10-07 19:26:37.340 E/LocSvc_eng(312): I/===> int loc_eng_set_position_mode(loc_eng_data_s_type&, LocPosMode&) line 594
10-07 19:26:37.340 E/LocSvc_eng(312): I/===> int loc_eng_start(loc_eng_data_s_type&) line 455
10-07 19:26:37.340 D/LocSvc_adapter(312): loc_eng_set_position mode, client = 1, interval = 1000, mode = 1
10-07 19:26:37.340 E/LocSvc_api_rpc_glue(312): I/---> loc_ioctl line 557 RPC_LOC_IOCTL_SET_FIX_CRITERIA
10-07 19:26:37.350 E/LocSvc_api_rpc_glue(312): I/---> loc_start_fix line 432 loc start fix
10-07 19:26:37.350 E/LocSvc_adapter(312): I/<--- int32 loc_event_cb(void*, rpc_loc_client_handle_type, rpc_loc_event_mask_type, const rpc_loc_event_payload_u_type*) line 70 RPC_LOC_EVENT_IOCTL_REPORT
10-07 19:26:37.350 E/LocSvc_adapter(312): I/<--- int32 loc_event_cb(void*, rpc_loc_client_handle_type, rpc_loc_event_mask_type, const rpc_loc_event_payload_u_type*) line 70 RPC_LOC_EVENT_STATUS_REPORT
10-07 19:26:37.350 E/LocSvc_eng(312): I/<=== status_cb line 743 GPS_STATUS_SESSION_BEGIN
10-07 19:26:37.400 I/Adreno200-EGLSUB(4091): : Format RGB_565.
10-07 19:26:37.480 D/memalloc(131): ion: Allocated buffer base:0x422e3000 size:798720 fd:59 1000000 0
10-07 19:26:37.490 D/memalloc(4091): ion: Mapped buffer base:0x5e8b6000 size:798720 offset:0 fd:179
10-07 19:26:37.620 D/memalloc(439): ion: Unmapping buffer base:0x5e758000 size:1658880
10-07 19:26:37.620 D/memalloc(439): ion: Unmapping buffer base:0x5e8ed000 size:1658880
10-07 19:26:37.620 D/memalloc(439): ion: Unmapping buffer base:0x5ea82000 size:1658880
10-07 19:26:37.620 D/memalloc(131): ion: Freeing buffer base:0x428ae000 size:1658880 fd:37
10-07 19:26:37.620 D/memalloc(131): ion: Unmapping buffer base:0x428ae000 size:1658880
10-07 19:26:37.620 D/memalloc(131): ion: Freeing buffer base:0x42d02000 size:1658880 fd:45
10-07 19:26:37.620 D/memalloc(131): ion: Unmapping buffer base:0x42d02000 size:1658880
10-07 19:26:37.630 D/memalloc(131): ion: Freeing buffer base:0x431a4000 size:1658880 fd:48
10-07 19:26:37.630 D/memalloc(131): ion: Unmapping buffer base:0x431a4000 size:1658880
10-07 19:26:37.670 D/memalloc(131): ion: Allocated buffer base:0x425fc000 size:798720 fd:37 1000000 0
10-07 19:26:37.670 D/memalloc(4091): ion: Mapped buffer base:0x5e979000 size:798720 offset:0 fd:157
10-07 19:26:37.670 I/Adreno200-EGLSUB(131): : Android Image
10-07 19:26:37.670 I/Adreno200-EGLSUB(131): : RGB_565
10-07 19:26:37.680 I/Adreno200-EGLSUB(4091): : Format RGBA_8888.
10-07 19:26:37.690 D/memalloc(131): ion: Allocated buffer base:0x428ae000 size:1658880 fd:45 1000000 0
10-07 19:26:37.690 D/memalloc(4091): ion: Mapped buffer base:0x610cb000 size:1658880 offset:0 fd:160
10-07 19:26:37.730 D/memalloc(4091): ion: Unmapping buffer base:0x5e8b6000 size:798720
10-07 19:26:37.730 D/memalloc(4091): ion: Unmapping buffer base:0x5e979000 size:798720
10-07 19:26:37.730 D/memalloc(131): ion: Freeing buffer base:0x425fc000 size:798720 fd:37
10-07 19:26:37.730 D/memalloc(131): ion: Unmapping buffer base:0x425fc000 size:798720
10-07 19:26:37.740 I/Adreno200-EGLSUB(4091): : Format RGB_565.
10-07 19:26:37.760 D/memalloc(131): ion: Allocated buffer base:0x42d02000 size:1658880 fd:39 1000000 0
10-07 19:26:37.760 D/memalloc(4091): ion: Mapped buffer base:0x5ed5c000 size:1658880 offset:0 fd:159
10-07 19:26:37.760 I/Adreno200-EGLSUB(131): : Android Image
10-07 19:26:37.760 I/Adreno200-EGLSUB(131): : RGBA_8888
10-07 19:26:37.760 D/memalloc(131): ion: Allocated buffer base:0x425fc000 size:798720 fd:37 1000000 0
10-07 19:26:37.770 D/memalloc(4091): ion: Mapped buffer base:0x5e9b6000 size:798720 offset:0 fd:166
10-07 19:26:37.840 D/memalloc(131): ion: Allocated buffer base:0x42fd3000 size:798720 fd:71 1000000 0
10-07 19:26:37.840 D/memalloc(4091): ion: Mapped buffer base:0x5f586000 size:798720 offset:0 fd:180
10-07 19:26:37.840 I/Adreno200-EGLSUB(131): : Android Image
10-07 19:26:37.840 I/Adreno200-EGLSUB(131): : RGB_565
10-07 19:26:37.840 D/memalloc(131): ion: Freeing buffer base:0x422e3000 size:798720 fd:59
10-07 19:26:37.840 D/memalloc(131): ion: Unmapping buffer base:0x422e3000 size:798720
10-07 19:26:37.870 D/memalloc(131): ion: Allocated buffer base:0x422e3000 size:798720 fd:59 1000000 0
10-07 19:26:37.870 D/memalloc(4091): ion: Mapped buffer base:0x5f9e1000 size:798720 offset:0 fd:183
10-07 19:26:37.870 I/Adreno200-EGLSUB(131): : Android Image
10-07 19:26:37.870 I/Adreno200-EGLSUB(131): : RGB_565
10-07 19:26:37.880 I/Adreno200-EGLSUB(131): : Android Image
10-07 19:26:37.880 I/Adreno200-EGLSUB(131): : RGB_565
10-07 19:26:37.930 D/memalloc(4169): ion: Unmapping buffer base:0x5bc3c000 size:135168
10-07 19:26:37.940 W/InputManagerService(312): Starting input on non-focused client com.android.internal.view.IInputMethodClient$Stub$Proxy@423102b8 (uid=10087 pid=4169)
10-07 19:26:37.950 D/memalloc(4169): ion: Unmapping buffer base:0x5baa1000 size:1658880
10-07 19:26:37.950 D/memalloc(131): ion: Freeing buffer base:0x4356e000 size:1658880 fd:68
10-07 19:26:37.950 D/memalloc(131): ion: Unmapping buffer base:0x4356e000 size:1658880
10-07 19:26:37.950 D/memalloc(4169): ion: Unmapping buffer base:0x5c421000 size:1658880
10-07 19:26:38.230 E/LocSvc_adapter(312): I/<--- int32 loc_event_cb(void*, rpc_loc_client_handle_type, rpc_loc_event_mask_type, const rpc_loc_event_payload_u_type*) line 70 RPC_LOC_EVENT_STATUS_REPORT
10-07 19:26:38.230 E/LocSvc_eng(312): I/<=== status_cb line 743 GPS_STATUS_ENGINE_ON
10-07 19:26:38.230 E/LocSvc_eng(312): I/<=== status_cb line 750 GPS_STATUS_SESSION_BEGIN
10-07 19:26:38.490 D/memalloc(131): ion: Freeing buffer base:0x422c2000 size:135168 fd:6
10-07 19:26:38.490 D/memalloc(131): ion: Unmapping buffer base:0x422c2000 size:135168
10-07 19:26:38.570 D/memalloc(131): ion: Freeing buffer base:0x42457000 size:1658880 fd:41
10-07 19:26:38.570 D/memalloc(131): ion: Unmapping buffer base:0x42457000 size:1658880
10-07 19:26:39.150 D/memalloc(131): ion: Allocated buffer base:0x423a6000 size:1658880 fd:6 1000000 0
10-07 19:26:39.160 D/memalloc(4091): ion: Mapped buffer base:0x61260000 size:1658880 offset:0 fd:187
10-07 19:26:39.160 I/Adreno200-EGLSUB(131): : Android Image
10-07 19:26:39.160 I/Adreno200-EGLSUB(131): : RGBA_8888
10-07 19:26:39.210 I/Adreno200-EGLSUB(131): : Android Image
10-07 19:26:39.210 I/Adreno200-EGLSUB(131): : RGBA_8888
10-07 19:26:39.240 D/memalloc(131): ion: Allocated buffer base:0x422c2000 size:110592 fd:41 1000000 0
10-07 19:26:39.240 D/memalloc(4091): ion: Mapped buffer base:0x5e5a6000 size:110592 offset:0 fd:190
10-07 19:26:39.260 I/Adreno200-EGLSUB(131): : Android Image
10-07 19:26:39.260 I/Adreno200-EGLSUB(131): : RGBA_8888
10-07 19:26:39.360 E/LocSvc_adapter(312): I/<--- int32 loc_event_cb(void*, rpc_loc_client_handle_type, rpc_loc_event_mask_type, const rpc_loc_event_payload_u_type*) line 70 RPC_LOC_EVENT_PARSED_POSITION_REPORT
10-07 19:26:39.710 E/LocSvc_adapter(312): I/<--- int32 loc_event_cb(void*, rpc_loc_client_handle_type, rpc_loc_event_mask_type, const rpc_loc_event_payload_u_type*) line 70 RPC_LOC_EVENT_NMEA_1HZ_REPORT
10-07 19:26:39.710 E/LocSvc_eng(312): I/<=== nmea_cb line 1470 0x242d3b0
10-07 19:26:39.710 E/LocSvc_adapter(312): I/<--- int32 loc_event_cb(void*, rpc_loc_client_handle_type, rpc_loc_event_mask_type, const rpc_loc_event_payload_u_type*) line 70 RPC_LOC_EVENT_NMEA_1HZ_REPORT
10-07 19:26:39.710 E/LocSvc_eng(312): I/<=== nmea_cb line 1470 0x233b630
10-07 19:26:39.710 E/LocSvc_adapter(312): I/<--- int32 loc_event_cb(void*, rpc_loc_client_handle_type, rpc_loc_event_mask_type, const rpc_loc_event_payload_u_type*) line 70 RPC_LOC_EVENT_NMEA_1HZ_REPORT
10-07 19:26:39.710 E/LocSvc_eng(312): I/<=== nmea_cb line 1470 0x233b630
10-07 19:26:39.720 E/LocSvc_adapter(312): I/<--- int32 loc_event_cb(void*, rpc_loc_client_handle_type, rpc_loc_event_mask_type, const rpc_loc_event_payload_u_type*) line 70 RPC_LOC_EVENT_NMEA_1HZ_REPORT
10-07 19:26:39.720 E/LocSvc_eng(312): I/<=== nmea_cb line 1470 0x21d6f58
10-07 19:26:39.720 E/LocSvc_adapter(312): I/<--- int32 loc_event_cb(void*, rpc_loc_client_handle_type, rpc_loc_event_mask_type, const rpc_loc_event_payload_u_type*) line 70 RPC_LOC_EVENT_NMEA_1HZ_REPORT
10-07 19:26:39.720 E/LocSvc_eng(312): I/<=== nmea_cb line 1470 0x2472d70
10-07 19:26:39.720 E/LocSvc_adapter(312): I/<--- int32 loc_event_cb(void*, rpc_loc_client_handle_type, rpc_loc_event_mask_type, const rpc_loc_event_payload_u_type*) line 70 RPC_LOC_EVENT_NMEA_1HZ_REPORT
10-07 19:26:39.730 E/LocSvc_eng(312): I/<=== nmea_cb line 1470 0x2472d70
10-07 19:26:39.740 E/LocSvc_adapter(312): I/<--- int32 loc_event_cb(void*, rpc_loc_client_handle_type, rpc_loc_event_mask_type, const rpc_loc_event_payload_u_type*) line 70 RPC_LOC_EVENT_NMEA_1HZ_REPORT
10-07 19:26:39.740 E/LocSvc_eng(312): I/<=== nmea_cb line 1470 0x2472d70
10-07 19:26:39.740 E/LocSvc_adapter(312): I/<--- int32 loc_event_cb(void*, rpc_loc_client_handle_type, rpc_loc_event_mask_type, const rpc_loc_event_payload_u_type*) line 70 RPC_LOC_EVENT_NMEA_1HZ_REPORT
10-07 19:26:39.740 E/LocSvc_eng(312): I/<=== nmea_cb line 1470 0x25e9658
10-07 19:26:39.750 E/LocSvc_adapter(312): I/<--- int32 loc_event_cb(void*, rpc_loc_client_handle_type, rpc_loc_event_mask_type, const rpc_loc_event_payload_u_type*) line 70 RPC_LOC_EVENT_SATELLITE_REPORT
10-07 19:26:39.750 E/LocSvc_afw(312): I/<=== sv_status_cb - line 869 29
10-07 19:26:40.350 E/LocSvc_adapter(312): I/<--- int32 loc_event_cb(void*, rpc_loc_client_handle_type, rpc_loc_event_mask_type, const rpc_loc_event_payload_u_type*) line 70 RPC_LOC_EVENT_PARSED_POSITION_REPORT
10-07 19:26:40.720 E/LocSvc_adapter(312): I/<--- int32 loc_event_cb(void*, rpc_loc_client_handle_type, rpc_loc_event_mask_type, const rpc_loc_event_payload_u_type*) line 70 RPC_LOC_EVENT_NMEA_1HZ_REPORT
10-07 19:26:40.720 E/LocSvc_eng(312): I/<=== nmea_cb line 1470 0x22e5d40
10-07 19:26:40.720 E/LocSvc_adapter(312): I/<--- int32 loc_event_cb(void*, rpc_loc_client_handle_type, rpc_loc_event_mask_type, const rpc_loc_event_payload_u_type*) line 70 RPC_LOC_EVENT_NMEA_1HZ_REPORT
10-07 19:26:40.720 E/LocSvc_eng(312): I/<=== nmea_cb line 1470 0x2589760
10-07 19:26:40.730 E/LocSvc_adapter(312): I/<--- int32 loc_event_cb(void*, rpc_loc_client_handle_type, rpc_loc_event_mask_type, const rpc_loc_event_payload_u_type*) line 70 RPC_LOC_EVENT_NMEA_1HZ_REPORT
10-07 19:26:40.730 E/LocSvc_eng(312): I/<=== nmea_cb line 1470 0x2589760
10-07 19:26:40.740 E/LocSvc_adapter(312): I/<--- int32 loc_event_cb(void*, rpc_loc_client_handle_type, rpc_loc_event_mask_type, const rpc_loc_event_payload_u_type*) line 70 RPC_LOC_EVENT_NMEA_1HZ_REPORT
10-07 19:26:40.740 E/LocSvc_eng(312): I/<=== nmea_cb line 1470 0x22e5d40
10-07 19:26:40.740 E/LocSvc_adapter(312): I/<--- int32 loc_event_cb(void*, rpc_loc_client_handle_type, rpc_loc_event_mask_type, const rpc_loc_event_payload_u_type*) line 70 RPC_LOC_EVENT_NMEA_1HZ_REPORT
10-07 19:26:40.740 E/LocSvc_eng(312): I/<=== nmea_cb line 1470 0x2472d70
10-07 19:26:40.750 E/LocSvc_adapter(312): I/<--- int32 loc_event_cb(void*, rpc_loc_client_handle_type, rpc_loc_event_mask_type, const rpc_loc_event_payload_u_type*) line 70 RPC_LOC_EVENT_NMEA_1HZ_REPORT
10-07 19:26:40.750 E/LocSvc_eng(312): I/<=== nmea_cb line 1470 0x2472d70
10-07 19:26:40.750 E/LocSvc_adapter(312): I/<--- int32 loc_event_cb(void*, rpc_loc_client_handle_type, rpc_loc_event_mask_type, const rpc_loc_event_payload_u_type*) line 70 RPC_LOC_EVENT_NMEA_1HZ_REPORT
10-07 19:26:40.750 E/LocSvc_eng(312): I/<=== nmea_cb line 1470 0x2472d70
10-07 19:26:40.750 E/LocSvc_adapter(312): I/<--- int32 loc_event_cb(void*, rpc_loc_client_handle_type, rpc_loc_event_mask_type, const rpc_loc_event_payload_u_type*) line 70 RPC_LOC_EVENT_NMEA_1HZ_REPORT
10-07 19:26:40.750 E/LocSvc_eng(312): I/<=== nmea_cb line 1470 0x25e9658
10-07 19:26:40.760 E/LocSvc_adapter(312): I/<--- int32 loc_event_cb(void*, rpc_loc_client_handle_type, rpc_loc_event_mask_type, const rpc_loc_event_payload_u_type*) line 70 RPC_LOC_EVENT_SATELLITE_REPORT
10-07 19:26:40.760 E/LocSvc_afw(312): I/<=== sv_status_cb - line 869 29
10-07 19:26:41.360 E/LocSvc_adapter(312): I/<--- int32 loc_event_cb(void*, rpc_loc_client_handle_type, rpc_loc_event_mask_type, const rpc_loc_event_payload_u_type*) line 70 RPC_LOC_EVENT_PARSED_POSITION_REPORT
10-07 19:26:41.710 E/LocSvc_adapter(312): I/<--- int32 loc_event_cb(void*, rpc_loc_client_handle_type, rpc_loc_event_mask_type, const rpc_loc_event_payload_u_type*) line 70 RPC_LOC_EVENT_NMEA_1HZ_REPORT
10-07 19:26:41.710 E/LocSvc_eng(312): I/<=== nmea_cb line 1470 0x2589760
10-07 19:26:41.720 E/LocSvc_adapter(312): I/<--- int32 loc_event_cb(void*, rpc_loc_client_handle_type, rpc_loc_event_mask_type, const rpc_loc_event_payload_u_type*) line 70 RPC_LOC_EVENT_NMEA_1HZ_REPORT
10-07 19:26:41.720 E/LocSvc_eng(312): I/<=== nmea_cb line 1470 0x28796f0
10-07 19:26:41.720 E/LocSvc_adapter(312): I/<--- int32 loc_event_cb(void*, rpc_loc_client_handle_type, rpc_loc_event_mask_type, const rpc_loc_event_payload_u_type*) line 70 RPC_LOC_EVENT_NMEA_1HZ_REPORT
10-07 19:26:41.720 E/LocSvc_eng(312): I/<=== nmea_cb line 1470 0x2589760
10-07 19:26:41.730 E/LocSvc_adapter(312): I/<--- int32 loc_event_cb(void*, rpc_loc_client_handle_type, rpc_loc_event_mask_type, const rpc_loc_event_payload_u_type*) line 70 RPC_LOC_EVENT_NMEA_1HZ_REPORT
10-07 19:26:41.730 E/LocSvc_eng(312): I/<=== nmea_cb line 1470 0x2472d70
10-07 19:26:41.730 E/LocSvc_adapter(312): I/<--- int32 loc_event_cb(void*, rpc_loc_client_handle_type, rpc_loc_event_mask_type, const rpc_loc_event_payload_u_type*) line 70 RPC_LOC_EVENT_NMEA_1HZ_REPORT
10-07 19:26:41.740 E/LocSvc_eng(312): I/<=== nmea_cb line 1470 0x2472d70
10-07 19:26:41.740 E/LocSvc_adapter(312): I/<--- int32 loc_event_cb(void*, rpc_loc_client_handle_type, rpc_loc_event_mask_type, const rpc_loc_event_payload_u_type*) line 70 RPC_LOC_EVENT_NMEA_1HZ_REPORT
10-07 19:26:41.750 E/LocSvc_eng(312): I/<=== nmea_cb line 1470 0x2472d70
10-07 19:26:41.750 E/LocSvc_adapter(312): I/<--- int32 loc_event_cb(void*, rpc_loc_client_handle_type, rpc_loc_event_mask_type, const rpc_loc_event_payload_u_type*) line 70 RPC_LOC_EVENT_NMEA_1HZ_REPORT
10-07 19:26:41.750 E/LocSvc_eng(312): I/<=== nmea_cb line 1470 0x25e9658
10-07 19:26:41.760 E/LocSvc_adapter(312): I/<--- int32 loc_event_cb(void*, rpc_loc_client_handle_type, rpc_loc_event_mask_type, const rpc_loc_event_payload_u_type*) line 70 RPC_LOC_EVENT_SATELLITE_REPORT
10-07 19:26:41.760 E/LocSvc_afw(312): I/<=== sv_status_cb - line 869 25
10-07 19:26:42.360 E/LocSvc_adapter(312): I/<--- int32 loc_event_cb(void*, rpc_loc_client_handle_type, rpc_loc_event_mask_type, const rpc_loc_event_payload_u_type*) line 70 RPC_LOC_EVENT_PARSED_POSITION_REPORT
10-07 19:26:42.690 D/memalloc(4091): ion: Unmapping buffer base:0x5e5a6000 size:110592
10-07 19:26:42.710 E/LocSvc_adapter(312): I/<--- int32 loc_event_cb(void*, rpc_loc_client_handle_type, rpc_loc_event_mask_type, const rpc_loc_event_payload_u_type*) line 70 RPC_LOC_EVENT_NMEA_1HZ_REPORT
10-07 19:26:42.710 E/LocSvc_eng(312): I/<=== nmea_cb line 1470 0x213d3e8
10-07 19:26:42.720 E/LocSvc_adapter(312): I/<--- int32 loc_event_cb(void*, rpc_loc_client_handle_type, rpc_loc_event_mask_type, const rpc_loc_event_payload_u_type*) line 70 RPC_LOC_EVENT_NMEA_1HZ_REPORT
10-07 19:26:42.720 E/LocSvc_eng(312): I/<=== nmea_cb line 1470 0x28796f0
10-07 19:26:42.720 E/LocSvc_adapter(312): I/<--- int32 loc_event_cb(void*, rpc_loc_client_handle_type, rpc_loc_event_mask_type, const rpc_loc_event_payload_u_type*) line 70 RPC_LOC_EVENT_NMEA_1HZ_REPORT
10-07 19:26:42.720 E/LocSvc_eng(312): I/<=== nmea_cb line 1470 0x213d3e8
10-07 19:26:42.730 E/LocSvc_adapter(312): I/<--- int32 loc_event_cb(void*, rpc_loc_client_handle_type, rpc_loc_event_mask_type, const rpc_loc_event_payload_u_type*) line 70 RPC_LOC_EVENT_NMEA_1HZ_REPORT
10-07 19:26:42.730 E/LocSvc_eng(312): I/<=== nmea_cb line 1470 0x2271bd8
10-07 19:26:42.730 E/LocSvc_adapter(312): I/<--- int32 loc_event_cb(void*, rpc_loc_client_handle_type, rpc_loc_event_mask_type, const rpc_loc_event_payload_u_type*) line 70 RPC_LOC_EVENT_NMEA_1HZ_REPORT
10-07 19:26:42.740 E/LocSvc_eng(312): I/<=== nmea_cb line 1470 0x2271bd8
10-07 19:26:42.740 E/LocSvc_adapter(312): I/<--- int32 loc_event_cb(void*, rpc_loc_client_handle_type, rpc_loc_event_mask_type, const rpc_loc_event_payload_u_type*) line 70 RPC_LOC_EVENT_NMEA_1HZ_REPORT
10-07 19:26:42.740 E/LocSvc_eng(312): I/<=== nmea_cb line 1470 0x2271bd8
10-07 19:26:42.750 E/LocSvc_adapter(312): I/<--- int32 loc_event_cb(void*, rpc_loc_client_handle_type, rpc_loc_event_mask_type, const rpc_loc_event_payload_u_type*) line 70 RPC_LOC_EVENT_NMEA_1HZ_REPORT
10-07 19:26:42.750 E/LocSvc_eng(312): I/<=== nmea_cb line 1470 0x25e9658
10-07 19:26:42.760 E/LocSvc_adapter(312): I/<--- int32 loc_event_cb(void*, rpc_loc_client_handle_type, rpc_loc_event_mask_type, const rpc_loc_event_payload_u_type*) line 70 RPC_LOC_EVENT_SATELLITE_REPORT
10-07 19:26:42.760 E/LocSvc_afw(312): I/<=== sv_status_cb - line 869 25
10-07 19:26:43.240 D/memalloc(131): ion: Freeing buffer base:0x422c2000 size:110592 fd:41
10-07 19:26:43.240 D/memalloc(131): ion: Unmapping buffer base:0x422c2000 size:110592
10-07 19:26:43.360 E/LocSvc_adapter(312): I/<--- int32 loc_event_cb(void*, rpc_loc_client_handle_type, rpc_loc_event_mask_type, const rpc_loc_event_payload_u_type*) line 70 RPC_LOC_EVENT_PARSED_POSITION_REPORT
10-07 19:26:43.720 E/LocSvc_adapter(312): I/<--- int32 loc_event_cb(void*, rpc_loc_client_handle_type, rpc_loc_event_mask_type, const rpc_loc_event_payload_u_type*) line 70 RPC_LOC_EVENT_NMEA_1HZ_REPORT
10-07 19:26:43.720 E/LocSvc_eng(312): I/<=== nmea_cb line 1470 0x2278778
10-07 19:26:43.730 E/LocSvc_adapter(312): I/<--- int32 loc_event_cb(void*, rpc_loc_client_handle_type, rpc_loc_event_mask_type, const rpc_loc_event_payload_u_type*) line 70 RPC_LOC_EVENT_NMEA_1HZ_REPORT
10-07 19:26:43.730 E/LocSvc_eng(312): I/<=== nmea_cb line 1470 0x28796f0
10-07 19:26:43.730 E/LocSvc_adapter(312): I/<--- int32 loc_event_cb(void*, rpc_loc_client_handle_type, rpc_loc_event_mask_type, const rpc_loc_event_payload_u_type*) line 70 RPC_LOC_EVENT_NMEA_1HZ_REPORT
10-07 19:26:43.730 E/LocSvc_eng(312): I/<=== nmea_cb line 1470 0x2278778
10-07 19:26:43.740 E/LocSvc_adapter(312): I/<--- int32 loc_event_cb(void*, rpc_loc_client_handle_type, rpc_loc_event_mask_type, const rpc_loc_event_payload_u_type*) line 70 RPC_LOC_EVENT_NMEA_1HZ_REPORT
10-07 19:26:43.740 E/LocSvc_eng(312): I/<=== nmea_cb line 1470 0x252e0b8
10-07 19:26:43.750 E/LocSvc_adapter(312): I/<--- int32 loc_event_cb(void*, rpc_loc_client_handle_type, rpc_loc_event_mask_type, const rpc_loc_event_payload_u_type*) line 70 RPC_LOC_EVENT_NMEA_1HZ_REPORT
10-07 19:26:43.750 E/LocSvc_eng(312): I/<=== nmea_cb line 1470 0x252e0b8
10-07 19:26:43.750 E/LocSvc_adapter(312): I/<--- int32 loc_event_cb(void*, rpc_loc_client_handle_type, rpc_loc_event_mask_type, const rpc_loc_event_payload_u_type*) line 70 RPC_LOC_EVENT_NMEA_1HZ_REPORT
10-07 19:26:43.750 E/LocSvc_eng(312): I/<=== nmea_cb line 1470 0x252e0b8
10-07 19:26:43.750 E/LocSvc_adapter(312): I/<--- int32 loc_event_cb(void*, rpc_loc_client_handle_type, rpc_loc_event_mask_type, const rpc_loc_event_payload_u_type*) line 70 RPC_LOC_EVENT_NMEA_1HZ_REPORT
10-07 19:26:43.750 E/LocSvc_eng(312): I/<=== nmea_cb line 1470 0x24bdbc8
10-07 19:26:43.760 E/LocSvc_adapter(312): I/<--- int32 loc_event_cb(void*, rpc_loc_client_handle_type, rpc_loc_event_mask_type, const rpc_loc_event_payload_u_type*) line 70 RPC_LOC_EVENT_SATELLITE_REPORT
10-07 19:26:43.760 E/LocSvc_afw(312): I/<=== sv_status_cb - line 869 25
10-07 19:26:44.360 E/LocSvc_adapter(312): I/<--- int32 loc_event_cb(void*, rpc_loc_client_handle_type, rpc_loc_event_mask_type, const rpc_loc_event_payload_u_type*) line 70 RPC_LOC_EVENT_PARSED_POSITION_REPORT
10-07 19:26:44.710 E/LocSvc_adapter(312): I/<--- int32 loc_event_cb(void*, rpc_loc_client_handle_type, rpc_loc_event_mask_type, const rpc_loc_event_payload_u_type*) line 70 RPC_LOC_EVENT_NMEA_1HZ_REPORT
10-07 19:26:44.720 E/LocSvc_eng(312): I/<=== nmea_cb line 1470 0x2278778
10-07 19:26:44.720 E/LocSvc_adapter(312): I/<--- int32 loc_event_cb(void*, rpc_loc_client_handle_type, rpc_loc_event_mask_type, const rpc_loc_event_payload_u_type*) line 70 RPC_LOC_EVENT_NMEA_1HZ_REPORT
10-07 19:26:44.720 E/LocSvc_eng(312): I/<=== nmea_cb line 1470 0x28796f0
10-07 19:26:44.720 E/LocSvc_adapter(312): I/<--- int32 loc_event_cb(void*, rpc_loc_client_handle_type, rpc_loc_event_mask_type, const rpc_loc_event_payload_u_type*) line 70 RPC_LOC_EVENT_NMEA_1HZ_REPORT
10-07 19:26:44.720 E/LocSvc_adapter(312): I/<--- int32 loc_event_cb(void*, rpc_loc_client_handle_type, rpc_loc_event_mask_type, const rpc_loc_event_payload_u_type*) line 70 RPC_LOC_EVENT_NMEA_1HZ_REPORT
10-07 19:26:44.720 E/LocSvc_eng(312): I/<=== nmea_cb line 1470 0x2278778
10-07 19:26:44.720 E/LocSvc_eng(312): I/<=== nmea_cb line 1470 0x252e0b8
10-07 19:26:44.730 E/LocSvc_adapter(312): I/<--- int32 loc_event_cb(void*, rpc_loc_client_handle_type, rpc_loc_event_mask_type, const rpc_loc_event_payload_u_type*) line 70 RPC_LOC_EVENT_NMEA_1HZ_REPORT
10-07 19:26:44.730 E/LocSvc_adapter(312): I/<--- int32 loc_event_cb(void*, rpc_loc_client_handle_type, rpc_loc_event_mask_type, const rpc_loc_event_payload_u_type*) line 70 RPC_LOC_EVENT_NMEA_1HZ_REPORT
10-07 19:26:44.730 E/LocSvc_eng(312): I/<=== nmea_cb line 1470 0x2271bd8
10-07 19:26:44.730 E/LocSvc_eng(312): I/<=== nmea_cb line 1470 0x2472d70
10-07 19:26:44.740 E/LocSvc_adapter(312): I/<--- int32 loc_event_cb(void*, rpc_loc_client_handle_type, rpc_loc_event_mask_type, const rpc_loc_event_payload_u_type*) line 70 RPC_LOC_EVENT_NMEA_1HZ_REPORT
10-07 19:26:44.740 E/LocSvc_eng(312): I/<=== nmea_cb line 1470 0x24bdbc8
10-07 19:26:44.740 E/LocSvc_adapter(312): I/<--- int32 loc_event_cb(void*, rpc_loc_client_handle_type, rpc_loc_event_mask_type, const rpc_loc_event_payload_u_type*) line 70 RPC_LOC_EVENT_SATELLITE_REPORT
10-07 19:26:44.740 E/LocSvc_afw(312): I/<=== sv_status_cb - line 869 25
10-07 19:26:45.370 E/LocSvc_adapter(312): I/<--- int32 loc_event_cb(void*, rpc_loc_client_handle_type, rpc_loc_event_mask_type, const rpc_loc_event_payload_u_type*) line 70 RPC_LOC_EVENT_PARSED_POSITION_REPORT
10-07 19:26:45.720 E/LocSvc_adapter(312): I/<--- int32 loc_event_cb(void*, rpc_loc_client_handle_type, rpc_loc_event_mask_type, const rpc_loc_event_payload_u_type*) line 70 RPC_LOC_EVENT_NMEA_1HZ_REPORT
10-07 19:26:45.720 E/LocSvc_eng(312): I/<=== nmea_cb line 1470 0x242d3b0
10-07 19:26:45.720 E/LocSvc_adapter(312): I/<--- int32 loc_event_cb(void*, rpc_loc_client_handle_type, rpc_loc_event_mask_type, const rpc_loc_event_payload_u_type*) line 70 RPC_LOC_EVENT_NMEA_1HZ_REPORT
10-07 19:26:45.720 E/LocSvc_eng(312): I/<=== nmea_cb line 1470 0x2278778
10-07 19:26:45.730 E/LocSvc_adapter(312): I/<--- int32 loc_event_cb(void*, rpc_loc_client_handle_type, rpc_loc_event_mask_type, const rpc_loc_event_payload_u_type*) line 70 RPC_LOC_EVENT_NMEA_1HZ_REPORT
10-07 19:26:45.730 E/LocSvc_eng(312): I/<=== nmea_cb line 1470 0x2278778
10-07 19:26:45.730 E/LocSvc_adapter(312): I/<--- int32 loc_event_cb(void*, rpc_loc_client_handle_type, rpc_loc_event_mask_type, const rpc_loc_event_payload_u_type*) line 70 RPC_LOC_EVENT_NMEA_1HZ_REPORT
10-07 19:26:45.740 E/LocSvc_eng(312): I/<=== nmea_cb line 1470 0x242d3b0
10-07 19:26:45.740 E/LocSvc_adapter(312): I/<--- int32 loc_event_cb(void*, rpc_loc_client_handle_type, rpc_loc_event_mask_type, const rpc_loc_event_payload_u_type*) line 70 RPC_LOC_EVENT_NMEA_1HZ_REPORT
10-07 19:26:45.740 E/LocSvc_eng(312): I/<=== nmea_cb line 1470 0x2472d70
10-07 19:26:45.740 E/LocSvc_adapter(312): I/<--- int32 loc_event_cb(void*, rpc_loc_client_handle_type, rpc_loc_event_mask_type, const rpc_loc_event_payload_u_type*) line 70 RPC_LOC_EVENT_NMEA_1HZ_REPORT
10-07 19:26:45.740 E/LocSvc_eng(312): I/<=== nmea_cb line 1470 0x2271bd8
10-07 19:26:45.740 E/LocSvc_adapter(312): I/<--- int32 loc_event_cb(void*, rpc_loc_client_handle_type, rpc_loc_event_mask_type, const rpc_loc_event_payload_u_type*) line 70 RPC_LOC_EVENT_NMEA_1HZ_REPORT
10-07 19:26:45.740 E/LocSvc_eng(312): I/<=== nmea_cb line 1470 0x2271bd8
10-07 19:26:45.740 E/LocSvc_adapter(312): I/<--- int32 loc_event_cb(void*, rpc_loc_client_handle_type, rpc_loc_event_mask_type, const rpc_loc_event_payload_u_type*) line 70 RPC_LOC_EVENT_NMEA_1HZ_REPORT
10-07 19:26:45.740 E/LocSvc_eng(312): I/<=== nmea_cb line 1470 0x24bdbc8
10-07 19:26:45.750 E/LocSvc_adapter(312): I/<--- int32 loc_event_cb(void*, rpc_loc_client_handle_type, rpc_loc_event_mask_type, const rpc_loc_event_payload_u_type*) line 70 RPC_LOC_EVENT_SATELLITE_REPORT
10-07 19:26:45.750 E/LocSvc_afw(312): I/<=== sv_status_cb - line 869 29
10-07 19:26:46.360 E/LocSvc_adapter(312): I/<--- int32 loc_event_cb(void*, rpc_loc_client_handle_type, rpc_loc_event_mask_type, const rpc_loc_event_payload_u_type*) line 70 RPC_LOC_EVENT_PARSED_POSITION_REPORT
10-07 19:26:46.710 E/LocSvc_adapter(312): I/<--- int32 loc_event_cb(void*, rpc_loc_client_handle_type, rpc_loc_event_mask_type, const rpc_loc_event_payload_u_type*) line 70 RPC_LOC_EVENT_NMEA_1HZ_REPORT
10-07 19:26:46.710 E/LocSvc_eng(312): I/<=== nmea_cb line 1470 0x242d3b0
10-07 19:26:46.720 E/LocSvc_adapter(312): I/<--- int32 loc_event_cb(void*, rpc_loc_client_handle_type, rpc_loc_event_mask_type, const rpc_loc_event_payload_u_type*) line 70 RPC_LOC_EVENT_NMEA_1HZ_REPORT
10-07 19:26:46.720 E/LocSvc_eng(312): I/<=== nmea_cb line 1470 0x2278778
10-07 19:26:46.730 E/LocSvc_adapter(312): I/<--- int32 loc_event_cb(void*, rpc_loc_client_handle_type, rpc_loc_event_mask_type, const rpc_loc_event_payload_u_type*) line 70 RPC_LOC_EVENT_NMEA_1HZ_REPORT
10-07 19:26:46.730 E/LocSvc_eng(312): I/<=== nmea_cb line 1470 0x2278778
10-07 19:26:46.730 E/LocSvc_adapter(312): I/<--- int32 loc_event_cb(void*, rpc_loc_client_handle_type, rpc_loc_event_mask_type, const rpc_loc_event_payload_u_type*) line 70 RPC_LOC_EVENT_NMEA_1HZ_REPORT
10-07 19:26:46.730 E/LocSvc_eng(312): I/<=== nmea_cb line 1470 0x242d3b0
10-07 19:26:46.730 E/LocSvc_adapter(312): I/<--- int32 loc_event_cb(void*, rpc_loc_client_handle_type, rpc_loc_event_mask_type, const rpc_loc_event_payload_u_type*) line 70 RPC_LOC_EVENT_NMEA_1HZ_REPORT
10-07 19:26:46.730 E/LocSvc_eng(312): I/<=== nmea_cb line 1470 0x2271bd8
10-07 19:26:46.740 E/LocSvc_adapter(312): I/<--- int32 loc_event_cb(void*, rpc_loc_client_handle_type, rpc_loc_event_mask_type, const rpc_loc_event_payload_u_type*) line 70 RPC_LOC_EVENT_NMEA_1HZ_REPORT
10-07 19:26:46.740 E/LocSvc_eng(312): I/<=== nmea_cb line 1470 0x2271bd8
10-07 19:26:46.740 E/LocSvc_adapter(312): I/<--- int32 loc_event_cb(void*, rpc_loc_client_handle_type, rpc_loc_event_mask_type, const rpc_loc_event_payload_u_type*) line 70 RPC_LOC_EVENT_NMEA_1HZ_REPORT
10-07 19:26:46.740 E/LocSvc_eng(312): I/<=== nmea_cb line 1470 0x2271bd8
10-07 19:26:46.740 E/LocSvc_adapter(312): I/<--- int32 loc_event_cb(void*, rpc_loc_client_handle_type, rpc_loc_event_mask_type, const rpc_loc_event_payload_u_type*) line 70 RPC_LOC_EVENT_NMEA_1HZ_REPORT
10-07 19:26:46.740 E/LocSvc_eng(312): I/<=== nmea_cb line 1470 0x24bdbc8
10-07 19:26:46.740 E/LocSvc_adapter(312): I/<--- int32 loc_event_cb(void*, rpc_loc_client_handle_type, rpc_loc_event_mask_type, const rpc_loc_event_payload_u_type*) line 70 RPC_LOC_EVENT_SATELLITE_REPORT
10-07 19:26:46.740 E/LocSvc_afw(312): I/<=== sv_status_cb - line 869 29
10-07 19:26:47.360 E/LocSvc_adapter(312): I/<--- int32 loc_event_cb(void*, rpc_loc_client_handle_type, rpc_loc_event_mask_type, const rpc_loc_event_payload_u_type*) line 70 RPC_LOC_EVENT_PARSED_POSITION_REPORT
10-07 19:26:47.720 E/LocSvc_adapter(312): I/<--- int32 loc_event_cb(void*, rpc_loc_client_handle_type, rpc_loc_event_mask_type, const rpc_loc_event_payload_u_type*) line 70 RPC_LOC_EVENT_NMEA_1HZ_REPORT
10-07 19:26:47.720 E/LocSvc_eng(312): I/<=== nmea_cb line 1470 0x242d3b0
10-07 19:26:47.720 E/LocSvc_adapter(312): I/<--- int32 loc_event_cb(void*, rpc_loc_client_handle_type, rpc_loc_event_mask_type, const rpc_loc_event_payload_u_type*) line 70 RPC_LOC_EVENT_NMEA_1HZ_REPORT
10-07 19:26:47.720 E/LocSvc_eng(312): I/<=== nmea_cb line 1470 0x2278778
10-07 19:26:47.730 E/LocSvc_adapter(312): I/<--- int32 loc_event_cb(void*, rpc_loc_client_handle_type, rpc_loc_event_mask_type, const rpc_loc_event_payload_u_type*) line 70 RPC_LOC_EVENT_NMEA_1HZ_REPORT
10-07 19:26:47.730 E/LocSvc_eng(312): I/<=== nmea_cb line 1470 0x2278778
10-07 19:26:47.730 E/LocSvc_adapter(312): I/<--- int32 loc_event_cb(void*, rpc_loc_client_handle_type, rpc_loc_event_mask_type, const rpc_loc_event_payload_u_type*) line 70 RPC_LOC_EVENT_NMEA_1HZ_REPORT
10-07 19:26:47.730 E/LocSvc_eng(312): I/<=== nmea_cb line 1470 0x242d3b0
10-07 19:26:47.730 E/LocSvc_adapter(312): I/<--- int32 loc_event_cb(void*, rpc_loc_client_handle_type, rpc_loc_event_mask_type, const rpc_loc_event_payload_u_type*) line 70 RPC_LOC_EVENT_NMEA_1HZ_REPORT
10-07 19:26:47.740 E/LocSvc_eng(312): I/<=== nmea_cb line 1470 0x2271bd8
10-07 19:26:47.740 E/LocSvc_adapter(312): I/<--- int32 loc_event_cb(void*, rpc_loc_client_handle_type, rpc_loc_event_mask_type, const rpc_loc_event_payload_u_type*) line 70 RPC_LOC_EVENT_NMEA_1HZ_REPORT
10-07 19:26:47.740 E/LocSvc_eng(312): I/<=== nmea_cb line 1470 0x2271bd8
10-07 19:26:47.750 E/LocSvc_adapter(312): I/<--- int32 loc_event_cb(void*, rpc_loc_client_handle_type, rpc_loc_event_mask_type, const rpc_loc_event_payload_u_type*) line 70 RPC_LOC_EVENT_NMEA_1HZ_REPORT
10-07 19:26:47.750 E/LocSvc_eng(312): I/<=== nmea_cb line 1470 0x2271bd8
10-07 19:26:47.750 E/LocSvc_adapter(312): I/<--- int32 loc_event_cb(void*, rpc_loc_client_handle_type, rpc_loc_event_mask_type, const rpc_loc_event_payload_u_type*) line 70 RPC_LOC_EVENT_NMEA_1HZ_REPORT
10-07 19:26:47.750 E/LocSvc_eng(312): I/<=== nmea_cb line 1470 0x24bdbc8
10-07 19:26:47.760 E/LocSvc_adapter(312): I/<--- int32 loc_event_cb(void*, rpc_loc_client_handle_type, rpc_loc_event_mask_type, const rpc_loc_event_payload_u_type*) line 70 RPC_LOC_EVENT_SATELLITE_REPORT
10-07 19:26:47.760 E/LocSvc_afw(312): I/<=== sv_status_cb - line 869 29
10-07 19:26:48.360 E/LocSvc_adapter(312): I/<--- int32 loc_event_cb(void*, rpc_loc_client_handle_type, rpc_loc_event_mask_type, const rpc_loc_event_payload_u_type*) line 70 RPC_LOC_EVENT_PARSED_POSITION_REPORT
10-07 19:26:48.710 E/LocSvc_adapter(312): I/<--- int32 loc_event_cb(void*, rpc_loc_client_handle_type, rpc_loc_event_mask_type, const rpc_loc_event_payload_u_type*) line 70 RPC_LOC_EVENT_NMEA_1HZ_REPORT
10-07 19:26:48.710 E/LocSvc_eng(312): I/<=== nmea_cb line 1470 0x242d3b0
10-07 19:26:48.710 E/LocSvc_adapter(312): I/<--- int32 loc_event_cb(void*, rpc_loc_client_handle_type, rpc_loc_event_mask_type, const rpc_loc_event_payload_u_type*) line 70 RPC_LOC_EVENT_NMEA_1HZ_REPORT
10-07 19:26:48.720 E/LocSvc_eng(312): I/<=== nmea_cb line 1470 0x2278778
10-07 19:26:48.720 E/LocSvc_adapter(312): I/<--- int32 loc_event_cb(void*, rpc_loc_client_handle_type, rpc_loc_event_mask_type, const rpc_loc_event_payload_u_type*) line 70 RPC_LOC_EVENT_NMEA_1HZ_REPORT
10-07 19:26:48.720 E/LocSvc_eng(312): I/<=== nmea_cb line 1470 0x2278778
10-07 19:26:48.720 E/LocSvc_adapter(312): I/<--- int32 loc_event_cb(void*, rpc_loc_client_handle_type, rpc_loc_event_mask_type, const rpc_loc_event_payload_u_type*) line 70 RPC_LOC_EVENT_NMEA_1HZ_REPORT
10-07 19:26:48.720 E/LocSvc_eng(312): I/<=== nmea_cb line 1470 0x242d3b0
10-07 19:26:48.730 E/LocSvc_adapter(312): I/<--- int32 loc_event_cb(void*, rpc_loc_client_handle_type, rpc_loc_event_mask_type, const rpc_loc_event_payload_u_type*) line 70 RPC_LOC_EVENT_NMEA_1HZ_REPORT
10-07 19:26:48.730 E/LocSvc_eng(312): I/<=== nmea_cb line 1470 0x2271bd8
10-07 19:26:48.730 E/LocSvc_adapter(312): I/<--- int32 loc_event_cb(void*, rpc_loc_client_handle_type, rpc_loc_event_mask_type, const rpc_loc_event_payload_u_type*) line 70 RPC_LOC_EVENT_NMEA_1HZ_REPORT
10-07 19:26:48.730 E/LocSvc_eng(312): I/<=== nmea_cb line 1470 0x2271bd8
10-07 19:26:48.740 E/LocSvc_adapter(312): I/<--- int32 loc_event_cb(void*, rpc_loc_client_handle_type, rpc_loc_event_mask_type, const rpc_loc_event_payload_u_type*) line 70 RPC_LOC_EVENT_NMEA_1HZ_REPORT
10-07 19:26:48.740 E/LocSvc_eng(312): I/<=== nmea_cb line 1470 0x2271bd8
10-07 19:26:48.740 E/LocSvc_adapter(312): I/<--- int32 loc_event_cb(void*, rpc_loc_client_handle_type, rpc_loc_event_mask_type, const rpc_loc_event_payload_u_type*) line 70 RPC_LOC_EVENT_NMEA_1HZ_REPORT
10-07 19:26:48.740 E/LocSvc_eng(312): I/<=== nmea_cb line 1470 0x24bdbc8
10-07 19:26:48.750 E/LocSvc_adapter(312): I/<--- int32 loc_event_cb(void*, rpc_loc_client_handle_type, rpc_loc_event_mask_type, const rpc_loc_event_payload_u_type*) line 70 RPC_LOC_EVENT_SATELLITE_REPORT
10-07 19:26:48.750 E/LocSvc_afw(312): I/<=== sv_status_cb - line 869 29
10-07 19:26:49.360 E/LocSvc_adapter(312): I/<--- int32 loc_event_cb(void*, rpc_loc_client_handle_type, rpc_loc_event_mask_type, const rpc_loc_event_payload_u_type*) line 70 RPC_LOC_EVENT_PARSED_POSITION_REPORT
10-07 19:26:49.720 E/LocSvc_adapter(312): I/<--- int32 loc_event_cb(void*, rpc_loc_client_handle_type, rpc_loc_event_mask_type, const rpc_loc_event_payload_u_type*) line 70 RPC_LOC_EVENT_NMEA_1HZ_REPORT
10-07 19:26:49.720 E/LocSvc_eng(312): I/<=== nmea_cb line 1470 0x242d3b0
10-07 19:26:49.720 E/LocSvc_adapter(312): I/<--- int32 loc_event_cb(void*, rpc_loc_client_handle_type, rpc_loc_event_mask_type, const rpc_loc_event_payload_u_type*) line 70 RPC_LOC_EVENT_NMEA_1HZ_REPORT
10-07 19:26:49.720 E/LocSvc_eng(312): I/<=== nmea_cb line 1470 0x2278778
10-07 19:26:49.730 E/LocSvc_adapter(312): I/<--- int32 loc_event_cb(void*, rpc_loc_client_handle_type, rpc_loc_event_mask_type, const rpc_loc_event_payload_u_type*) line 70 RPC_LOC_EVENT_NMEA_1HZ_REPORT
10-07 19:26:49.730 E/LocSvc_eng(312): I/<=== nmea_cb line 1470 0x2278778
10-07 19:26:49.730 E/LocSvc_adapter(312): I/<--- int32 loc_event_cb(void*, rpc_loc_client_handle_type, rpc_loc_event_mask_type, const rpc_loc_event_payload_u_type*) line 70 RPC_LOC_EVENT_NMEA_1HZ_REPORT
10-07 19:26:49.730 E/LocSvc_eng(312): I/<=== nmea_cb line 1470 0x242d3b0
10-07 19:26:49.740 E/LocSvc_adapter(312): I/<--- int32 loc_event_cb(void*, rpc_loc_client_handle_type, rpc_loc_event_mask_type, const rpc_loc_event_payload_u_type*) line 70 RPC_LOC_EVENT_NMEA_1HZ_REPORT
10-07 19:26:49.740 E/LocSvc_eng(312): I/<=== nmea_cb line 1470 0x2271bd8
10-07 19:26:49.740 E/LocSvc_adapter(312): I/<--- int32 loc_event_cb(void*, rpc_loc_client_handle_type, rpc_loc_event_mask_type, const rpc_loc_event_payload_u_type*) line 70 RPC_LOC_EVENT_NMEA_1HZ_REPORT
10-07 19:26:49.740 E/LocSvc_eng(312): I/<=== nmea_cb line 1470 0x2271bd8
10-07 19:26:49.740 E/LocSvc_adapter(312): I/<--- int32 loc_event_cb(void*, rpc_loc_client_handle_type, rpc_loc_event_mask_type, const rpc_loc_event_payload_u_type*) line 70 RPC_LOC_EVENT_NMEA_1HZ_REPORT
10-07 19:26:49.740 E/LocSvc_eng(312): I/<=== nmea_cb line 1470 0x2271bd8
10-07 19:26:49.740 E/LocSvc_adapter(312): I/<--- int32 loc_event_cb(void*, rpc_loc_client_handle_type, rpc_loc_event_mask_type, const rpc_loc_event_payload_u_type*) line 70 RPC_LOC_EVENT_NMEA_1HZ_REPORT
10-07 19:26:49.740 E/LocSvc_eng(312): I/<=== nmea_cb line 1470 0x24bdbc8
10-07 19:26:49.750 E/LocSvc_adapter(312): I/<--- int32 loc_event_cb(void*, rpc_loc_client_handle_type, rpc_loc_event_mask_type, const rpc_loc_event_payload_u_type*) line 70 RPC_LOC_EVENT_SATELLITE_REPORT
10-07 19:26:49.750 E/LocSvc_afw(312): I/<=== sv_status_cb - line 869 29
10-07 19:26:50.360 E/LocSvc_adapter(312): I/<--- int32 loc_event_cb(void*, rpc_loc_client_handle_type, rpc_loc_event_mask_type, const rpc_loc_event_payload_u_type*) line 70 RPC_LOC_EVENT_PARSED_POSITION_REPORT
10-07 19:26:50.710 E/LocSvc_adapter(312): I/<--- int32 loc_event_cb(void*, rpc_loc_client_handle_type, rpc_loc_event_mask_type, const rpc_loc_event_payload_u_type*) line 70 RPC_LOC_EVENT_NMEA_1HZ_REPORT
10-07 19:26:50.710 E/LocSvc_eng(312): I/<=== nmea_cb line 1470 0x242d3b0
10-07 19:26:50.720 E/LocSvc_adapter(312): I/<--- int32 loc_event_cb(void*, rpc_loc_client_handle_type, rpc_loc_event_mask_type, const rpc_loc_event_payload_u_type*) line 70 RPC_LOC_EVENT_NMEA_1HZ_REPORT
10-07 19:26:50.720 E/LocSvc_eng(312): I/<=== nmea_cb line 1470 0x2278778
10-07 19:26:50.720 E/LocSvc_adapter(312): I/<--- int32 loc_event_cb(void*, rpc_loc_client_handle_type, rpc_loc_event_mask_type, const rpc_loc_event_payload_u_type*) line 70 RPC_LOC_EVENT_NMEA_1HZ_REPORT
10-07 19:26:50.720 E/LocSvc_eng(312): I/<=== nmea_cb line 1470 0x2278778
10-07 19:26:50.730 E/LocSvc_adapter(312): I/<--- int32 loc_event_cb(void*, rpc_loc_client_handle_type, rpc_loc_event_mask_type, const rpc_loc_event_payload_u_type*) line 70 RPC_LOC_EVENT_NMEA_1HZ_REPORT
10-07 19:26:50.730 E/LocSvc_eng(312): I/<=== nmea_cb line 1470 0x242d3b0
10-07 19:26:50.740 E/LocSvc_adapter(312): I/<--- int32 loc_event_cb(void*, rpc_loc_client_handle_type, rpc_loc_event_mask_type, const rpc_loc_event_payload_u_type*) line 70 RPC_LOC_EVENT_NMEA_1HZ_REPORT
10-07 19:26:50.740 E/LocSvc_eng(312): I/<=== nmea_cb line 1470 0x2512ba8
10-07 19:26:50.740 E/LocSvc_adapter(312): I/<--- int32 loc_event_cb(void*, rpc_loc_client_handle_type, rpc_loc_event_mask_type, const rpc_loc_event_payload_u_type*) line 70 RPC_LOC_EVENT_NMEA_1HZ_REPORT
10-07 19:26:50.740 E/LocSvc_eng(312): I/<=== nmea_cb line 1470 0x2512ba8
10-07 19:26:50.750 E/LocSvc_adapter(312): I/<--- int32 loc_event_cb(void*, rpc_loc_client_handle_type, rpc_loc_event_mask_type, const rpc_loc_event_payload_u_type*) line 70 RPC_LOC_EVENT_NMEA_1HZ_REPORT
10-07 19:26:50.750 E/LocSvc_eng(312): I/<=== nmea_cb line 1470 0x2512ba8
10-07 19:26:50.750 E/LocSvc_adapter(312): I/<--- int32 loc_event_cb(void*, rpc_loc_client_handle_type, rpc_loc_event_mask_type, const rpc_loc_event_payload_u_type*) line 70 RPC_LOC_EVENT_NMEA_1HZ_REPORT
10-07 19:26:50.750 E/LocSvc_eng(312): I/<=== nmea_cb line 1470 0x24bdbc8
10-07 19:26:50.760 E/LocSvc_adapter(312): I/<--- int32 loc_event_cb(void*, rpc_loc_client_handle_type, rpc_loc_event_mask_type, const rpc_loc_event_payload_u_type*) line 70 RPC_LOC_EVENT_SATELLITE_REPORT
10-07 19:26:50.760 E/LocSvc_afw(312): I/<=== sv_status_cb - line 869 29
10-07 19:26:51.360 E/LocSvc_adapter(312): I/<--- int32 loc_event_cb(void*, rpc_loc_client_handle_type, rpc_loc_event_mask_type, const rpc_loc_event_payload_u_type*) line 70 RPC_LOC_EVENT_PARSED_POSITION_REPORT
10-07 19:26:51.710 E/LocSvc_adapter(312): I/<--- int32 loc_event_cb(void*, rpc_loc_client_handle_type, rpc_loc_event_mask_type, const rpc_loc_event_payload_u_type*) line 70 RPC_LOC_EVENT_NMEA_1HZ_REPORT
10-07 19:26:51.710 E/LocSvc_eng(312): I/<=== nmea_cb line 1470 0x242d3b0
10-07 19:26:51.720 E/LocSvc_adapter(312): I/<--- int32 loc_event_cb(void*, rpc_loc_client_handle_type, rpc_loc_event_mask_type, const rpc_loc_event_payload_u_type*) line 70 RPC_LOC_EVENT_NMEA_1HZ_REPORT
10-07 19:26:51.720 E/LocSvc_eng(312): I/<=== nmea_cb line 1470 0x2278778
10-07 19:26:51.720 E/LocSvc_adapter(312): I/<--- int32 loc_event_cb(void*, rpc_loc_client_handle_type, rpc_loc_event_mask_type, const rpc_loc_event_payload_u_type*) line 70 RPC_LOC_EVENT_NMEA_1HZ_REPORT
10-07 19:26:51.720 E/LocSvc_eng(312): I/<=== nmea_cb line 1470 0x2278778
10-07 19:26:51.730 E/LocSvc_adapter(312): I/<--- int32 loc_event_cb(void*, rpc_loc_client_handle_type, rpc_loc_event_mask_type, const rpc_loc_event_payload_u_type*) line 70 RPC_LOC_EVENT_NMEA_1HZ_REPORT
10-07 19:26:51.730 E/LocSvc_eng(312): I/<=== nmea_cb line 1470 0x242d3b0
10-07 19:26:51.730 E/LocSvc_adapter(312): I/<--- int32 loc_event_cb(void*, rpc_loc_client_handle_type, rpc_loc_event_mask_type, const rpc_loc_event_payload_u_type*) line 70 RPC_LOC_EVENT_NMEA_1HZ_REPORT
10-07 19:26:51.730 E/LocSvc_eng(312): I/<=== nmea_cb line 1470 0x220ec48
10-07 19:26:51.730 E/LocSvc_adapter(312): I/<--- int32 loc_event_cb(void*, rpc_loc_client_handle_type, rpc_loc_event_mask_type, const rpc_loc_event_payload_u_type*) line 70 RPC_LOC_EVENT_NMEA_1HZ_REPORT
10-07 19:26:51.740 E/LocSvc_eng(312): I/<=== nmea_cb line 1470 0x220ec48
10-07 19:26:51.740 E/LocSvc_adapter(312): I/<--- int32 loc_event_cb(void*, rpc_loc_client_handle_type, rpc_loc_event_mask_type, const rpc_loc_event_payload_u_type*) line 70 RPC_LOC_EVENT_NMEA_1HZ_REPORT
10-07 19:26:51.740 E/LocSvc_eng(312): I/<=== nmea_cb line 1470 0x220ec48
10-07 19:26:51.740 E/LocSvc_adapter(312): I/<--- int32 loc_event_cb(void*, rpc_loc_client_handle_type, rpc_loc_event_mask_type, const rpc_loc_event_payload_u_type*) line 70 RPC_LOC_EVENT_NMEA_1HZ_REPORT
10-07 19:26:51.740 E/LocSvc_eng(312): I/<=== nmea_cb line 1470 0x213d940
10-07 19:26:51.750 E/LocSvc_adapter(312): I/<--- int32 loc_event_cb(void*, rpc_loc_client_handle_type, rpc_loc_event_mask_type, const rpc_loc_event_payload_u_type*) line 70 RPC_LOC_EVENT_SATELLITE_REPORT
10-07 19:26:51.750 E/LocSvc_afw(312): I/<=== sv_status_cb - line 869 29
10-07 19:26:52.360 E/LocSvc_adapter(312): I/<--- int32 loc_event_cb(void*, rpc_loc_client_handle_type, rpc_loc_event_mask_type, const rpc_loc_event_payload_u_type*) line 70 RPC_LOC_EVENT_PARSED_POSITION_REPORT
10-07 19:26:52.720 E/LocSvc_adapter(312): I/<--- int32 loc_event_cb(void*, rpc_loc_client_handle_type, rpc_loc_event_mask_type, const rpc_loc_event_payload_u_type*) line 70 RPC_LOC_EVENT_NMEA_1HZ_REPORT
10-07 19:26:52.720 E/LocSvc_eng(312): I/<=== nmea_cb line 1470 0x242d3b0
10-07 19:26:52.720 E/LocSvc_adapter(312): I/<--- int32 loc_event_cb(void*, rpc_loc_client_handle_type, rpc_loc_event_mask_type, const rpc_loc_event_payload_u_type*) line 70 RPC_LOC_EVENT_NMEA_1HZ_REPORT
10-07 19:26:52.720 E/LocSvc_eng(312): I/<=== nmea_cb line 1470 0x2278778
10-07 19:26:52.720 E/LocSvc_adapter(312): I/<--- int32 loc_event_cb(void*, rpc_loc_client_handle_type, rpc_loc_event_mask_type, const rpc_loc_event_payload_u_type*) line 70 RPC_LOC_EVENT_NMEA_1HZ_REPORT
10-07 19:26:52.720 E/LocSvc_eng(312): I/<=== nmea_cb line 1470 0x2278778
10-07 19:26:52.730 E/LocSvc_adapter(312): I/<--- int32 loc_event_cb(void*, rpc_loc_client_handle_type, rpc_loc_event_mask_type, const rpc_loc_event_payload_u_type*) line 70 RPC_LOC_EVENT_NMEA_1HZ_REPORT
10-07 19:26:52.730 E/LocSvc_eng(312): I/<=== nmea_cb line 1470 0x242d3b0
10-07 19:26:52.740 E/LocSvc_adapter(312): I/<--- int32 loc_event_cb(void*, rpc_loc_client_handle_type, rpc_loc_event_mask_type, const rpc_loc_event_payload_u_type*) line 70 RPC_LOC_EVENT_NMEA_1HZ_REPORT
10-07 19:26:52.740 E/LocSvc_eng(312): I/<=== nmea_cb line 1470 0x245e430
10-07 19:26:52.740 E/LocSvc_adapter(312): I/<--- int32 loc_event_cb(void*, rpc_loc_client_handle_type, rpc_loc_event_mask_type, const rpc_loc_event_payload_u_type*) line 70 RPC_LOC_EVENT_NMEA_1HZ_REPORT
10-07 19:26:52.740 E/LocSvc_eng(312): I/<=== nmea_cb line 1470 0x245e430
10-07 19:26:52.750 E/LocSvc_adapter(312): I/<--- int32 loc_event_cb(void*, rpc_loc_client_handle_type, rpc_loc_event_mask_type, const rpc_loc_event_payload_u_type*) line 70 RPC_LOC_EVENT_NMEA_1HZ_REPORT
10-07 19:26:52.750 E/LocSvc_eng(312): I/<=== nmea_cb line 1470 0x245e430
10-07 19:26:52.750 E/LocSvc_adapter(312): I/<--- int32 loc_event_cb(void*, rpc_loc_client_handle_type, rpc_loc_event_mask_type, const rpc_loc_event_payload_u_type*) line 70 RPC_LOC_EVENT_NMEA_1HZ_REPORT
10-07 19:26:52.750 E/LocSvc_eng(312): I/<=== nmea_cb line 1470 0x2163c90
10-07 19:26:52.750 E/LocSvc_adapter(312): I/<--- int32 loc_event_cb(void*, rpc_loc_client_handle_type, rpc_loc_event_mask_type, const rpc_loc_event_payload_u_type*) line 70 RPC_LOC_EVENT_SATELLITE_REPORT
10-07 19:26:52.750 E/LocSvc_afw(312): I/<=== sv_status_cb - line 869 29
10-07 19:26:53.360 E/LocSvc_adapter(312): I/<--- int32 loc_event_cb(void*, rpc_loc_client_handle_type, rpc_loc_event_mask_type, const rpc_loc_event_payload_u_type*) line 70 RPC_LOC_EVENT_PARSED_POSITION_REPORT
10-07 19:26:53.720 E/LocSvc_adapter(312): I/<--- int32 loc_event_cb(void*, rpc_loc_client_handle_type, rpc_loc_event_mask_type, const rpc_loc_event_payload_u_type*) line 70 RPC_LOC_EVENT_NMEA_1HZ_REPORT
10-07 19:26:53.720 E/LocSvc_eng(312): I/<=== nmea_cb line 1470 0x242d3b0
10-07 19:26:53.720 E/LocSvc_adapter(312): I/<--- int32 loc_event_cb(void*, rpc_loc_client_handle_type, rpc_loc_event_mask_type, const rpc_loc_event_payload_u_type*) line 70 RPC_LOC_EVENT_NMEA_1HZ_REPORT
10-07 19:26:53.720 E/LocSvc_eng(312): I/<=== nmea_cb line 1470 0x2278778
10-07 19:26:53.720 E/LocSvc_adapter(312): I/<--- int32 loc_event_cb(void*, rpc_loc_client_handle_type, rpc_loc_event_mask_type, const rpc_loc_event_payload_u_type*) line 70 RPC_LOC_EVENT_NMEA_1HZ_REPORT
10-07 19:26:53.720 E/LocSvc_eng(312): I/<=== nmea_cb line 1470 0x2278778
10-07 19:26:53.720 E/LocSvc_adapter(312): I/<--- int32 loc_event_cb(void*, rpc_loc_client_handle_type, rpc_loc_event_mask_type, const rpc_loc_event_payload_u_type*) line 70 RPC_LOC_EVENT_NMEA_1HZ_REPORT
10-07 19:26:53.720 E/LocSvc_eng(312): I/<=== nmea_cb line 1470 0x25a34a0
10-07 19:26:53.730 E/LocSvc_adapter(312): I/<--- int32 loc_event_cb(void*, rpc_loc_client_handle_type, rpc_loc_event_mask_type, const rpc_loc_event_payload_u_type*) line 70 RPC_LOC_EVENT_NMEA_1HZ_REPORT
10-07 19:26:53.730 E/LocSvc_eng(312): I/<=== nmea_cb line 1470 0x245e430
10-07 19:26:53.730 E/LocSvc_adapter(312): I/<--- int32 loc_event_cb(void*, rpc_loc_client_handle_type, rpc_loc_event_mask_type, const rpc_loc_event_payload_u_type*) line 70 RPC_LOC_EVENT_NMEA_1HZ_REPORT
10-07 19:26:53.730 E/LocSvc_eng(312): I/<=== nmea_cb line 1470 0x245e430
10-07 19:26:53.730 E/LocSvc_adapter(312): I/<--- int32 loc_event_cb(void*, rpc_loc_client_handle_type, rpc_loc_event_mask_type, const rpc_loc_event_payload_u_type*) line 70 RPC_LOC_EVENT_NMEA_1HZ_REPORT
10-07 19:26:53.730 E/LocSvc_eng(312): I/<=== nmea_cb line 1470 0x245e430
10-07 19:26:53.740 E/LocSvc_adapter(312): I/<--- int32 loc_event_cb(void*, rpc_loc_client_handle_type, rpc_loc_event_mask_type, const rpc_loc_event_payload_u_type*) line 70 RPC_LOC_EVENT_NMEA_1HZ_REPORT
10-07 19:26:53.740 E/LocSvc_eng(312): I/<=== nmea_cb line 1470 0x21bc958
10-07 19:26:53.740 E/LocSvc_adapter(312): I/<--- int32 loc_event_cb(void*, rpc_loc_client_handle_type, rpc_loc_event_mask_type, const rpc_loc_event_payload_u_type*) line 70 RPC_LOC_EVENT_SATELLITE_REPORT
10-07 19:26:53.740 E/LocSvc_afw(312): I/<=== sv_status_cb - line 869 29
10-07 19:26:54.260 D/memalloc(131): ion: Allocated buffer base:0x4253b000 size:245760 fd:41 1000000 0
10-07 19:26:54.260 D/memalloc(4091): ion: Mapped buffer base:0x5e42f000 size:245760 offset:0 fd:190
10-07 19:26:54.280 I/Adreno200-EGLSUB(131): : Android Image
10-07 19:26:54.280 I/Adreno200-EGLSUB(131): : RGBA_8888
10-07 19:26:54.360 E/LocSvc_adapter(312): I/<--- int32 loc_event_cb(void*, rpc_loc_client_handle_type, rpc_loc_event_mask_type, const rpc_loc_event_payload_u_type*) line 70 RPC_LOC_EVENT_PARSED_POSITION_REPORT
10-07 19:26:54.710 E/LocSvc_adapter(312): I/<--- int32 loc_event_cb(void*, rpc_loc_client_handle_type, rpc_loc_event_mask_type, const rpc_loc_event_payload_u_type*) line 70 RPC_LOC_EVENT_NMEA_1HZ_REPORT
10-07 19:26:54.710 E/LocSvc_eng(312): I/<=== nmea_cb line 1470 0x2163be8
10-07 19:26:54.720 E/LocSvc_adapter(312): I/<--- int32 loc_event_cb(void*, rpc_loc_client_handle_type, rpc_loc_event_mask_type, const rpc_loc_event_payload_u_type*) line 70 RPC_LOC_EVENT_NMEA_1HZ_REPORT
10-07 19:26:54.720 E/LocSvc_eng(312): I/<=== nmea_cb line 1470 0x2884c40
10-07 19:26:54.740 E/LocSvc_adapter(312): I/<--- int32 loc_event_cb(void*, rpc_loc_client_handle_type, rpc_loc_event_mask_type, const rpc_loc_event_payload_u_type*) line 70 RPC_LOC_EVENT_NMEA_1HZ_REPORT
10-07 19:26:54.740 E/LocSvc_eng(312): I/<=== nmea_cb line 1470 0x2589760
10-07 19:26:54.740 E/LocSvc_adapter(312): I/<--- int32 loc_event_cb(void*, rpc_loc_client_handle_type, rpc_loc_event_mask_type, const rpc_loc_event_payload_u_type*) line 70 RPC_LOC_EVENT_NMEA_1HZ_REPORT
10-07 19:26:54.740 E/LocSvc_eng(312): I/<=== nmea_cb line 1470 0x2163be8
10-07 19:26:54.750 E/LocSvc_adapter(312): I/<--- int32 loc_event_cb(void*, rpc_loc_client_handle_type, rpc_loc_event_mask_type, const rpc_loc_event_payload_u_type*) line 70 RPC_LOC_EVENT_NMEA_1HZ_REPORT
10-07 19:26:54.750 E/LocSvc_eng(312): I/<=== nmea_cb line 1470 0x2873468
